I/DEBUG ( 1316): 5080596c 0000003d
I/DEBUG ( 1316): 50805970 40073b04
I/DEBUG ( 1316): 50805974 2a27e5c0 [heap]
I/DEBUG ( 1316): 50805978 df0027ad
I/DEBUG ( 1316): 5080597c 00000000
I/DEBUG ( 1316): #00 50805980 37326132
I/DEBUG ( 1316): 50805984 30633565
I/DEBUG ( 1316): 50805988 00000000
I/DEBUG ( 1316): 5080598c 20404040
I/DEBUG ( 1316): 50805990 524f4241
I/DEBUG ( 1316): 50805994 474e4954 /dev/ashmem/dalvik-mark-stack (deleted)
I/DEBUG ( 1316): 50805998 4e49203a
I/DEBUG ( 1316): 5080599c 494c4156 /data/dalvik-cache/system@framework@framework.jar@classes.dex
I/DEBUG ( 1316): 508059a0 45482044 /dev/ashmem/dalvik-heap (deleted)
I/DEBUG ( 1316): 508059a4 41205041 /dev/ashmem/dalvik-heap (deleted)
I/DEBUG ( 1316): 508059a8 45524444 /dev/ashmem/dalvik-heap (deleted)
I/DEBUG ( 1316): 508059ac 49205353 /data/dalvik-cache/system@framework@framework.jar@classes.dex
I/DEBUG ( 1316): 508059b0 6c64204e
I/DEBUG ( 1316): 508059b4 65657266
I/DEBUG ( 1316): 508059b8 64646120
I/DEBUG ( 1316): 508059bc 78303d72
I/DEBUG ( 1316): ........ ........
I/DEBUG ( 1316): #01 50805aa8 4003f615 /system/lib/libc.so (dlfree)
I/DEBUG ( 1316): 50805aac 40073b04
I/DEBUG ( 1316): 50805ab0 ffffffff
I/DEBUG ( 1316): 50805ab4 00000000
I/DEBUG ( 1316): 50805ab8 00000001
I/DEBUG ( 1316): 50805abc 00000007
I/DEBUG ( 1316): 50805ac0 50705ed0
I/DEBUG ( 1316): 50805ac4 40040e21 /system/lib/libc.so (free+12)
I/DEBUG ( 1316): #02 50805ac8 3d7858d4
I/DEBUG ( 1316): 50805acc 40429437 /system/lib/libhardware_legacy.so (phy_lookup+82)
I/DEBUG ( 1316):
I/DEBUG ( 1316): memory near r1:
I/DEBUG ( 1316): 50805938 40064043 5080598c 00000001 4006405f C@.@.Y.P...._@.@
I/DEBUG ( 1316): 50805948 2a27e5c8 400520d7 00000027 00000007 ..'*. .@'.......
I/DEBUG ( 1316): 50805958 50805954 00000001 40064043 00000005 TY.P....C@.@....
I/DEBUG ( 1316): 50805968 5080598c 0000003d 40073b04 2a27e5c0 .Y.P=....;.@..'*
I/DEBUG ( 1316): 50805978 df0027ad 00000000 37326132 30633565 .'......2a27e5c0
I/DEBUG ( 1316):
I/DEBUG ( 1316): memory near r4:
I/DEBUG ( 1316): 40073ae4 00000000 00000000 00000000 00000000 ................
I/DEBUG ( 1316): 40073af4 00000000 00000000 00000000 00000000 ................
I/DEBUG ( 1316): 40073b04 3d7858d4 00000000 00000000 00000000 .Xx=............
I/DEBUG ( 1316): 40073b14 00000000 00000000 00000000 00000000 ................
I/DEBUG ( 1316): 40073b24 00000000 00000000 00000000 00000000 ................
I/DEBUG ( 1316):
I/DEBUG ( 1316): memory near r5:
I/DEBUG ( 1316): 2a27e5a0 00000007 00000004 2a27e948 0000000b ........H.'*....
I/DEBUG ( 1316): 2a27e5b0 00000000 00000021 2a27e9c8 40073544 ....!.....'*D5.@
I/DEBUG ( 1316): 2a27e5c0 63614d65 656e6968 303a3900 39333a33 eMachine.9:03:39
I/DEBUG ( 1316): 2a27e5d0 00000020 00000032 2a27dd50 2a27ddd0 ...2...P.'*..'*
I/DEBUG ( 1316): 2a27e5e0 000000cf 4ac8fd38 4ac8fd48 401f4150 ....8..JH..JPA.@
I/DEBUG ( 1316):
I/DEBUG ( 1316): memory near r6:
I/DEBUG ( 1316): 50805960 40064043 00000005 5080598c 0000003d C@.@.....Y.P=...
I/DEBUG ( 1316): 50805970 40073b04 2a27e5c0 df0027ad 00000000 .;.@..'*.'......
I/DEBUG ( 1316): 50805980 37326132 30633565 00000000 20404040 2a27e5c0....@@@
I/DEBUG ( 1316): 50805990 524f4241 474e4954 4e49203a 494c4156 ABORTING: INVALI
I/DEBUG ( 1316): 508059a0 45482044 41205041 45524444 49205353 D HEAP ADDRESS I
I/DEBUG ( 1316):
I/DEBUG ( 1316): memory near r7:
I/DEBUG ( 1316): 4006403c 3d726464 6c007830 00636269 50414548 ddr=0x.libc.HEAP
I/DEBUG ( 1316): 4006404c 4d454d20 2059524f 52524f43 49545055 MEMORY CORRUPTI
I/DEBUG ( 1316): 4006405c 49004e4f 4c41564e 48204449 20504145 ON.INVALID HEAP
I/DEBUG ( 1316): 4006406c 52444441 00535345 2078616d 74737973 ADDRESS.max syst
I/DEBUG ( 1316): 4006407c 62206d65 73657479 25203d20 756c3031 em bytes = %10lu
I/DEBUG ( 1316):
I/DEBUG ( 1316): memory near r8:
I/DEBUG ( 1316): 2a27e5a8 2a27e948 0000000b 00000000 00000021 H.'*........!...
I/DEBUG ( 1316): 2a27e5b8 2a27e9c8 40073544 63614d65 656e6968 ..'*D5.@eMachine
I/DEBUG ( 1316): 2a27e5c8 303a3900 39333a33 00000020 00000032 .9:03:39 ...2...
I/DEBUG ( 1316): 2a27e5d8 2a27dd50 2a27ddd0 000000cf 4ac8fd38 P.'*..'*....8..J
I/DEBUG ( 1316): 2a27e5e8 4ac8fd48 401f4150 2a280e78 00000008 H..JPA.@x.(*....
I/DEBUG ( 1316):
I/DEBUG ( 1316): memory near r9:
I/DEBUG ( 1316): 50705eb0 4118d4c8 40fe4ab8 50705ee8 50705ee8 ...A.J.@.^pP.^pP
I/DEBUG ( 1316): 50705ec0 48f1bd9c 47634e40 00000000 00000000 ...H@NcG........
I/DEBUG ( 1316): 50705ed0 00000001 50705f28 49161938 478e4058 ....(_pP8..IX@.G
I/DEBUG ( 1316): 50705ee0 48f1bd9c 00000000 478b2f90 40fe4810 ...H...../.G.H.@
I/DEBUG ( 1316): 50705ef0 00000000 00000000 00000001 00000001 ................
I/DEBUG ( 1316):
I/DEBUG ( 1316): memory near sl:
I/DEBUG ( 1316): 40073ae4 00000000 00000000 00000000 00000000 ................
I/DEBUG ( 1316): 40073af4 00000000 00000000 00000000 00000000 ................
I/DEBUG ( 1316): 40073b04 3d7858d4 00000000 00000000 00000000 .Xx=............
I/DEBUG ( 1316): 40073b14 00000000 00000000 00000000 00000000 ................
I/DEBUG ( 1316): 40073b24 00000000 00000000 00000000 00000000 ................
I/DEBUG ( 1316):
I/DEBUG ( 1316): memory near fp:
I/DEBUG ( 1316): 50805c74 40174aad 50705f28 4074a0b4 50705ed0 .J.@(_pP..t@.^pP
I/DEBUG ( 1316): 50805c84 00000001 40ae27d8 00000008 00000000 .....'.@........
I/DEBUG ( 1316): 50805c94 407790d3 50705ed0 492da460 40174aa5 ..w@.^pP`.-I.J.@
I/DEBUG ( 1316): 50805ca4 2a271560 25600001 00000000 00000001 `.'*..`%........
I/DEBUG ( 1316): 50805cb4 40073b04 40fe48b8 40fe48b8 2a2718bc .;.@.H.@.H.@..'*
I/DEBUG ( 1316):
I/DEBUG ( 1316): memory near sp:
I/DEBUG ( 1316): 50805960 40064043 00000005 5080598c 0000003d C@.@.....Y.P=...
I/DEBUG ( 1316): 50805970 40073b04 2a27e5c0 df0027ad 00000000 .;.@..'*.'......
I/DEBUG ( 1316): 50805980 37326132 30633565 00000000 20404040 2a27e5c0....@@@
I/DEBUG ( 1316): 50805990 524f4241 474e4954 4e49203a 494c4156 ABORTING: INVALI
I/DEBUG ( 1316): 508059a0 45482044 41205041 45524444 49205353 D HEAP ADDRESS I
I/DEBUG ( 1316):
I/DEBUG ( 1316): code around pc:
I/DEBUG ( 1316): 4003d874 f00f4479 a803f8a7 f44f4669 f00f7280 yD......iFO..r..
I/DEBUG ( 1316): 4003d884 490df8a1 aa032007 f0144479 4b05fbf9 ...I. ..yD.....K
I/DEBUG ( 1316): 4003d894 9a43601d 428a6821 f003d001 b045fbaf .`C.!h.B......E.
I/DEBUG ( 1316): 4003d8a4 bf00bdf0 deadbaad 00030ca0 00026814 .............h..
I/DEBUG ( 1316): 4003d8b4 000267fd 000267c2 000267b3 4c19b538 .g...g...g..8..L
I/DEBUG ( 1316):
I/DEBUG ( 1316): code around lr:
I/DEBUG ( 1316): 4005204c 0001c7e2 00028a4c b5704b0a 240c447b ....L....Kp.{D.$
I/DEBUG ( 1316): 4005205c fb04460d 22033400 46296860 edc2f7e4 .F...4."`h)F....
I/DEBUG ( 1316): 4005206c 46061c43 f7ebd104 6800fbbf d0f22804 C..F.......h.(..
I/DEBUG ( 1316): 4005207c bd704630 0001c7a0 b088b570 4615460c 0Fp.....p....F.F
I/DEBUG ( 1316): 4005208c b9099001 447c4c12 46204912 f7e64479 .....L|D.I FyD..
I/DEBUG ( 1316):
I/DEBUG ( 1316): memory map around fault addr deadbaad:
I/DEBUG ( 1316): bebe0000-bebf4000 [stack]
I/DEBUG ( 1316): (no map for address)
I/DEBUG ( 1316): (no map above)
I/ServiceManager( 1312): service 'dbinfo' died
I/ServiceManager( 1312): service 'power' died
I/ServiceManager( 1312): service 'entropy' died
I/ServiceManager( 1312): service 'batteryinfo' died
I/ServiceManager( 1312): service 'package' died
I/ServiceManager( 1312): service 'activity' died
I/ServiceManager( 1312): service 'content' died
I/ServiceManager( 1312): service 'gfxinfo' died
I/ServiceManager( 1312): service 'cpuinfo' died
I/ServiceManager( 1312): service 'meminfo' died
I/ServiceManager( 1312): service 'permission' died
I/ServiceManager( 1312): service 'usagestats' died
I/ServiceManager( 1312): service 'scheduling_policy' died
I/ServiceManager( 1312): service 'sensorservice' died
I/ServiceManager( 1312): service 'account' died
I/ServiceManager( 1312): service 'telephony.registry' died
I/ServiceManager( 1312): service 'clipboard' died
I/ServiceManager( 1312): service 'bluetooth' died
I/ServiceManager( 1312): service 'window' died
I/ServiceManager( 1312): service 'input' died
I/ServiceManager( 1312): service 'alarm' died
I/ServiceManager( 1312): service 'device_policy' died
I/ServiceManager( 1312): service 'vibrator' died
I/ServiceManager( 1312): service 'connectivity' died
I/ServiceManager( 1312): service 'lock_settings' died
I/ServiceManager( 1312): service 'hardware' died
I/ServiceManager( 1312): service 'battery' died
I/ServiceManager( 1312): service 'mount' died
I/ServiceManager( 1312): service 'statusbar' died
I/ServiceManager( 1312): service 'bluetooth_a2dp' died
I/ServiceManager( 1312): service 'input_method' died
I/ServiceManager( 1312): service 'accessibility' died
I/ServiceManager( 1312): service 'network_management' died
I/ServiceManager( 1312): service 'netstats' died
I/ServiceManager( 1312): service 'textservices' died
I/ServiceManager( 1312): service 'netpolicy' died
I/ServiceManager( 1312): service 'wifip2p' died
I/ServiceManager( 1312): service 'servicediscovery' died
I/ServiceManager( 1312): service 'throttle' died
I/ServiceManager( 1312): service 'fm_receiver' died
I/ServiceManager( 1312): service 'fm_transmitter' died
I/ServiceManager( 1312): service 'updatelock' died
I/ServiceManager( 1312): service 'wifi' died
E/installd( 1323): eof
E/installd( 1323): failed to read size
I/installd( 1323): closing connection
D/Zygote ( 5972): Process 6105 terminated by signal (11)
I/Zygote ( 5972): Exit zygote because system server (6105) has terminated
I/ServiceManager( 1312): service 'media.audio_flinger' died
I/ServiceManager( 1312): service 'media.player' died
I/ServiceManager( 1312): service 'media.camera' died
I/ServiceManager( 1312): service 'media.audio_policy' died
I/Netd ( 6190): Netd 1.0 starting
D/AndroidRuntime( 6189):
D/AndroidRuntime( 6189): >>>>>> AndroidRuntime START com.android.internal.os.ZygoteInit <<<<<<
D/AndroidRuntime( 6189): CheckJNI is OFF
D/dalvikvm( 6189): Trying to load lib libjavacore.so 0x0
D/dalvikvm( 6189): Added shared lib libjavacore.so 0x0
D/dalvikvm( 6189): Trying to load lib libnativehelper.so 0x0
D/dalvikvm( 6189): Added shared lib libnativehelper.so 0x0
I/mediaserver( 6191): ServiceManager: 0x2a008ce0
I/AudioFlinger( 6191): Using default 3000 mSec as standby time.
I/CameraService( 6191): CameraService started (pid=6191)
I/AudioPolicyManagerBase( 6191): loadAudioPolicyConfig() loaded /system/etc/audio_policy.conf
D/AudioHardwareMot( 6191): mixer fd = 9
D/AudioMgrIPC( 6191): Inside am_aipcm_init
D/AudioMgrIPC( 6191): am_aipcm_init: mux_txrx_fd = a
D/AudioMgrIPC( 6191): Read thread spawned
D/AudioPostProcessor( 6191): AudioPostProcessor()
D/AudioPostProcessor( 6191): Could not load beamformer parameters. Feature Disabled.
D/AudioPostProcessor( 6191): No debug parameters in /data; checking ro.product.locale.region
D/AudioPostProcessor( 6191): ro.product.locale.region value = US
D/AudioPostProcessor( 6191): /system/bin/ap_gain.bin file size is 50371
D/AudioPostProcessor( 6191): Read format version 0x608, content version 0x611 from /system/bin/ap_gain.bin
D/AudioPostProcessor( 6191): Successfully parsed parameters from /system/bin/ap_gain.bin
D/AudioMsgHandler( 6191): The new thread spawned successfully
D/AudioHardwareMot( 6191): This is not a Begonia; ignoring ro.audio_disable_primary_mic
I/AudioFlinger( 6191): loadHwModule() Loaded primary audio interface from LEGACY Audio HW HAL (audio) handle 1
D/AudioHardwareMot( 6191): AudioHardwareMot::openOutputStream enter
D/AudioHardwareMot( 6191): AudioStreamOutMot::set(0x2a009998, 2, 1, c 44100)
D/AudioHardwareMot( 6191): Output bufSize from kernel = 8192
I/AudioFlinger( 6191): HAL output buffer size 2048 frames, normal mix buffer size 2048 frames
D/AudioMsgHandler( 6191): server_fd = 12
D/AudioMgrIPC( 6191): am_aipcm_read_thread called
D/AudioMgrIPC( 6191): Setting Select ipc_fd
I/AudioMixer( 6191): found effect "Multichannel Downmix To Stereo" from The Android Open Source Project
D/AudioHardwareMot( 6191): Output bufSize from kernel = 8192
I/AudioFlinger( 6191): AudioFlinger's thread 0x2a00a798 ready to run
D/AudioHardwareMot( 6191): Output bufSize from kernel = 8192
W/AudioFlinger( 6191): Thread AudioOut_2 cannot connect to the power manager service
D/AudioHardwareMot( 6191): AudioStreamOutMot::standby called
D/AudioMgrIPC( 6191): am_aipcm_playback_mix_req() called with command = 2, mode = 1
D/AudioHardwareMot( 6191): Output bufSize from kernel = 8192
I/AudioFlinger( 6191): Using module 1 has the primary audio interface
D/AudioHardwareMot( 6191): setMode(NORMAL)
W/AudioFlinger( 6191): Thread AudioOut_2 cannot connect to the power manager service
D/AudioHardwareMot( 6191): AudioStreamOutMot::setParameters() routing=2
D/AudioHardwareMot( 6191): doRouting devs: stereo 0, mono 0, input 0. Chose speaker None (gain 0xb) mic None (gain 0x1c1c)
D/AudioHardwareMot( 6191): setVoiceVolume(0.000000) Setting in-call volume to 0 (available range is 0 to 7)
D/AudioMgrIPC( 6191): am_aipcm_set_volume_req() called with vol_level = 0, vol_type = 2
D/AudioMgrIPC( 6191): Message sent for message id 3
D/AudioMgrIPC( 6191): ID 0x8000, Tag 0x8100: Ack received for message with id = 3
I/AudioFlinger( 6191): loadHwModule() Loaded a2dp audio interface from A2DP Audio HW HAL (audio) handle 3
I/AudioPolicyService( 6191): Loaded audio policy from LEGACY Audio Policy HAL (audio_policy)
E/BandwidthController( 6190): runIptablesCmd(): failed /system/bin/iptables -N penalty_box res=256
I/SamplingProfilerIntegration( 6189): Profiling disabled.
E/BandwidthController( 6190): runIptablesCmd(): failed /system/bin/ip6tables -N penalty_box res=256
I/Zygote ( 6189): Preloading classes...
D/dalvikvm( 6189): GC_EXPLICIT freed 36K, 84% free 419K/2560K, paused 1ms+1ms, total 15ms
W/Zygote ( 6189): Class not found for preloading: android.animation.ValueAnimator$2
W/Zygote ( 6189): Class not found for preloading: android.animation.ValueAnimator$3
W/Zygote ( 6189): Class not found for preloading: android.animation.ValueAnimator$4
W/Zygote ( 6189): Class not found for preloading: android.animation.ValueAnimator$5
W/Zygote ( 6189): Class not found for preloading: android.content.res.Resources$1
W/Zygote ( 6189): Class not found for preloading: android.database.sqlite.SQLiteCompiledSql
W/Zygote ( 6189): Class not found for preloading: android.database.sqlite.SQLiteDatabase$DatabaseReentrantLock
D/TextLayoutCache( 6189): Using debug level = 0 - Debug Enabled = 0
E/Netd ( 6190): Unable to bind netlink socket: No such file or directory
E/Netd ( 6190): Unable to open quota2 logging socket
D/MDnsDS ( 6190): MDnsSdListener::Hander starting up
D/MDnsDS ( 6190): MDnsSdListener starting to monitor
D/MDnsDS ( 6190): Going to poll with pollCount 1
I/dalvikvm( 6189): threadid=1: recursive native library load attempt (/system/lib/libmedia_jni.so)
D/MtpDeviceJNI( 6189): register_android_mtp_MtpDevice
I/dalvikvm( 6189): threadid=1: recursive native library load attempt (/system/lib/libmedia_jni.so)
I/dalvikvm( 6189): threadid=1: recursive native library load attempt (/system/lib/libmedia_jni.so)
W/Zygote ( 6189): Class not found for preloading: android.media.IRemoteControlClientDispatcher
W/Zygote ( 6189): Class not found for preloading: android.media.IRemoteControlClientDispatcher$Stub
W/Zygote ( 6189): Class not found for preloading: android.os.Power
W/Zygote ( 6189): Class not found for preloading: android.text.TextDirectionHeuristics$CharCount
W/Zygote ( 6189): Class not found for preloading: android.text.method.WordIterator$1
W/Zygote ( 6189): Class not found for preloading: android.view.InputHandler
W/Zygote ( 6189): Class not found for preloading: android.view.InputQueue$FinishedCallback
W/Zygote ( 6189): Class not found for preloading: android.view.ViewRootImpl$3
I/dalvikvm( 6189): threadid=1: recursive native library load attempt (/system/lib/libwebcore.so)
D/dalvikvm( 6189): No JNI_OnLoad found in /system/lib/libchromium_net.so 0x0, skipping init
D/dalvikvm( 6189): GC_FOR_ALLOC freed 637K, 37% free 1625K/2560K, paused 20ms, total 20ms
W/Zygote ( 6189): Class not found for preloading: android.widget.EdgeGlow
W/Zygote ( 6189): Class not found for preloading: android.widget.TextView$Blink
W/Zygote ( 6189): Class not found for preloading: android.widget.TextView$EasyEditSpanController
W/Zygote ( 6189): Class not found for preloading: android.widget.TextView$InputContentType
W/Zygote ( 6189): Class not found for preloading: android.widget.TextView$InputMethodState
W/Zygote ( 6189): Class not found for preloading: android.widget.TextView$TextAlign
E/PhonePolicy( 6189): Could not preload class for phone policy: com.android.internal.policy.impl.PhoneWindow$ContextMenuCallback
W/Zygote ( 6189): Class not found for preloading: java.text.DecimalFormat$1
I/System ( 6189): Loaded time zone names for in 222ms (217ms in ICU)
I/System ( 6189): Loaded time zone names for en_US in 170ms (164ms in ICU)
I/System ( 6189): Loaded time zone names for de_DE in 184ms (179ms in ICU)
I/Zygote ( 6189): ...preloaded 2281 classes in 1817ms.
D/dalvikvm( 6189): GC_EXPLICIT freed 1055K, 33% free 2205K/3267K, paused 3ms+2ms, total 31ms
I/Zygote ( 6189): Preload resources disabled, skipped.
D/dalvikvm( 6189): GC_EXPLICIT freed 9K, 33% free 2196K/3267K, paused 2ms+2ms, total 28ms
D/dalvikvm( 6189): GC_EXPLICIT freed <1K, 33% free 2196K/3267K, paused 2ms+4ms, total 26ms
D/dalvikvm( 6189): GC_EXPLICIT freed <1K, 33% free 2196K/3267K, paused 2ms+2ms, total 24ms
I/dalvikvm( 6189): System server process 6320 has been created
I/Zygote ( 6189): Accepting command socket connections
I/sysproc ( 6320): Entered system_init()
I/sysproc ( 6320): ServiceManager: 0x2a107d70
D/SensorService( 6320): nuSensorService starting...
I/SensorService( 6320): KXTF9 3-axis Accelerometer
I/SensorService( 6320): AK8973 3-axis Orientation Sensor
I/SensorService( 6320): AK8973 3-axis Magnetic Field Sensor
I/SensorService( 6320): AK8973 Temperature Sensor
I/SensorService( 6320): ISL29030 Proximity Sensor
I/SensorService( 6320): ISL29030 Light Sensor
I/sysproc ( 6320): System server: starting Android runtime.
I/sysproc ( 6320): System server: starting Android services.
I/sysproc ( 6320): System server: entering thread pool.
D/SensorService( 6320): nuSensorService thread starting...
I/SystemServer( 6320): Entered the Android system server!
I/SystemServer( 6320): Entropy Mixer
I/SystemServer( 6320): Power Manager
I/SystemServer( 6320): Activity Manager
I/ActivityManager( 6320): Memory class: 78
I/SystemServer( 6320): Telephony Registry
I/SystemServer( 6320): Scheduling Policy
I/SystemServer( 6320): Package Manager
W/PackageParser( 6320): No actions in intent filter at /system/app/Bluetooth.apk Binary XML file line #167
W/PackageParser( 6320): No actions in intent filter at /system/app/Bluetooth.apk Binary XML file line #191
W/PackageParser( 6320): No actions in intent filter at /system/app/CMFileManager.apk Binary XML file line #127
W/PackageParser( 6320): No actions in intent filter at /system/app/Contacts.apk Binary XML file line #546
W/PackageParser( 6320): No actions in intent filter at /system/app/DeskClock.apk Binary XML file line #150
W/PackageParser( 6320): No actions in intent filter at /system/app/DeskClock.apk Binary XML file line #159
I/PackageManager( 6320): Package com.android.vending at /system/app/Phonesky.apk ignored: updated version 8016014 better than this 8015016
D/PackageManager( 6320): No files in app dir /vendor/app
I/installd( 1323): new connection
I/Installer( 6320): connecting...
W/PackageParser( 6320): Unknown element under : meta-data at /data/app/com.thomassafca.theme.motoblur.free-1.apk Binary XML file line #8
W/PackageParser( 6320): Unknown element under : uses-library at /data/app/jp.gr.java_conf.taketake.KyusokuHouden-1.apk Binary XML file line #7
D/dalvikvm( 6320): GC_CONCURRENT freed 2239K, 40% free 5086K/8455K, paused 5ms+33ms, total 141ms
W/PackageManager( 6320): Package com.shazam.android desires unavailable shared library com.lge.real3d; ignoring!
W/ResourceType( 6320): Failure getting entry for 0x7f0f0045 (t=14 e=69) in package 0 (error -75)
I/PackageManager( 6320): /data/app/com.android.vending-1.apk changed; collecting certs
D/dalvikvm( 6320): GC_FOR_ALLOC freed 985K, 41% free 5022K/8455K, paused 53ms, total 54ms
I/dalvikvm-heap( 6320): Grow heap (frag case) to 13.269MB for 129040-byte allocation
D/dalvikvm( 6320): GC_CONCURRENT freed 1113K, 37% free 6010K/9415K, paused 4ms+19ms, total 127ms
W/PackageManager( 6320): Application package com.android.vending already installed. Skipping duplicate.
I/PackageManager( 6320): Time to scan packages: 5.772 seconds
W/PackageManager( 6320): Unknown permission android.permission.ADD_SYSTEM_SERVICE in package com.android.phone
W/PackageManager( 6320): Unknown permission com.android.vending.billing.IBillingAccountService.BIND2 in package com.google.android.gsf.login
W/PackageManager( 6320): Unknown permission com.android.chrome.TOS_ACKED in package com.google.android.gsf.login
W/PackageManager( 6320): Not granting permission android.permission.SEND_DOWNLOAD_COMPLETED_INTENTS to package com.android.browser (protectionLevel=2 flags=0x9be45)
W/PackageManager( 6320): Not granting permission android.permission.READ_LOGS to package com.opera.browser (protectionLevel=50 flags=0x8be44)
W/PackageManager( 6320): Unknown permission com.opera.GET_BRANDING in package com.opera.browser
W/PackageManager( 6320): Unknown permission android.permission.INTERACT_ACROSS_USERS in package com.google.android.gms
W/PackageManager( 6320): Not granting permission com.google.android.c2dm.permission.RECEIVE to package com.google.android.apps.currents because it was previously installed without
W/PackageManager( 6320): Not granting permission com.google.android.providers.gsf.permission.READ_GSERVICES to package com.google.android.apps.currents because it was previously installed without
W/PackageManager( 6320): Unknown permission android.permission.READ_OWNER_DATA in package com.google.android.setupwizard
W/PackageManager( 6320): Unknown permission android.permission.WRITE_OWNER_DATA in package com.google.android.setupwizard
W/PackageManager( 6320): Not granting permission com.google.android.c2dm.permission.RECEIVE to package com.dropbox.android because it was previously installed without
W/PackageManager( 6320): Unknown permission com.facebook.orca.provider.ACCESS in package com.facebook.katana
W/PackageManager( 6320): Unknown permission com.sec.android.app.launcher.READ_SETTINGS in package com.facebook.katana
W/PackageManager( 6320): Unknown permission com.sec.android.app.twlauncher.READ_SETTINGS in package com.facebook.katana
W/PackageManager( 6320): Unknown permission com.htc.launcher.permission.READ_SETTINGS in package com.facebook.katana
W/PackageManager( 6320): Unknown permission com.google.android.voicesearch.SHORTCUTS_ACCESS in package com.google.android.googlequicksearchbox
W/PackageManager( 6320): Unknown permission com.google.android.apps.googlevoice.permission.AUTO_SEND in package com.google.android.googlequicksearchbox
W/PackageManager( 6320): Unknown permission com.google.android.gm.permission.AUTO_SEND in package com.google.android.googlequicksearchbox
W/PackageManager( 6320): Not granting permission android.permission.SET_PREFERRED_APPLICATIONS to package com.teslacoilsw.homesmack (protectionLevel=2 flags=0x8be44)
W/PackageManager( 6320): Unknown permission com.motorola.android.permission.FMRADIO in package com.motorola.android.fmradio
W/PackageManager( 6320): Not granting permission com.google.android.googleapps.permission.GOOGLE_AUTH to package com.google.android.apps.maps because it was previously installed without
W/PackageManager( 6320): Not granting permission com.google.android.googleapps.permission.GOOGLE_AUTH.local to package com.google.android.apps.maps because it was previously installed without
W/PackageManager( 6320): Unknown permission com.android.providers.im.permission.READ_ONLY in package com.google.android.apps.maps
W/PackageManager( 6320): Not granting permission com.google.android.providers.gsf.permission.READ_GSERVICES to package com.google.android.apps.maps because it was previously installed without
W/PackageManager( 6320): Not granting permission com.google.android.c2dm.permission.RECEIVE to package com.google.android.apps.maps because it was previously installed without
W/PackageManager( 6320): Not granting permission com.google.android.c2dm.permission.RECEIVE to package com.wunderkinder.wunderlistandroid because it was previously installed without
W/PackageManager( 6320): Not granting permission com.google.android.c2dm.permission.RECEIVE to package com.shazam.android because it was previously installed without
W/PackageManager( 6320): Unknown permission com.shazam.android.preloadinfo.provider.ACCESS_DATA in package com.shazam.android
W/PackageManager( 6320): Unknown permission com.google.android.gm.permission.READ_GMAIL in package com.google.android.talk
W/PackageManager( 6320): Not granting permission com.google.android.c2dm.permission.RECEIVE to package com.whatsapp because it was previously installed without
W/PackageManager( 6320): Unknown permission com.cyanogenmod.filemanager.permissions.READ_THEME in package com.cyanogenmod.filemanager
W/PackageManager( 6320): Unknown permission com.motorola.blur.contacts.permission.SOCIAL_CONTACT_READ in package com.motorola.android.motophoneportal.androidui
W/PackageManager( 6320): Unknown permission com.motorola.blur.contacts.permission.SOCIAL_CONTACT_WRITE in package com.motorola.android.motophoneportal.androidui
W/PackageManager( 6320): Unknown permission com.motorola.blur.setupprovider.Permissions.ACCESS_ACCOUNTS in package com.motorola.android.motophoneportal.androidui
W/PackageManager( 6320): Not granting permission android.permission.SEND_DOWNLOAD_COMPLETED_INTENTS to package com.android.vending (protectionLevel=2 flags=0xabec5)
W/PackageManager( 6320): Unknown permission android.permission.MANAGE_USERS in package com.android.vending
W/PackageManager( 6320): Unknown permission android.permission.INTERACT_ACROSS_USERS in package com.android.vending
W/PackageManager( 6320): Unknown permission android.permission.ACCESS_4G_RADIO_DISABLE in package com.android.systemui
W/PackageManager( 6320): Unknown permission android.permission.ACCESS_4G_STATE in package com.android.systemui
W/PackageManager( 6320): Unknown permission android.permission.CHANGE_4G_STATE in package com.android.systemui
W/PackageManager( 6320): Unknown permission android.permission.ACCESS_SUPERUSER in package com.estrongs.android.pop
W/PackageManager( 6320): Unknown permission .PERMISSION in package com.estrongs.android.pop
W/PackageManager( 6320): Not granting permission com.google.android.providers.gsf.permission.READ_GSERVICES to package com.google.android.youtube because it was previously installed without
W/PackageManager( 6320): Not granting permission com.google.android.googleapps.permission.GOOGLE_AUTH to package com.google.android.youtube because it was previously installed without
W/PackageManager( 6320): Not granting permission com.google.android.googleapps.permission.GOOGLE_AUTH.youtube to package com.google.android.youtube because it was previously installed without
W/PackageManager( 6320): Not granting permission com.google.android.googleapps.permission.GOOGLE_AUTH.YouTubeUser to package com.google.android.youtube because it was previously installed without
W/PackageManager( 6320): Unknown permission android.permission.ACCESS_SUPERUSER in package com.oasisfeng.greenify
W/PackageManager( 6320): Not granting permission android.permission.DEVICE_POWER to package com.android.deskclock (protectionLevel=2 flags=0x8be45)
W/PackageManager( 6320): Unknown permission android.permission.ACCESS_SUPERUSER in package com.bigeyes0x0.trickstermod
W/PackageManager( 6320): Unknown permission com.bigeyes0x0.trickstermod.CHECK_LICENSE in package com.bigeyes0x0.trickstermod
D/dalvikvm( 6320): GC_CONCURRENT freed 1123K, 30% free 6650K/9415K, paused 5ms+16ms, total 90ms
D/dalvikvm( 6320): WAIT_FOR_CONCURRENT_GC blocked 50ms
D/dalvikvm( 6320): GC_EXPLICIT freed 1696K, 48% free 4953K/9415K, paused 3ms+3ms, total 71ms
D/PackageManager( 6320): generateServicesMap(android.accounts.AccountAuthenticator): 7 services unchanged
I/ActivityThread( 6320): Pub settings: com.android.providers.settings.SettingsProvider
D/SettingsProvider( 6320): cache for settings table 'secure' rows=77; fullycached=true
D/SettingsProvider( 6320): cache for settings table 'system' rows=161; fullycached=true
W/lights ( 6320): open_lights: unknown led id keyboard
W/lights ( 6320): open_lights: unknown led id bluetooth
W/lights ( 6320): open_lights: unknown led id wifi
I/libsuspend( 6320): Selected early suspend
D/AlarmManagerService( 6320): Kernel timezone updated to -120 minutes west of GMT
I/SystemServer( 6320): Account Manager
I/SystemServer( 6320): Content Manager
I/SystemServer( 6320): System Content Providers
I/SystemServer( 6320): Lights Service
I/SystemServer( 6320): Battery Service
I/SystemServer( 6320): Vibrator Service
E/PowerManagerService( 6320): loading custom settings failed
E/PowerManagerService( 6320): java.lang.Exception: sanity check failed
E/PowerManagerService( 6320): at com.android.server.PowerManagerService.updateLightSettings(PowerManagerService.java:3348)
E/PowerManagerService( 6320): at com.android.server.PowerManagerService.access$1800(PowerManagerService.java:84)
E/PowerManagerService( 6320): at com.android.server.PowerManagerService$SettingsObserver.update(PowerManagerService.java:567)
E/PowerManagerService( 6320): at java.util.Observable.notifyObservers(Observable.java:138)
E/PowerManagerService( 6320): at java.util.Observable.notifyObservers(Observable.java:113)
E/PowerManagerService( 6320): at android.content.ContentQueryMap.requery(ContentQueryMap.java:145)
E/PowerManagerService( 6320): at android.content.ContentQueryMap.getValues(ContentQueryMap.java:125)
E/PowerManagerService( 6320): at com.android.server.PowerManagerService$SettingsObserver.getInt(PowerManagerService.java:541)
E/PowerManagerService( 6320): at com.android.server.PowerManagerService$SettingsObserver.update(PowerManagerService.java:555)
E/PowerManagerService( 6320): at com.android.server.PowerManagerService.initInThread(PowerManagerService.java:737)
E/PowerManagerService( 6320): at com.android.server.PowerManagerService$1.onLooperPrepared(PowerManagerService.java:642)
E/PowerManagerService( 6320): at android.os.HandlerThread.run(HandlerThread.java:59)
I/SystemServer( 6320): Alarm Manager
I/SystemServer( 6320): Init Watchdog
I/SystemServer( 6320): Window Manager
I/InputManager( 6320): Initializing input manager
W/StatusBarManager( 6320): warning: no STATUS_BAR_SERVICE
D/TIOMX_CORE( 6191): init count = 1
W/WVMExtractor( 6191): Failed to open libwvm.so
E/Trace ( 6191): error opening trace file: No such file or directory (2)
W/WVMExtractor( 6191): Failed to open libwvm.so
I/BluetoothProfileState( 6320): Message:Entering Stable State
I/EventHub( 6320): New device: id=3, fd=115, path='/dev/input/event4', name='sholes-keypad', classes=0x81, configuration='/system/usr/idc/sholes-keypad.idc', keyLayout='/system/usr/keylayout/qtouch-touchscreen.kl', keyCharacterMap='/system/usr/keychars/qwerty.kcm', builtinKeyboard=true, usingSuspendBlockIoctl=false, usingClockIoctl=false
E/filemap ( 6320): mmap(0,4096) failed: No such device
I/EventHub( 6320): New device: id=4, fd=116, path='/dev/input/event3', name='qtouch-touchscreen', classes=0x15, configuration='/system/usr/idc/qtouch-touchscreen.idc', keyLayout='/system/usr/keylayout/qtouch-touchscreen.kl', keyCharacterMap='/system/usr/keychars/qwerty.kcm', builtinKeyboard=false, usingSuspendBlockIoctl=false, usingClockIoctl=false
I/EventHub( 6320): New device: id=5, fd=120, path='/dev/input/event2', name='cpcap-key', classes=0x1, configuration='/system/usr/idc/cpcap-key.idc', keyLayout='/system/usr/keylayout/cpcap-key.kl', keyCharacterMap='/system/usr/keychars/cpcap-key.kcm', builtinKeyboard=false, usingSuspendBlockIoctl=false, usingClockIoctl=false
I/BluetoothProfileState( 6320): Message:Entering Stable State
I/BluetoothProfileState( 6320): Message:Entering Stable State
D/BluetoothA2dpService( 6320): has_special_extra_keys: com.amazon.mp3.metachanged
D/BluetoothA2dpService( 6320): key_name: com.amazon.mp3.metachanged_track
D/BluetoothA2dpService( 6320): com.amazon.mp3.metachanged_track: com.amazon.mp3.track
D/BluetoothA2dpService( 6320): key_name: com.amazon.mp3.metachanged_artist
I/InputManager( 6320): Starting input manager
I/SystemServer( 6320): Bluetooth Service
D/BluetoothA2dpService( 6320): com.amazon.mp3.metachanged_artist: com.amazon.mp3.artist
D/BluetoothA2dpService( 6320): key_name: com.amazon.mp3.metachanged_album
I/InputReader( 6320): Device added: id=-1, name='Virtual', sources=0x00000301
I/InputReader( 6320): Device added: id=5, name='cpcap-key', sources=0x00000101
I/InputReader( 6320): Touch device 'qtouch-touchscreen' could not query the properties of its associated display 0. The device will be inoperable until the display size becomes available.
I/InputReader( 6320): Device added: id=4, name='qtouch-touchscreen', sources=0x00001103
I/InputReader( 6320): Device added: id=0, name='sholes-keypad', sources=0x80000101
E/Trace ( 6320): error opening trace file: No such file or directory (2)
D/BluetoothA2dpService( 6320): com.amazon.mp3.metachanged_album: com.amazon.mp3.album
D/BluetoothA2dpService( 6320): key_name: com.amazon.mp3.metachanged_id
D/BluetoothA2dpService( 6320): com.amazon.mp3.metachanged_id: com.amazon.mp3.id
D/BluetoothA2dpService( 6320): has_special_extra_keys: com.amazon.mp3.playstatechanged
D/BluetoothA2dpService( 6320): key_name: com.amazon.mp3.playstatechanged_track
D/BluetoothA2dpService( 6320): com.amazon.mp3.playstatechanged_track: com.amazon.mp3.track
D/BluetoothA2dpService( 6320): key_name: com.amazon.mp3.playstatechanged_artist
D/BluetoothA2dpService( 6320): com.amazon.mp3.playstatechanged_artist: com.amazon.mp3.artist
D/BluetoothA2dpService( 6320): key_name: com.amazon.mp3.playstatechanged_album
D/BluetoothA2dpService( 6320): com.amazon.mp3.playstatechanged_album: com.amazon.mp3.album
D/BluetoothA2dpService( 6320): key_name: com.amazon.mp3.playstatechanged_id
D/BluetoothA2dpService( 6320): com.amazon.mp3.playstatechanged_id: com.amazon.mp3.id
I/InputReader( 6320): Reconfiguring input devices. changes=0x00000004
I/InputReader( 6320): Device reconfigured: id=4, name='qtouch-touchscreen', surface size is now 480x854, mode is 1
I/PackageManager( 6320): Updating external media status from unmounted to mounted
E/CommandListener( 6190): Failed to open /proc/sys/net/ipv6/conf/wlan0/disable_ipv6: No such file or directory
E/WifiStateMachine( 6320): Failed to disable IPv6: java.lang.IllegalStateException: command '1 interface ipv6 wlan0 disable' failed with '400 1 Failed to change IPv6 state (No such file or directory)'
D/WifiWatchdogStateMachine( 6320): Disabling poor network avoidance for wi-fi only device
I/ ( 6320): registerAndroidFmRadioReceiver
I/ ( 6320): registerAndroidFmRadioTransmitter
I/FmReceiverService( 6320): FmReceiverService created
I/FmTransmitterService( 6320): FmTransmitterService created
W/CommandListener( 6190): Failed to retrieve HW addr for wlan0 (No such device)
D/CommandListener( 6190): Setting iface cfg
E/WifiStateMachine( 6320): Unable to change interface settings: java.lang.IllegalStateException: command '4 interface setcfg wlan0 0.0.0.0 0 down' failed with '400 4 Failed to set address (No such device)'
E/WifiHW ( 6320): unexpected - found -1 phys in /sys/class/ieee80211
E/WifiHW ( 6320): could not add P2P interface: -2
E/WifiHW ( 6320): Wi-Fi - could not create p2p interface
E/WifiStateMachine( 6320): Failed to start supplicant!
I/SystemServer( 6320): Input Method Service
W/InputMethodManagerService( 6320): Couldn't create dir.: /data/system/inputmethod
I/SystemServer( 6320): Accessibility Manager
I/ActivityManager( 6320): Config changed: {1.0 0mcc0mnc de_DE sw320dp w320dp h544dp nrml long port ?uimode ?night finger -keyb/v/h -nav/h s.2 themeResource=null}
I/SystemServer( 6320): Mount Service
D/MountService( 6320): got storage path: /mnt/sdcard description: SD-Karte primary: true removable: true emulated: false mtpReserve: 0 allowMassStorage: true maxFileSize: 0
I/SystemServer( 6320): LockSettingsService
I/SystemServer( 6320): Device Policy
I/SystemServer( 6320): Status Bar
I/SystemServer( 6320): Clipboard Service
I/SystemServer( 6320): NetworkManagement Service
I/SystemServer( 6320): Text Service Manager Service
I/SystemServer( 6320): NetworkStats Service
D/VoldCmdListener( 1313): volume list
I/MountService( 6320): Media already mounted on daemon connection
D/MountService( 6320): volume state changed for /mnt/sdcard (null -> mounted)
D/VoldCmdListener( 1313): asec list
I/SystemServer( 6320): NetworkPolicy Service
D/VoldCmdListener( 1313): asec fspath com.quoord.tapatalkxda.activity-2
D/VoldCmdListener( 1313): asec path com.quoord.tapatalkxda.activity-2
I/SystemServer( 6320): Wi-Fi P2pService
D/VoldCmdListener( 1313): asec mount com.quoord.tapatalkxda.activity-2 {} 1000
E/Vold ( 1313): ASEC com.quoord.tapatalkxda.activity-2 already mounted
I/SystemServer( 6320): Wi-Fi Service
D/VoldCmdListener( 1313): asec list
I/SystemServer( 6320): Connectivity Service
D/ConnectivityService( 6320): ConnectivityService starting up
E/MobileDataStateTracker( 6320): default: Ignoring feature request because could not acquire PhoneService
E/MobileDataStateTracker( 6320): default: Could not enable APN type "default"
D/VoldCmdListener( 1313): asec path com.quoord.tapatalkxda.activity-2
W/PackageParser( 6320): No actions in intent filter at /mnt/asec/com.quoord.tapatalkxda.activity-2/pkg.apk Binary XML file line #34
W/PackageParser( 6320): No actions in intent filter at /mnt/asec/com.quoord.tapatalkxda.activity-2/pkg.apk Binary XML file line #80
W/PackageParser( 6320): No actions in intent filter at /mnt/asec/com.quoord.tapatalkxda.activity-2/pkg.apk Binary XML file line #98
W/PackageParser( 6320): No actions in intent filter at /mnt/asec/com.quoord.tapatalkxda.activity-2/pkg.apk Binary XML file line #116
W/PackageParser( 6320): No actions in intent filter at /mnt/asec/com.quoord.tapatalkxda.activity-2/pkg.apk Binary XML file line #129
W/PackageParser( 6320): No actions in intent filter at /mnt/asec/com.quoord.tapatalkxda.activity-2/pkg.apk Binary XML file line #142
W/PackageParser( 6320): No actions in intent filter at /mnt/asec/com.quoord.tapatalkxda.activity-2/pkg.apk Binary XML file line #154
W/PackageParser( 6320): No actions in intent filter at /mnt/asec/com.quoord.tapatalkxda.activity-2/pkg.apk Binary XML file line #181
W/PackageParser( 6320): No actions in intent filter at /mnt/asec/com.quoord.tapatalkxda.activity-2/pkg.apk Binary XML file line #191
W/PackageParser( 6320): No actions in intent filter at /mnt/asec/com.quoord.tapatalkxda.activity-2/pkg.apk Binary XML file line #201
W/PackageParser( 6320): No actions in intent filter at /mnt/asec/com.quoord.tapatalkxda.activity-2/pkg.apk Binary XML file line #218
W/PackageParser( 6320): No actions in intent filter at /mnt/asec/com.quoord.tapatalkxda.activity-2/pkg.apk Binary XML file line #228
W/PackageParser( 6320): No actions in intent filter at /mnt/asec/com.quoord.tapatalkxda.activity-2/pkg.apk Binary XML file line #238
W/PackageParser( 6320): No actions in intent filter at /mnt/asec/com.quoord.tapatalkxda.activity-2/pkg.apk Binary XML file line #248
W/PackageParser( 6320): No actions in intent filter at /mnt/asec/com.quoord.tapatalkxda.activity-2/pkg.apk Binary XML file line #258
W/PackageParser( 6320): No actions in intent filter at /mnt/asec/com.quoord.tapatalkxda.activity-2/pkg.apk Binary XML file line #268
W/PackageParser( 6320): No actions in intent filter at /mnt/asec/com.quoord.tapatalkxda.activity-2/pkg.apk Binary XML file line #278
W/PackageParser( 6320): No actions in intent filter at /mnt/asec/com.quoord.tapatalkxda.activity-2/pkg.apk Binary XML file line #288
W/PackageParser( 6320): No actions in intent filter at /mnt/asec/com.quoord.tapatalkxda.activity-2/pkg.apk Binary XML file line #298
W/PackageParser( 6320): No actions in intent filter at /mnt/asec/com.quoord.tapatalkxda.activity-2/pkg.apk Binary XML file line #315
W/PackageParser( 6320): No actions in intent filter at /mnt/asec/com.quoord.tapatalkxda.activity-2/pkg.apk Binary XML file line #328
W/PackageParser( 6320): No actions in intent filter at /mnt/asec/com.quoord.tapatalkxda.activity-2/pkg.apk Binary XML file line #336
W/PackageParser( 6320): No actions in intent filter at /mnt/asec/com.quoord.tapatalkxda.activity-2/pkg.apk Binary XML file line #344
W/PackageParser( 6320): No actions in intent filter at /mnt/asec/com.quoord.tapatalkxda.activity-2/pkg.apk Binary XML file line #353
W/PackageParser( 6320): No actions in intent filter at /mnt/asec/com.quoord.tapatalkxda.activity-2/pkg.apk Binary XML file line #387
W/PackageParser( 6320): No actions in intent filter at /mnt/asec/com.quoord.tapatalkxda.activity-2/pkg.apk Binary XML file line #401
I/WifiService( 6320): WifiService starting up with Wi-Fi enabled
D/WifiService( 6320): setWifiEnabled: true pid=6320, uid=1000
I/SystemServer( 6320): Network Service Discovery Service
D/NsdService( 6320): Network service discovery enabled true
D/VoldCmdListener( 1313): asec fspath com.quoord.tapatalkxda.activity-2
I/SystemServer( 6320): Throttle Service
I/SystemServer( 6320): FM receiver Service
I/SystemServer( 6320): FM transmitter Service
I/SystemServer( 6320): UpdateLock Service
D/VoldCmdListener( 1313): asec path com.quoord.tapatalkxda.activity-2
I/PackageManager( 6320): Linking native library dir for /mnt/asec/com.quoord.tapatalkxda.activity-2/pkg.apk
D/VoldCmdListener( 1313): asec fixperms com.quoord.tapatalkxda.activity-2 -1 null
W/PackageManager( 6320): Unknown permission android.permission.ADD_SYSTEM_SERVICE in package com.android.phone
W/PackageManager( 6320): Unknown permission com.android.vending.billing.IBillingAccountService.BIND2 in package com.google.android.gsf.login
W/PackageManager( 6320): Unknown permission com.android.chrome.TOS_ACKED in package com.google.android.gsf.login
W/PackageManager( 6320): Not granting permission android.permission.SEND_DOWNLOAD_COMPLETED_INTENTS to package com.android.browser (protectionLevel=2 flags=0x9be45)
W/PackageManager( 6320): Not granting permission android.permission.READ_LOGS to package com.opera.browser (protectionLevel=50 flags=0x8be44)
W/PackageManager( 6320): Unknown permission com.opera.GET_BRANDING in package com.opera.browser
W/PackageManager( 6320): Unknown permission android.permission.INTERACT_ACROSS_USERS in package com.google.android.gms
W/PackageManager( 6320): Not granting permission com.google.android.c2dm.permission.RECEIVE to package com.google.android.apps.currents because it was previously installed without
W/PackageManager( 6320): Not granting permission com.google.android.providers.gsf.permission.READ_GSERVICES to package com.google.android.apps.currents because it was previously installed without
W/PackageManager( 6320): Unknown permission android.permission.READ_OWNER_DATA in package com.google.android.setupwizard
W/PackageManager( 6320): Unknown permission android.permission.WRITE_OWNER_DATA in package com.google.android.setupwizard
W/PackageManager( 6320): Not granting permission com.google.android.c2dm.permission.RECEIVE to package com.dropbox.android because it was previously installed without
W/PackageManager( 6320): Unknown permission com.facebook.orca.provider.ACCESS in package com.facebook.katana
W/PackageManager( 6320): Unknown permission com.sec.android.app.launcher.READ_SETTINGS in package com.facebook.katana
W/PackageManager( 6320): Unknown permission com.sec.android.app.twlauncher.READ_SETTINGS in package com.facebook.katana
W/PackageManager( 6320): Unknown permission com.htc.launcher.permission.READ_SETTINGS in package com.facebook.katana
W/PackageManager( 6320): Unknown permission com.google.android.voicesearch.SHORTCUTS_ACCESS in package com.google.android.googlequicksearchbox
W/PackageManager( 6320): Unknown permission com.google.android.apps.googlevoice.permission.AUTO_SEND in package com.google.android.googlequicksearchbox
W/PackageManager( 6320): Unknown permission com.google.android.gm.permission.AUTO_SEND in package com.google.android.googlequicksearchbox
W/PackageManager( 6320): Not granting permission android.permission.SET_PREFERRED_APPLICATIONS to package com.teslacoilsw.homesmack (protectionLevel=2 flags=0x8be44)
W/PackageManager( 6320): Unknown permission com.motorola.android.permission.FMRADIO in package com.motorola.android.fmradio
W/PackageManager( 6320): Not granting permission com.google.android.googleapps.permission.GOOGLE_AUTH to package com.google.android.apps.maps because it was previously installed without
W/PackageManager( 6320): Not granting permission com.google.android.googleapps.permission.GOOGLE_AUTH.local to package com.google.android.apps.maps because it was previously installed without
W/PackageManager( 6320): Unknown permission com.android.providers.im.permission.READ_ONLY in package com.google.android.apps.maps
W/PackageManager( 6320): Not granting permission com.google.android.providers.gsf.permission.READ_GSERVICES to package com.google.android.apps.maps because it was previously installed without
W/PackageManager( 6320): Not granting permission com.google.android.c2dm.permission.RECEIVE to package com.google.android.apps.maps because it was previously installed without
W/PackageManager( 6320): Not granting permission com.google.android.c2dm.permission.RECEIVE to package com.wunderkinder.wunderlistandroid because it was previously installed without
W/PackageManager( 6320): Not granting permission com.google.android.c2dm.permission.RECEIVE to package com.shazam.android because it was previously installed without
W/PackageManager( 6320): Unknown permission com.shazam.android.preloadinfo.provider.ACCESS_DATA in package com.shazam.android
W/PackageManager( 6320): Unknown permission com.google.android.gm.permission.READ_GMAIL in package com.google.android.talk
W/PackageManager( 6320): Not granting permission com.google.android.c2dm.permission.RECEIVE to package com.whatsapp because it was previously installed without
W/PackageManager( 6320): Unknown permission com.cyanogenmod.filemanager.permissions.READ_THEME in package com.cyanogenmod.filemanager
W/PackageManager( 6320): Unknown permission com.motorola.blur.contacts.permission.SOCIAL_CONTACT_READ in package com.motorola.android.motophoneportal.androidui
W/PackageManager( 6320): Unknown permission com.motorola.blur.contacts.permission.SOCIAL_CONTACT_WRITE in package com.motorola.android.motophoneportal.androidui
W/PackageManager( 6320): Unknown permission com.motorola.blur.setupprovider.Permissions.ACCESS_ACCOUNTS in package com.motorola.android.motophoneportal.androidui
W/PackageManager( 6320): Not granting permission android.permission.SEND_DOWNLOAD_COMPLETED_INTENTS to package com.android.vending (protectionLevel=2 flags=0xabec5)
W/PackageManager( 6320): Unknown permission android.permission.MANAGE_USERS in package com.android.vending
W/PackageManager( 6320): Unknown permission android.permission.INTERACT_ACROSS_USERS in package com.android.vending
W/PackageManager( 6320): Unknown permission android.permission.ACCESS_4G_RADIO_DISABLE in package com.android.systemui
W/PackageManager( 6320): Unknown permission android.permission.ACCESS_4G_STATE in package com.android.systemui
W/PackageManager( 6320): Unknown permission android.permission.CHANGE_4G_STATE in package com.android.systemui
W/PackageManager( 6320): Unknown permission android.permission.ACCESS_SUPERUSER in package com.estrongs.android.pop
W/PackageManager( 6320): Unknown permission .PERMISSION in package com.estrongs.android.pop
W/PackageManager( 6320): Not granting permission com.google.android.providers.gsf.permission.READ_GSERVICES to package com.google.android.youtube because it was previously installed without
W/PackageManager( 6320): Not granting permission com.google.android.googleapps.permission.GOOGLE_AUTH to package com.google.android.youtube because it was previously installed without
W/PackageManager( 6320): Not granting permission com.google.android.googleapps.permission.GOOGLE_AUTH.youtube to package com.google.android.youtube because it was previously installed without
W/PackageManager( 6320): Not granting permission com.google.android.googleapps.permission.GOOGLE_AUTH.YouTubeUser to package com.google.android.youtube because it was previously installed without
W/PackageManager( 6320): Unknown permission android.permission.ACCESS_SUPERUSER in package com.oasisfeng.greenify
W/PackageManager( 6320): Not granting permission android.permission.DEVICE_POWER to package com.android.deskclock (protectionLevel=2 flags=0x8be45)
W/PackageManager( 6320): Unknown permission android.permission.ACCESS_SUPERUSER in package com.bigeyes0x0.trickstermod
W/PackageManager( 6320): Unknown permission com.bigeyes0x0.trickstermod.CHECK_LICENSE in package com.bigeyes0x0.trickstermod
W/PackageParser( 6320): No actions in intent filter at /mnt/asec/com.quoord.tapatalkxda.activity-2/pkg.apk Binary XML file line #34
W/PackageParser( 6320): No actions in intent filter at /mnt/asec/com.quoord.tapatalkxda.activity-2/pkg.apk Binary XML file line #80
W/PackageParser( 6320): No actions in intent filter at /mnt/asec/com.quoord.tapatalkxda.activity-2/pkg.apk Binary XML file line #98
W/PackageParser( 6320): No actions in intent filter at /mnt/asec/com.quoord.tapatalkxda.activity-2/pkg.apk Binary XML file line #116
W/PackageParser( 6320): No actions in intent filter at /mnt/asec/com.quoord.tapatalkxda.activity-2/pkg.apk Binary XML file line #129
W/PackageParser( 6320): No actions in intent filter at /mnt/asec/com.quoord.tapatalkxda.activity-2/pkg.apk Binary XML file line #142
