W/PackageParser( 6320): No actions in intent filter at /mnt/asec/com.quoord.tapatalkxda.activity-2/pkg.apk Binary XML file line #154
W/PackageParser( 6320): No actions in intent filter at /mnt/asec/com.quoord.tapatalkxda.activity-2/pkg.apk Binary XML file line #181
D/dalvikvm( 6320): GC_CONCURRENT freed 1088K, 40% free 5677K/9415K, paused 11ms+10ms, total 99ms
D/dalvikvm( 6320): WAIT_FOR_CONCURRENT_GC blocked 69ms
D/dalvikvm( 6320): GC_EXPLICIT freed 87K, 41% free 5602K/9415K, paused 3ms+8ms, total 89ms
D/ProfileService( 6320): Found active: 6f5d68de-afc0-4371-8968-c640b54522c3
D/ProfileService( 6320): Set active profile to: 6f5d68de-afc0-4371-8968-c640b54522c3 - Nacht
D/ProfileService( 6320): Saving profile data...
D/ProfileService( 6320): Save completed.
D/PackageManager( 6320): generateServicesMap(android.accounts.AccountAuthenticator): 7 services unchanged
W/PackageParser( 6320): No actions in intent filter at /mnt/asec/com.quoord.tapatalkxda.activity-2/pkg.apk Binary XML file line #191
W/PackageParser( 6320): No actions in intent filter at /mnt/asec/com.quoord.tapatalkxda.activity-2/pkg.apk Binary XML file line #201
W/PackageParser( 6320): No actions in intent filter at /mnt/asec/com.quoord.tapatalkxda.activity-2/pkg.apk Binary XML file line #218
W/PackageParser( 6320): No actions in intent filter at /mnt/asec/com.quoord.tapatalkxda.activity-2/pkg.apk Binary XML file line #228
I/SystemServer( 6320): Profile Manager
W/PackageParser( 6320): No actions in intent filter at /mnt/asec/com.quoord.tapatalkxda.activity-2/pkg.apk Binary XML file line #238
W/PackageParser( 6320): No actions in intent filter at /mnt/asec/com.quoord.tapatalkxda.activity-2/pkg.apk Binary XML file line #248
W/PackageParser( 6320): No actions in intent filter at /mnt/asec/com.quoord.tapatalkxda.activity-2/pkg.apk Binary XML file line #258
W/PackageParser( 6320): No actions in intent filter at /mnt/asec/com.quoord.tapatalkxda.activity-2/pkg.apk Binary XML file line #268
W/PackageParser( 6320): No actions in intent filter at /mnt/asec/com.quoord.tapatalkxda.activity-2/pkg.apk Binary XML file line #278
W/PackageParser( 6320): No actions in intent filter at /mnt/asec/com.quoord.tapatalkxda.activity-2/pkg.apk Binary XML file line #288
W/PackageParser( 6320): No actions in intent filter at /mnt/asec/com.quoord.tapatalkxda.activity-2/pkg.apk Binary XML file line #298
W/PackageParser( 6320): No actions in intent filter at /mnt/asec/com.quoord.tapatalkxda.activity-2/pkg.apk Binary XML file line #315
W/PackageParser( 6320): No actions in intent filter at /mnt/asec/com.quoord.tapatalkxda.activity-2/pkg.apk Binary XML file line #328
W/PackageParser( 6320): No actions in intent filter at /mnt/asec/com.quoord.tapatalkxda.activity-2/pkg.apk Binary XML file line #336
W/PackageParser( 6320): No actions in intent filter at /mnt/asec/com.quoord.tapatalkxda.activity-2/pkg.apk Binary XML file line #344
W/PackageParser( 6320): No actions in intent filter at /mnt/asec/com.quoord.tapatalkxda.activity-2/pkg.apk Binary XML file line #353
W/PackageParser( 6320): No actions in intent filter at /mnt/asec/com.quoord.tapatalkxda.activity-2/pkg.apk Binary XML file line #387
W/PackageParser( 6320): No actions in intent filter at /mnt/asec/com.quoord.tapatalkxda.activity-2/pkg.apk Binary XML file line #401
W/PackageManager( 6320): Application package com.quoord.tapatalkxda.activity already installed. Skipping duplicate.
I/PackageManager( 6320): Failed to install pkg from /mnt/asec/com.quoord.tapatalkxda.activity-2/pkg.apk from sdcard
W/PackageManager( 6320): Unknown permission android.permission.ADD_SYSTEM_SERVICE in package com.android.phone
W/PackageManager( 6320): Unknown permission com.android.vending.billing.IBillingAccountService.BIND2 in package com.google.android.gsf.login
W/PackageManager( 6320): Unknown permission com.android.chrome.TOS_ACKED in package com.google.android.gsf.login
W/PackageManager( 6320): Not granting permission android.permission.SEND_DOWNLOAD_COMPLETED_INTENTS to package com.android.browser (protectionLevel=2 flags=0x9be45)
W/PackageManager( 6320): Not granting permission android.permission.READ_LOGS to package com.opera.browser (protectionLevel=50 flags=0x8be44)
W/PackageManager( 6320): Unknown permission com.opera.GET_BRANDING in package com.opera.browser
W/PackageManager( 6320): Unknown permission android.permission.INTERACT_ACROSS_USERS in package com.google.android.gms
W/PackageManager( 6320): Not granting permission com.google.android.c2dm.permission.RECEIVE to package com.google.android.apps.currents because it was previously installed without
W/PackageManager( 6320): Not granting permission com.google.android.providers.gsf.permission.READ_GSERVICES to package com.google.android.apps.currents because it was previously installed without
W/PackageManager( 6320): Unknown permission android.permission.READ_OWNER_DATA in package com.google.android.setupwizard
W/PackageManager( 6320): Unknown permission android.permission.WRITE_OWNER_DATA in package com.google.android.setupwizard
W/PackageManager( 6320): Not granting permission com.google.android.c2dm.permission.RECEIVE to package com.dropbox.android because it was previously installed without
W/PackageManager( 6320): Unknown permission com.facebook.orca.provider.ACCESS in package com.facebook.katana
W/PackageManager( 6320): Unknown permission com.sec.android.app.launcher.READ_SETTINGS in package com.facebook.katana
W/PackageManager( 6320): Unknown permission com.sec.android.app.twlauncher.READ_SETTINGS in package com.facebook.katana
W/PackageManager( 6320): Unknown permission com.htc.launcher.permission.READ_SETTINGS in package com.facebook.katana
W/PackageManager( 6320): Unknown permission com.google.android.voicesearch.SHORTCUTS_ACCESS in package com.google.android.googlequicksearchbox
W/PackageManager( 6320): Unknown permission com.google.android.apps.googlevoice.permission.AUTO_SEND in package com.google.android.googlequicksearchbox
W/PackageManager( 6320): Unknown permission com.google.android.gm.permission.AUTO_SEND in package com.google.android.googlequicksearchbox
W/PackageManager( 6320): Not granting permission android.permission.SET_PREFERRED_APPLICATIONS to package com.teslacoilsw.homesmack (protectionLevel=2 flags=0x8be44)
W/PackageManager( 6320): Unknown permission com.motorola.android.permission.FMRADIO in package com.motorola.android.fmradio
W/PackageManager( 6320): Not granting permission com.google.android.googleapps.permission.GOOGLE_AUTH to package com.google.android.apps.maps because it was previously installed without
W/PackageManager( 6320): Not granting permission com.google.android.googleapps.permission.GOOGLE_AUTH.local to package com.google.android.apps.maps because it was previously installed without
W/PackageManager( 6320): Unknown permission com.android.providers.im.permission.READ_ONLY in package com.google.android.apps.maps
W/PackageManager( 6320): Not granting permission com.google.android.providers.gsf.permission.READ_GSERVICES to package com.google.android.apps.maps because it was previously installed without
W/PackageManager( 6320): Not granting permission com.google.android.c2dm.permission.RECEIVE to package com.google.android.apps.maps because it was previously installed without
W/PackageManager( 6320): Not granting permission com.google.android.c2dm.permission.RECEIVE to package com.wunderkinder.wunderlistandroid because it was previously installed without
W/PackageManager( 6320): Not granting permission com.google.android.c2dm.permission.RECEIVE to package com.shazam.android because it was previously installed without
W/PackageManager( 6320): Unknown permission com.shazam.android.preloadinfo.provider.ACCESS_DATA in package com.shazam.android
W/PackageManager( 6320): Unknown permission com.google.android.gm.permission.READ_GMAIL in package com.google.android.talk
W/PackageManager( 6320): Not granting permission com.google.android.c2dm.permission.RECEIVE to package com.whatsapp because it was previously installed without
W/PackageManager( 6320): Unknown permission com.cyanogenmod.filemanager.permissions.READ_THEME in package com.cyanogenmod.filemanager
W/PackageManager( 6320): Unknown permission com.motorola.blur.contacts.permission.SOCIAL_CONTACT_READ in package com.motorola.android.motophoneportal.androidui
W/PackageManager( 6320): Unknown permission com.motorola.blur.contacts.permission.SOCIAL_CONTACT_WRITE in package com.motorola.android.motophoneportal.androidui
W/PackageManager( 6320): Unknown permission com.motorola.blur.setupprovider.Permissions.ACCESS_ACCOUNTS in package com.motorola.android.motophoneportal.androidui
W/PackageManager( 6320): Not granting permission android.permission.SEND_DOWNLOAD_COMPLETED_INTENTS to package com.android.vending (protectionLevel=2 flags=0xabec5)
W/PackageManager( 6320): Unknown permission android.permission.MANAGE_USERS in package com.android.vending
W/PackageManager( 6320): Unknown permission android.permission.INTERACT_ACROSS_USERS in package com.android.vending
W/PackageManager( 6320): Unknown permission android.permission.ACCESS_4G_RADIO_DISABLE in package com.android.systemui
W/PackageManager( 6320): Unknown permission android.permission.ACCESS_4G_STATE in package com.android.systemui
W/PackageManager( 6320): Unknown permission android.permission.CHANGE_4G_STATE in package com.android.systemui
W/PackageManager( 6320): Unknown permission android.permission.ACCESS_SUPERUSER in package com.estrongs.android.pop
W/PackageManager( 6320): Unknown permission .PERMISSION in package com.estrongs.android.pop
W/PackageManager( 6320): Not granting permission com.google.android.providers.gsf.permission.READ_GSERVICES to package com.google.android.youtube because it was previously installed without
W/PackageManager( 6320): Not granting permission com.google.android.googleapps.permission.GOOGLE_AUTH to package com.google.android.youtube because it was previously installed without
W/PackageManager( 6320): Not granting permission com.google.android.googleapps.permission.GOOGLE_AUTH.youtube to package com.google.android.youtube because it was previously installed without
W/PackageManager( 6320): Not granting permission com.google.android.googleapps.permission.GOOGLE_AUTH.YouTubeUser to package com.google.android.youtube because it was previously installed without
W/PackageManager( 6320): Unknown permission android.permission.ACCESS_SUPERUSER in package com.oasisfeng.greenify
W/PackageManager( 6320): Not granting permission android.permission.DEVICE_POWER to package com.android.deskclock (protectionLevel=2 flags=0x8be45)
W/PackageManager( 6320): Unknown permission android.permission.ACCESS_SUPERUSER in package com.bigeyes0x0.trickstermod
W/PackageManager( 6320): Unknown permission com.bigeyes0x0.trickstermod.CHECK_LICENSE in package com.bigeyes0x0.trickstermod
D/PackageManager( 6320): generateServicesMap(android.content.SyncAdapter): 15 services unchanged
D/AudioHardwareMot( 6191): Output bufSize from kernel = 8192
I/AudioService( 6320): Remote Control registerMediaButtonIntent() for PendingIntent{410d5ee8: PendingIntentRecord{411d6800 android broadcastIntent}}
D/AudioHardwareMot( 6191): setVoiceVolume(1.000000) Setting in-call volume to 7 (available range is 0 to 7)
D/AudioMgrIPC( 6191): am_aipcm_set_volume_req() called with vol_level = 7, vol_type = 2
D/AudioMgrIPC( 6191): Message sent for message id 3
D/AudioMgrIPC( 6191): ID 0x8000, Tag 0x8100: Ack received for message with id = 3
D/dalvikvm( 6320): GC_EXPLICIT freed 1512K, 37% free 5933K/9415K, paused 19ms+12ms, total 440ms
D/dalvikvm( 6320): WAIT_FOR_CONCURRENT_GC blocked 103ms
D/dalvikvm( 6320): WAIT_FOR_CONCURRENT_GC blocked 95ms
D/LocationProxyService( 6320): Constructed LocationProxyService
I/SystemServer( 6320): Notification Manager
I/SystemServer( 6320): Device Storage Monitor
I/SystemServer( 6320): Location Manager
I/SystemServer( 6320): Country Detector
I/SystemServer( 6320): Search Service
I/SystemServer( 6320): DropBox Service
I/SystemServer( 6320): Wallpaper Service
I/SystemServer( 6320): Audio Service
I/SystemServer( 6320): Dock Observer
I/SystemServer( 6320): Wired Accessory Observer
W/WiredAccessoryObserver( 6320): This kernel does not have usb audio support
W/WiredAccessoryObserver( 6320): This kernel does not have HDMI audio support
I/SystemServer( 6320): USB Service
I/SystemServer( 6320): Serial Service
I/SystemServer( 6320): UI Mode Manager Service
I/SystemServer( 6320): Backup Service
V/BackupManagerService( 6320): Initializing package tracking
V/BackupManagerService( 6320): addPackageParticipantsLocked: all
V/BackupManagerService( 6320): Registering transport android/com.android.internal.backup.LocalTransport = com.android.internal.backup.LocalTransport@410ed3c8
V/BackupManagerService( 6320): Starting with transport com.google.android.backup/.BackupTransportService
V/BackupManagerService( 6320): Binding to Google transport
I/BackupManagerService( 6320): Found stale backup journal, scheduling
I/BackupManagerService( 6320): android
D/BackupManagerService( 6320): Now staging backup of android
I/BackupManagerService( 6320): com.android.providers.settings
D/BackupManagerService( 6320): Now staging backup of com.android.providers.settings
I/BackupManagerService( 6320): Backup enabled => true
I/SystemServer( 6320): AppWidget Service
I/SystemServer( 6320): Recognition Service
I/SystemServer( 6320): DiskStats Service
I/SystemServer( 6320): SamplingProfiler Service
I/SystemServer( 6320): NetworkTimeUpdateService
I/SystemServer( 6320): CommonTimeManagementService
I/WindowManager( 6320): SAFE MODE not enabled
D/dalvikvm( 6320): JIT started for system_server
W/PackageManager( 6320): Container com.quoord.tapatalkxda.activity-2 is stale
I/SUPLJ ( 6320): Connected to 'location_shim' socket
I/Zygote ( 6320): Process: zygote socket opened
V/LockPatternKeyguardView( 6320): Set visibility on com.android.internal.policy.impl.LockPatternKeyguardView$5@4108bcc8 to 0
E/Trace ( 6417): error opening trace file: No such file or directory (2)
I/SystemServer( 6320): Vendor service com.android.server.LocationProxyService started.
I/SystemServer( 6320): CertBlacklister
I/SystemServer( 6320): AssetRedirectionManager Service
D/PowerManagerService( 6320): system ready!
I/ActivityManager( 6320): System now ready
I/SystemServer( 6320): Making services ready
D/SystemServer( 6320): Starting service: Intent { cmp=com.android.systemui/.SystemUIService }
I/ActivityManager( 6320): Start proc com.android.systemui for service com.android.systemui/.SystemUIService: pid=6417 uid=10037 gids={1028, 1015, 3002, 3001}
D/NetworkManagementService( 6320): enabling bandwidth control
V/ActivityThread( 6417): com.android.systemui white listed for hwui
D/dalvikvm( 6320): GC_FOR_ALLOC freed 281K, 29% free 6777K/9415K, paused 90ms, total 99ms
V/TransportControlView( 6320): Create TCV com.android.internal.widget.TransportControlView@40e84448
D/SystemUIService( 6417): loading: class com.android.systemui.statusbar.phone.PhoneStatusBar
D/SystemUIService( 6417): running: com.android.systemui.statusbar.phone.PhoneStatusBar@40e00b60
I/StatusBarManagerService( 6320): registerStatusBar bar=com.android.internal.statusbar.IStatusBar$Stub$Proxy@40e74fa0
D/dalvikvm( 6320): GC_FOR_ALLOC freed 317K, 26% free 7219K/9671K, paused 80ms, total 82ms
V/KeyguardViewManager( 6320): KGVM: Set visibility on com.android.internal.policy.impl.KeyguardViewManager$KeyguardViewHost@4102ac70 to 6291456
I/Choreographer( 6320): Skipped 70 frames! The application may be doing too much work on its main thread.
I/PowerWidget( 6417): Clearing any old widget stuffs
I/PowerWidget( 6417): Setting up widget
I/PowerWidget( 6417): Button list: toggleWifi|toggleBluetooth|toggleFlashlight|toggleAirplane|toggleMobileData|toggleNetworkMode|toggleSleepMode|toggleSound|toggleSync
E/Trace ( 6463): error opening trace file: No such file or directory (2)
I/SyncButton( 6417): Registering sync state listener
V/LockPatternKeyguardView( 6320): Set visibility on com.android.internal.policy.impl.LockPatternKeyguardView$5@4108bcc8 to 8388608
I/ActivityManager( 6320): Config changed: {1.0 0mcc0mnc de_DE sw320dp w320dp h544dp nrml long port finger -keyb/v/h -nav/h s.3 themeResource=null}
I/ActivityManager( 6320): Start proc com.google.android.gsf.login for service com.google.android.gsf.login/com.google.android.gsf.loginservice.GoogleLoginService: pid=6463 uid=10074 gids={3003, 1015, 1028, 1007, 2001, 3006}
D/ActivityThread( 6463): com.google.android.gsf.login black listed for hwui
I/ActivityManager( 6320): Start proc android.process.media for broadcast com.android.providers.media/.UsbReceiver: pid=6480 uid=10018 gids={1015, 1023, 1024, 1028, 2001, 3003, 3007}
V/LockPatternKeyguardView( 6320): Set visibility on com.android.internal.policy.impl.LockPatternKeyguardView$5@4108bcc8 to 8388608
E/Trace ( 6480): error opening trace file: No such file or directory (2)
V/ActivityThread( 6480): android.process.media white listed for hwui
I/ActivityThread( 6480): Pub downloads: com.android.providers.downloads.DownloadProvider
I/ActivityThread( 6480): Pub drm: com.android.providers.drm.DrmProvider
I/DownloadManager( 6480): in removeSpuriousFiles
I/ActivityThread( 6480): Pub media: com.android.providers.media.MediaProvider
I/PowerWidget( 6417): Clearing any old widget stuffs
I/SyncButton( 6417): Unregistering sync state listener
I/PowerWidget( 6417): Setting up widget
I/PowerWidget( 6417): Button list: toggleWifi|toggleBluetooth|toggleFlashlight|toggleAirplane|toggleMobileData|toggleNetworkMode|toggleSleepMode|toggleSound|toggleSync
I/SyncButton( 6417): Registering sync state listener
D/PhoneStatusBar( 6417): disable: < expand icons alerts ticker system_info back home recent clock > D/StorageNotification( 6417): Startup with UMS connection false (media state mounted)
I/StorageNotification( 6417): UMS connection changed to false (media state mounted)
D/SystemUIService( 6417): loading: class com.android.systemui.power.PowerUI
D/SystemUIService( 6417): running: com.android.systemui.power.PowerUI@40f797c8
D/SystemUIService( 6417): loading: class com.android.systemui.media.RingtonePlayer
D/SystemUIService( 6417): running: com.android.systemui.media.RingtonePlayer@40f7a588
W/InputMethodManagerService( 6320): Ignoring setImeWindowStatus of uid 1000 token: null
I/ActivityManager( 6320): Start proc com.android.inputmethod.latin for service com.android.inputmethod.latin/.LatinIME: pid=6499 uid=10023 gids={1028}
D/PhoneStatusBar( 6417): addNotification score=0
I/CommonTimeManagementService( 6320): No common time service detected on this platform. Common time services will be unavailable.
I/InputReader( 6320): Reconfiguring input devices. changes=0x00000020
I/InputReader( 6320): Reconfiguring input devices. changes=0x00000010
I/ActivityManager( 6320): Start proc com.android.phone for added application com.android.phone: pid=6513 uid=1001 gids={3002, 3001, 3003, 1015, 1028}
I/ActivityManager( 6320): Start proc com.motorola.usb for added application com.motorola.usb: pid=6521 uid=10041 gids={1028}
I/ActivityManager( 6320): START {act=android.intent.action.MAIN cat=[android.intent.category.HOME] flg=0x10000000 cmp=com.cyanogenmod.trebuchet/.Launcher u=0} from pid 0
I/LocationManagerService( 6320): Setting GPS Source to: 0
I/ActivityManager( 6320): Start proc com.cyanogenmod.trebuchet for activity com.cyanogenmod.trebuchet/.Launcher: pid=6538 uid=10040 gids={1028}
E/Trace ( 6521): error opening trace file: No such file or directory (2)
E/Trace ( 6499): error opening trace file: No such file or directory (2)
D/ActivityThread( 6499): com.android.inputmethod.latin black listed for hwui
I/Choreographer( 6417): Skipped 112 frames! The application may be doing too much work on its main thread.
D/PhoneStatusBar( 6417): disable: < expand icons alerts ticker system_info BACK* HOME* RECENT* CLOCK* > E/Trace ( 6538): error opening trace file: No such file or directory (2)
V/ActivityThread( 6538): com.cyanogenmod.trebuchet white listed for hwui
I/ActivityThread( 6538): Pub com.cyanogenmod.trebuchet.settings: com.cyanogenmod.trebuchet.LauncherProvider
E/Trace ( 6513): error opening trace file: No such file or directory (2)
D/PackageManager( 6320): generateServicesMap(android.accounts.AccountAuthenticator): 7 services unchanged
D/libEGL ( 6417): loaded /system/lib/egl/libEGL_POWERVR_SGX530_125.so
D/libEGL ( 6417): loaded /system/lib/egl/libGLESv1_CM_POWERVR_SGX530_125.so
W/SubtypeLocale( 6499): KeyboardLayoutSet not found, use QWERTY: locale=hu_ZZ extraValue=AsciiCapable,SupportTouchPositionCorrection
D/libEGL ( 6417): loaded /system/lib/egl/libGLESv2_POWERVR_SGX530_125.so
I/ActivityThread( 6513): Pub telephony: com.android.providers.telephony.TelephonyProvider
D/OpenGLRenderer( 6417): Enabling debug mode 0
W/SettingsValues( 6499): Cannot load auto correction threshold setting. currentAutoCorrectionSetting: 0, autoCorrectionThresholdValues: [, 0.185, 0.067, 0]
D/SystemClock( 6320): Setting time of day to sec=1367168636
I/ActivityManager( 6320): Start proc com.android.calendar for broadcast com.android.calendar/.widget.CalendarAppWidgetService$CalendarFactory: pid=6565 uid=10010 gids={3003, 1028}
W/InputAttributes( 6499): No editor info for this field. Bug?
W/ThrottleService( 6320): unable to find stats for iface rmnet0
W/TelephonyProvider( 6513): onCreate: confFile=/system/etc/apns-conf.xml oldCheckSum=-1
I/ActivityThread( 6513): Pub sms: com.android.providers.telephony.SmsProvider
I/ActivityThread( 6513): Pub mms-sms: com.android.providers.telephony.MmsSmsProvider
I/ActivityThread( 6513): Pub icc: com.android.phone.IccProvider
I/ActivityThread( 6513): Pub mms: com.android.providers.telephony.MmsProvider
E/ActivityThread( 6499): Failed to find provider info for com.android.inputmethod.latin.dictionarypack
W/ResourceType( 6538): Attempt to retrieve bag 0x7f0d0017 which is invalid or in a cycle.
W/ResourceType( 6538): Attempt to retrieve bag 0x7f0d0017 which is invalid or in a cycle.
W/ResourceType( 6538): Attempt to retrieve bag 0x7f0d0017 which is invalid or in a cycle.
W/ResourceType( 6538): Attempt to retrieve bag 0x7f0d0017 which is invalid or in a cycle.
W/ResourceType( 6538): Attempt to retrieve bag 0x7f0d0017 which is invalid or in a cycle.
E/BinaryDictionaryGetter( 6499): Could not find a dictionary pack
D/WifiService( 6320): New client listening to asynchronous messages
D/dalvikvm( 6320): GC_EXPLICIT freed 1023K, 26% free 7541K/10183K, paused 265ms+14ms, total 416ms
D/dalvikvm( 6189): GC_EXPLICIT freed 34K, 74% free 2208K/8387K, paused 3ms+3ms, total 35ms
I/ActivityManager( 6320): Start proc android.process.acore for content provider com.android.providers.userdictionary/.UserDictionaryProvider: pid=6591 uid=10001 gids={3003, 1015, 1028}
E/Trace ( 6565): error opening trace file: No such file or directory (2)
D/dalvikvm( 6189): GC_EXPLICIT freed <1K, 74% free 2208K/8387K, paused 3ms+12ms, total 51ms
D/ActivityThread( 6565): com.android.calendar black listed for hwui
D/dalvikvm( 6189): GC_EXPLICIT freed <1K, 74% free 2208K/8387K, paused 1ms+2ms, total 46ms
D/MotoWrigley3GRIL( 6513): switchToRadioState, old = RADIO_UNAVAILABLE new = RADIO_ON
W/SSM ( 1329): no ack
E/Trace ( 6591): error opening trace file: No such file or directory (2)
V/ActivityThread( 6591): android.process.acore white listed for hwui
D/MotoWrigley3GRIL( 6513): Got data call list message, now has 1 connections
I/ActivityThread( 6591): Pub call_log: com.android.providers.contacts.CallLogProvider
I/ActivityThread( 6565): Pub com.android.calendar.CalendarRecentSuggestionsProvider: com.android.calendar.CalendarRecentSuggestionsProvider
I/ActivityThread( 6591): Pub com.android.voicemail: com.android.providers.contacts.VoicemailContentProvider
I/Choreographer( 6417): Skipped 141 frames! The application may be doing too much work on its main thread.
I/ActivityThread( 6591): Pub user_dictionary: com.android.providers.userdictionary.UserDictionaryProvider
I/ActivityThread( 6591): Pub applications: com.android.providers.applications.ApplicationsProvider
I/dalvikvm( 6607): Turning on JNI app bug workarounds for target SDK version 12...
I/ ( 1357): opprofdaemon: OPPROF_DAEMON_message_thread.c: opprof_daemon_message_thread_main(): line=519: select() returned checking fd=0
I/ ( 1357):
I/ ( 1357): opprofdaemon: OPPROF_DAEMON_message_thread.c: opprof_daemon_message_thread_main(): line=519: select() returned checking fd=1
I/ ( 1357):
I/ ( 1357): opprofdaemon: OPPROF_DAEMON_message_thread.c: opprof_daemon_message_thread_main(): line=519: select() returned checking fd=2
I/ ( 1357):
I/ ( 1357): opprofdaemon: OPPROF_DAEMON_message_thread.c: opprof_daemon_message_thread_main(): line=519: select() returned checking fd=3
I/ ( 1357):
I/ ( 1357): opprofdaemon: OPPROF_DAEMON_message_thread.c: opprof_daemon_message_thread_main(): line=519: select() returned checking fd=4
I/ ( 1357):
I/ ( 1357): opprofdaemon: OPPROF_DAEMON_message_thread.c: opprof_daemon_message_thread_main(): line=519: select() returned checking fd=5
I/ ( 1357):
I/ ( 1357): opprofdaemon: OPPROF_DAEMON_message_thread.c: opprof_daemon_message_thread_main(): line=519: select() returned checking fd=6
I/ ( 1357):
I/ ( 1357): opprofdaemon: OPPROF_DAEMON_message_thread.c: opprof_daemon_message_thread_main(): line=519: select() returned checking fd=7
I/ ( 1357):
I/ ( 1357): opprofdaemon: OPPROF_DAEMON_message_thread.c: opprof_daemon_message_thread_main(): line=519: select() returned checking fd=8
I/ ( 1357):
I/ ( 1357): opprofdaemon: OPPROF_DAEMON_message_thread.c: opprof_daemon_message_thread_main(): line=519: select() returned checking fd=9
I/ ( 1357):
I/ ( 1357): opprofdaemon: OPPROF_DAEMON_message_thread.c: opprof_daemon_message_thread_main(): line=527: accept() New connection request, clientfd=24
I/ ( 1357): opprofdaemon: OPPROF_DAEMON_message_thread.c: opprof_daemon_message_thread_main(): line=519: select() returned checking fd=10
I/ ( 1357):
I/ ( 1357): opprofdaemon: OPPROF_DAEMON_message_thread.c: opprof_daemon_message_thread_main(): line=519: select() returned checking fd=11
I/ ( 1357):
I/ ( 1357): opprofdaemon: OPPROF_DAEMON_message_thread.c: opprof_daemon_message_thread_main(): line=519: select() returned checking fd=12
I/ ( 1357):
I/ ( 1357): opprofdaemon: OPPROF_DAEMON_message_thread.c: opprof_daemon_message_thread_main(): line=519: select() returned checking fd=13
I/ ( 1357):
I/ ( 1357): opprofdaemon: OPPROF_DAEMON_message_thread.c: opprof_daemon_message_thread_main(): line=519: select() returned checking fd=14
I/ ( 1357):
I/ ( 1357): opprofdaemon: OPPROF_DAEMON_message_thread.c: opprof_daemon_message_thread_main(): line=519: select() returned checking fd=15
I/ ( 1357):
I/ ( 1357): opprofdaemon: OPPROF_DAEMON_message_thread.c: opprof_daemon_message_thread_main(): line=519: select() returned checking fd=16
I/ ( 1357):
I/ ( 1357): opprofdaemon: OPPROF_DAEMON_message_thread.c: opprof_daemon_message_thread_main(): line=519: select() returned checking fd=17
I/ ( 1357):
I/ ( 1357): opprofdaemon: OPPROF_DAEMON_message_thread.c: opprof_daemon_message_thread_main(): line=519: select() returned checking fd=18
I/ ( 1357):
I/ ( 1357): opprofdaemon: OPPROF_DAEMON_message_thread.c: opprof_daemon_message_thread_main(): line=519: select() returned checking fd=19
I/ ( 1357):
I/ ( 1357): opprofdaemon: OPPROF_DAEMON_message_thread.c: opprof_daemon_message_thread_main(): line=519: select() returned checking fd=20
I/ ( 1357):
I/ ( 1357): opprofdaemon: OPPROF_DAEMON_message_thread.c: opprof_daemon_message_thread_main(): line=519: select() returned checking fd=21
I/ ( 1357):
I/ ( 1357): opprofdaemon: OPPROF_DAEMON_message_thread.c: opprof_daemon_message_thread_main(): line=519: select() returned checking fd=22
I/ ( 1357):
I/ ( 1357): opprofdaemon: OPPROF_DAEMON_message_thread.c: opprof_daemon_message_thread_main(): line=519: select() returned checking fd=23
I/ ( 1357):
I/ ( 1357): opprofdaemon: OPPROF_DAEMON_message_thread.c: opprof_daemon_message_thread_main(): line=519: select() returned checking fd=24
I/ ( 1357):
I/ ( 1357): opprofdaemon: OPPROF_DAEMON_message_thread.c: opprof_daemon_message_thread_main(): line=473: Blocking on Select!
I/ ( 1357):
I/ ( 1357): opprofdaemon: OPPROF_DAEMON_message_thread.c: opprof_daemon_message_thread_main(): line=519: select() returned checking fd=0
I/ ( 1357):
I/ ( 1357): opprofdaemon: OPPROF_DAEMON_message_thread.c: opprof_daemon_message_thread_main(): line=519: select() returned checking fd=1
I/ ( 1357):
I/ ( 1357): opprofdaemon: OPPROF_DAEMON_message_thread.c: opprof_daemon_message_thread_main(): line=519: select() returned checking fd=2
I/ ( 1357):
I/ ( 1357): opprofdaemon: OPPROF_DAEMON_message_thread.c: opprof_daemon_message_thread_main(): line=519: select() returned checking fd=3
I/ ( 1357):
I/ ( 1357): opprofdaemon: OPPROF_DAEMON_message_thread.c: opprof_daemon_message_thread_main(): line=519: select() returned checking fd=4
I/ ( 1357):
I/ ( 1357): opprofdaemon: OPPROF_DAEMON_message_thread.c: opprof_daemon_message_thread_main(): line=519: select() returned checking fd=5
I/ ( 1357):
I/ ( 1357): opprofdaemon: OPPROF_DAEMON_message_thread.c: opprof_daemon_message_thread_main(): line=519: select() returned checking fd=6
I/ ( 1357):
I/ ( 1357): opprofdaemon: OPPROF_DAEMON_message_thread.c: opprof_daemon_message_thread_main(): line=519: select() returned checking fd=7
I/ ( 1357):
I/ ( 1357): opprofdaemon: OPPROF_DAEMON_message_thread.c: opprof_daemon_message_thread_main(): line=519: select() returned checking fd=8
I/ ( 1357):
I/ ( 1357): opprofdaemon: OPPROF_DAEMON_message_thread.c: opprof_daemon_message_thread_main(): line=519: select() returned checking fd=9
I/ ( 1357):
I/ ( 1357): opprofdaemon: OPPROF_DAEMON_message_thread.c: opprof_daemon_message_thread_main(): line=519: select() returned checking fd=10
I/ ( 1357):
I/ ( 1357): opprofdaemon: OPPROF_DAEMON_message_thread.c: opprof_daemon_message_thread_main(): line=519: select() returned checking fd=11
I/ ( 1357):
I/ ( 1357): opprofdaemon: OPPROF_DAEMON_message_thread.c: opprof_daemon_message_thread_main(): line=519: select() returned checking fd=12
I/ ( 1357):
I/ ( 1357): opprofdaemon: OPPROF_DAEMON_message_thread.c: opprof_daemon_message_thread_main(): line=519: select() returned checking fd=13
I/ ( 1357):
I/ ( 1357): opprofdaemon: OPPROF_DAEMON_message_thread.c: opprof_daemon_message_thread_main(): line=519: select() returned checking fd=14
I/ ( 1357):
I/ ( 1357): opprofdaemon: OPPROF_DAEMON_message_thread.c: opprof_daemon_message_thread_main(): line=519: select() returned checking fd=15
I/ ( 1357):
I/ ( 1357): opprofdaemon: OPPROF_DAEMON_message_thread.c: opprof_daemon_message_thread_main(): line=519: select() returned checking fd=16
I/ ( 1357):
I/ ( 1357): opprofdaemon: OPPROF_DAEMON_message_thread.c: opprof_daemon_message_thread_main(): line=519: select() returned checking fd=17
I/ ( 1357):
I/ ( 1357): opprofdaemon: OPPROF_DAEMON_message_thread.c: opprof_daemon_message_thread_main(): line=519: select() returned checking fd=18
I/ ( 1357):
I/ ( 1357): opprofdaemon: OPPROF_DAEMON_message_thread.c: opprof_daemon_message_thread_main(): line=519: select() returned checking fd=19
I/ ( 1357):
I/ ( 1357): opprofdaemon: OPPROF_DAEMON_message_thread.c: opprof_daemon_message_thread_main(): line=519: select() returned checking fd=20
I/ ( 1357):
I/ ( 1357): opprofdaemon: OPPROF_DAEMON_message_thread.c: opprof_daemon_message_thread_main(): line=519: select() returned checking fd=21
I/ ( 1357):
I/ ( 1357): opprofdaemon: OPPROF_DAEMON_message_thread.c: opprof_daemon_message_thread_main(): line=519: select() returned checking fd=22
I/ ( 1357):
I/ ( 1357): opprofdaemon: OPPROF_DAEMON_message_thread.c: opprof_daemon_message_thread_main(): line=519: select() returned checking fd=23
I/ ( 1357):
I/ ( 1357): opprofdaemon: OPPROF_DAEMON_message_thread.c: opprof_daemon_message_thread_main(): line=519: select() returned checking fd=24
I/ ( 1357):
I/ ( 1357): opprofdaemon: OPPROF_DAEMON_message_thread.c: opprof_daemon_message_thread_main(): line=572: select() returned checking client fd=24
I/ ( 1357):
I/ ( 1357): opprofdaemon: OPPROF_DAEMON_message_thread.c: opprof_daemon_message_thread_main(): line=577: select() returned is client fd, fd=24
I/ ( 1357):
I/ ( 1357): opprofdaemon: OPPROF_DAEMON_message_thread.c: read_data_from_socket(): line=256: OPPROF receiving MSG - MSG_PEEK: rcvd_bytes=540 clientFD=24
I/ ( 1357): opprofdaemon: OPPROF_DAEMON_message_thread.c: read_data_from_socket(): line=289: receiving data - MSG_RECV: rcvd_bytes=540 clientFD=24
I/ ( 1357): opprofdaemon: OPPROF_DAEMON_message_thread.c: read_data_from_socket(): line=319: msg_len=540
I/ ( 1357): opprofdaemon: OPPROF_DAEMON_handle_events(): Enter
I/ ( 1357): opprofdaemon: OPPROF_DAEMON_process_messages.c: OPPROF_DAEMON_handle_events(): line=145: AP event arrived: event_id=1000000
I/ ( 1357):
I/ ( 1357): opprofdaemon: OPPROF_DAEMON_handle_timer_events(): Enter
I/ ( 1357): opprofdaemon: OPPROF_DAEMON_handle_timer_events(): Exit
I/ ( 1357): opprofdaemon: OPPROF_DAEMON_handle_events(): Exit
I/ ( 1357): opprofdaemon: OPPROF_DAEMON_message_thread.c: opprof_daemon_message_thread_main(): line=473: Blocking on Select!
I/ ( 1357):
I/ActivityManager( 6320): Start proc com.google.process.gapps for service com.google.android.location/.NetworkLocationService: pid=6607 uid=10074 gids={3003, 1015, 1028, 1007, 2001, 3006}
E/Trace ( 6607): error opening trace file: No such file or directory (2)
V/ActivityThread( 6607): com.google.process.gapps white listed for hwui
I/ActivityThread( 6591): Pub contacts;com.android.contacts: com.android.providers.contacts.ContactsProvider2
I/ActivityManager( 6320): Start proc com.android.smspush for service com.android.smspush/.WapPushManager: pid=6625 uid=10044 gids={1028}
D/MockSmsReceiver( 6513): Registered MockSmsReceiver
D/ ( 6513): [ApnContext:default] set reason as dataEnabled,current state IDLE
D/ ( 6513): [ApnContext:default] setRetryCount: 0
D/ ( 6513): [ApnContext:mms] set reason as dataEnabled,current state IDLE
D/ ( 6513): [ApnContext:mms] setRetryCount: 0
D/ ( 6513): [ApnContext:supl] set reason as dataEnabled,current state IDLE
D/ ( 6513): [ApnContext:supl] setRetryCount: 0
D/ ( 6513): [ApnContext:dun] set reason as dataEnabled,current state IDLE
D/ ( 6513): [ApnContext:dun] setRetryCount: 0
D/ ( 6513): [ApnContext:hipri] set reason as dataEnabled,current state IDLE
D/ ( 6513): [ApnContext:hipri] setRetryCount: 0
I/ActivityManager( 6320): Start proc com.android.deskclock for broadcast com.android.deskclock/.AlarmInitReceiver: pid=6634 uid=10016 gids={1028}
I/ActivityThread( 6607): Pub com.google.settings: com.google.android.gsf.settings.GoogleSettingsProvider
E/Trace ( 6625): error opening trace file: No such file or directory (2)
D/ActivityThread( 6625): com.android.smspush black listed for hwui
D/MotoWrigley3GRIL( 6513): switchToRadioState, old = RADIO_ON new = RADIO_ON
D/MotoWrigley3GRIL( 6513): switchToRadioState, old = RADIO_ON new = RADIO_OFF
E/Trace ( 6634): error opening trace file: No such file or directory (2)
D/ActivityThread( 6634): com.android.deskclock black listed for hwui
D/CAT ( 6513): CatService: Running CAT service. STK app installed:true
D/CAT ( 6513): CatService: NEW sInstance
D/CallManager( 6513): registerPhone(GSM Handler (com.android.internal.telephony.PhoneProxy) {40e0d6a8})
I/ActivityThread( 6607): Pub subscribedfeeds: com.google.android.gsf.subscribedfeeds.SubscribedFeedsProvider
I/ActivityThread( 6634): Pub com.android.deskclock.timers: com.android.deskclock.TimersProvider
I/SearchManagerService( 6320): Building list of searchable activities
I/ActivityThread( 6634): Pub com.android.deskclock: com.android.deskclock.AlarmProvider
D/AudioHardwareMot( 6191): Output bufSize from kernel = 8192
D/AudioHardwareMot( 6191): Output bufSize from kernel = 8192
I/ActivityManager( 6320): Start proc com.android.providers.calendar for content provider com.android.providers.calendar/.CalendarProvider2: pid=6666 uid=10011 gids={3003, 1015, 1028}
W/ActivityManager( 6320): Unable to start service Intent { act=com.android.ussd.IExtendedNetworkService }: not found
I/ActivityThread( 6607): Pub com.google.contacts.gal.provider: com.google.android.syncadapters.contacts.GalProvider
V/AlarmClock( 6634): AlarmInitReceiver finished
E/Trace ( 6666): error opening trace file: No such file or directory (2)
D/ActivityThread( 6666): com.android.providers.calendar black listed for hwui
D/MotoWrigley3GRIL( 6513): switchToRadioState, old = RADIO_OFF new = RADIO_ON
I/ActivityThread( 6666): Pub com.android.calendar: com.android.providers.calendar.CalendarProvider2
I/LocationManagerService( 6320): whitelist: []
D/libEGL ( 6538): loaded /system/lib/egl/libEGL_POWERVR_SGX530_125.so
D/libEGL ( 6538): loaded /system/lib/egl/libGLESv1_CM_POWERVR_SGX530_125.so
D/libEGL ( 6538): loaded /system/lib/egl/libGLESv2_POWERVR_SGX530_125.so
D/DebugService( 6513): DebugService DebugService:
D/TelephonyDebugService( 6513): TelephonyDebugService()
I/ActivityThread( 6607): Pub com.google.android.gsf.gservices: com.google.android.gsf.gservices.GservicesProvider
I/LocationManagerService( 6320): blacklist: [com.google.,com.semaphoremobile.zagat.android]
D/CAT ( 6513): CatService: ril message arrived
D/CAT ( 6513): CommandParamsFactory: process SelectItem
D/Bluetooth HSHFP( 6513): Starting BluetoothHeadsetService
D/OpenGLRenderer( 6538): Enabling debug mode 0
I/GservicesProvider( 6607): Gservices pushing to system: true; secure: true
D/CAT ( 6513): CatService: SET_UP_MENU
D/CAT ( 6513): CatService: encodeOptionalTags() Unsupported Cmd details=CmdDetails: compRequired=true commandNumber=1 typeOfCommand=37 commandQualifier=0
I/ActivityManager( 6320): Displayed com.cyanogenmod.trebuchet/.Launcher: +5s602ms
I/ActivityThread( 6607): Pub com.google.android.providers.talk: com.google.android.gsf.talk.TalkProvider
D/MotoWrigley3GRIL( 6513): switchToRadioState, old = RADIO_ON new = RADIO_ON
D/NetworkLocationClient( 6607): binding to Intent { act=com.google.android.location.internal.ANDROID_NLP pkg=com.google.android.location }
D/NetworkLocationService( 6607): onBind(com.android.location.service.NetworkLocationProvider) com.google.android.location
D/NetworkLocationService( 6607): onBind(com.android.location.service.GeocodeProvider) com.google.android.location
I/LocationManagerService( 6320): request network (pid 6320) 86400000 86400000
I/LocationManagerService( 6320): request passive (pid 6320) 0 0
I/StorageNotification( 6417): UMS connection changed to false (media state mounted)
D/SyncManager( 6320): setSyncAutomatically: provider subscribedfeeds, user 0 -> true
D/SyncManager( 6320): setSyncAutomatically: already set to true, doing nothing
D/PowerManagerService( 6320): bootCompleted
V/DevicePolicyManagerService( 6320): Sending password expiration notifications for action android.intent.action.BOOT_COMPLETED
V/WiredAccessoryObserver( 6320): init()
D/dalvikvm( 6417): GC_CONCURRENT freed 401K, 39% free 7050K/11399K, paused 4ms+9ms, total 130ms
I/BATTD ( 1348): Event from Battery Daemon=Success
D/dalvikvm( 6417): GC_FOR_ALLOC freed 82K, 39% free 6968K/11399K, paused 33ms, total 33ms
I/dalvikvm-heap( 6417): Grow heap (frag case) to 18.174MB for 3279376-byte allocation
I/CalendarProvider2( 6666): Sending notification intent: Intent { act=android.intent.action.PROVIDER_CHANGED dat=content://com.android.calendar }
W/ContentResolver( 6666): Failed to get type for: content://com.android.calendar (Unknown URL content://com.android.calendar)
D/dalvikvm( 6417): GC_CONCURRENT freed 0K, 31% free 10171K/14663K, paused 3ms+3ms, total 45ms
W/WVMExtractor( 6191): Failed to open libwvm.so
V/BackupManagerService( 6320): Connected to Google transport
V/BackupManagerService( 6320): Registering transport com.google.android.backup/.BackupTransportService = com.google.android.backup.BackupTransportService$1@410efd08
V/LockScreen( 6320): Camera disabled by Sim State
W/WVMExtractor( 6191): Failed to open libwvm.so
D/dalvikvm( 6320): GC_FOR_ALLOC freed 886K, 21% free 8331K/10439K, paused 141ms, total 158ms
I/Choreographer( 6320): Skipped 39 frames! The application may be doing too much work on its main thread.
W/WVMExtractor( 6191): Failed to open libwvm.so
W/WVMExtractor( 6191): Failed to open libwvm.so
D/AlarmManagerService( 6320): Kernel timezone updated to -120 minutes west of GMT
W/WVMExtractor( 6191): Failed to open libwvm.so
V/TransportControlView( 6320): Create TCV com.android.internal.widget.TransportControlView@411c7118
V/LockScreen( 6320): Camera disabled by Sim State
D/dalvikvm( 6320): GC_EXPLICIT freed 1023K, 26% free 8293K/11079K, paused 116ms+61ms, total 533ms
I/SurfaceFlinger( 1318): Boot is finished (412856 ms)
D/AlarmManagerService( 6320): Kernel timezone updated to -120 minutes west of GMT
I/Choreographer( 6320): Skipped 54 frames! The application may be doing too much work on its main thread.
I/Choreographer( 6417): Skipped 54 frames! The application may be doing too much work on its main thread.
V/LockPatternKeyguardView( 6320): Set visibility on com.android.internal.policy.impl.LockPatternKeyguardView$5@4108bcc8 to 8388608
D/PhoneStatusBar( 6417): disable: < EXPAND* icons alerts TICKER* system_info BACK HOME RECENT CLOCK > V/LockPatternKeyguardView( 6320): Set visibility on com.android.internal.policy.impl.LockPatternKeyguardView$5@4108bcc8 to 8388608
I/gmmInternalNlpService( 6607): internal NLP onStart(com.google.android.location.internal.ANDROID_NLP) com.google.android.location
D/NetworkLocationClient( 6607): onServiceConnected to ComponentInfo{com.google.android.location/com.google.android.location.internal.server.NetworkLocationService}
W/WifiNormalizer( 6607): No specific device detected. Offset set to -7.
I/ActivityManager( 6320): Start proc com.android.settings for broadcast com.android.settings/.widget.SettingsAppWidgetProvider: pid=6748 uid=1000 gids={1015, 3002, 3001, 3003, 1028, 3007}
E/Trace ( 6748): error opening trace file: No such file or directory (2)
V/ActivityThread( 6748): com.android.settings white listed for hwui
W/CommandListener( 6190): Failed to retrieve HW addr for wlan0 (No such device)
D/CommandListener( 6190): Setting iface cfg
E/WifiStateMachine( 6320): Unable to change interface settings: java.lang.IllegalStateException: command '10 interface setcfg wlan0 0.0.0.0 0 down' failed with '400 10 Failed to set address (No such device)'
E/WifiHW ( 6320): unexpected - found -1 phys in /sys/class/ieee80211
F/libc ( 6320): @@@ ABORTING: INVALID HEAP ADDRESS IN dlfree addr=0x2a4e71d0
F/libc ( 6320): Fatal signal 11 (SIGSEGV) at 0xdeadbaad (code=1), thread 6377 (WifiStateMachin)
I/DEBUG ( 1316): *** *** *** *** *** *** *** *** *** *** *** *** *** *** *** ***
I/DEBUG ( 1316): Build fingerprint: 'MOTO/MB526_O2DE/umts_jordan:2.3.6/4.5.1-134_DFP-132/1317968148:user/release-keys'
I/DEBUG ( 1316): pid: 6320, tid: 6377, name: UNKNOWN >>> system_server <<<
I/DEBUG ( 1316): signal 11 (SIGSEGV), code 1 (SEGV_MAPERR), fault addr deadbaad
I/DEBUG ( 1316): r0 00000043 r1 50805958 r2 00000003 r3 deadbaad
I/DEBUG ( 1316): r4 40073b04 r5 2a4e71d0 r6 50805980 r7 4006405f
I/DEBUG ( 1316): r8 2a4e71d8 r9 50705ed0 sl 40073b04 fp 50805c94
I/DEBUG ( 1316): ip 00000000 sp 50805980 lr 4005206d pc 4003d894 cpsr 00000030
I/DEBUG ( 1316): d0 67756265643a6467 d1 6565692f73736165
I/DEBUG ( 1316): d2 0000000000000072 d3 0000000000000064
I/DEBUG ( 1316): d4 0000000000000000 d5 0000000000000000
I/DEBUG ( 1316): d6 0000000000000000 d7 009a3f8000000000
I/DEBUG ( 1316): d8 0000000000000000 d9 0000000000000000
I/DEBUG ( 1316): d10 0000000000000000 d11 0000000000000000
I/DEBUG ( 1316): d12 0000000000000000 d13 0000000000000000
I/DEBUG ( 1316): d14 0000000000000000 d15 0000000000000000
I/DEBUG ( 1316): d16 416347f010000000 d17 3fe0000000000000
I/DEBUG ( 1316): d18 0000000000000000 d19 0000000000000000
I/DEBUG ( 1316): d20 3fc554e7eb0eb47c d21 3e66376972bea4d0
I/DEBUG ( 1316): d22 3f4de16b9c24a98f d23 3fb0f4a31edab38b
I/DEBUG ( 1316): d24 3fede16b9c24a98f d25 3fe55559ee5e69f9
I/DEBUG ( 1316): d26 0000000000000000 d27 0000000000000000
I/DEBUG ( 1316): d28 0000000000000005 d29 0000000000000000
I/DEBUG ( 1316): d30 0000000000000000 d31 0000000000000000
I/DEBUG ( 1316): scr 60000010
I/DEBUG ( 1316):
I/DEBUG ( 1316): backtrace:
I/DEBUG ( 1316): #00 pc 00013894 /system/lib/libc.so
I/DEBUG ( 1316): #01 pc 00015c71 /system/lib/libc.so (dlfree+1628)
I/DEBUG ( 1316): #02 pc 00016e1f /system/lib/libc.so (free+10)
I/DEBUG ( 1316): #03 pc 00003433 /system/lib/libhardware_legacy.so (phy_lookup+78)
I/DEBUG ( 1316): #04 pc 000034dd /system/lib/libhardware_legacy.so
I/DEBUG ( 1316): #05 pc 000036fb /system/lib/libhardware_legacy.so (add_remove_p2p_interface+158)
I/DEBUG ( 1316): #06 pc 00003853 /system/lib/libhardware_legacy.so (wifi_start_supplicant+182)
I/DEBUG ( 1316): #07 pc 00060aa9 /system/lib/libandroid_runtime.so
I/DEBUG ( 1316): #08 pc 0001e0b0 /system/lib/libdvm.so (dvmPlatformInvoke+112)
I/DEBUG ( 1316): #09 pc 0004d0cf /system/lib/libdvm.so (dvmCallJNIMethod(unsigned int const*, JValue*, Method const*, Thread*)+390)
I/DEBUG ( 1316): #10 pc 000274e0 /system/lib/libdvm.so
I/DEBUG ( 1316): #11 pc 0002bdc4 /system/lib/libdvm.so (dvmInterpret(Thread*, Method const*, JValue*)+180)
I/DEBUG ( 1316): #12 pc 0005f831 /system/lib/libdvm.so (dvmCallMethodV(Thread*, Method const*, Object*, bool, JValue*, std::__va_list)+272)
I/DEBUG ( 1316): #13 pc 0005f85b /system/lib/libdvm.so (dvmCallMethod(Thread*, Method const*, Object*, JValue*, ...)+20)
I/DEBUG ( 1316): #14 pc 000543e7 /system/lib/libdvm.so
I/DEBUG ( 1316): #15 pc 00012cc4 /system/lib/libc.so (__thread_entry+48)
I/DEBUG ( 1316): #16 pc 0001242c /system/lib/libc.so (pthread_create+180)
I/DEBUG ( 1316):
I/DEBUG ( 1316): stack:
I/DEBUG ( 1316): 50805940 00000001
I/DEBUG ( 1316): 50805944 4006405f /system/lib/libc.so
I/DEBUG ( 1316): 50805948 2a4e71d8 [heap]
I/DEBUG ( 1316): 5080594c 400520d7 /system/lib/libc.so
I/DEBUG ( 1316): 50805950 00000005
I/DEBUG ( 1316): 50805954 00000007
I/DEBUG ( 1316): 50805958 50805954
I/DEBUG ( 1316): 5080595c 00000001
I/DEBUG ( 1316): 50805960 40064043 /system/lib/libc.so
I/DEBUG ( 1316): 50805964 00000005
I/DEBUG ( 1316): 50805968 5080598c
I/DEBUG ( 1316): 5080596c 0000003d
I/DEBUG ( 1316): 50805970 40073b04
I/DEBUG ( 1316): 50805974 2a4e71d0 [heap]
I/DEBUG ( 1316): 50805978 df0027ad
I/DEBUG ( 1316): 5080597c 00000000
I/DEBUG ( 1316): #00 50805980 65346132
I/DEBUG ( 1316): 50805984 30643137
I/DEBUG ( 1316): 50805988 00000000
I/DEBUG ( 1316): 5080598c 20404040
I/DEBUG ( 1316): 50805990 524f4241
I/DEBUG ( 1316): 50805994 474e4954 /dev/ashmem/dalvik-mark-stack (deleted)
I/DEBUG ( 1316): 50805998 4e49203a
I/DEBUG ( 1316): 5080599c 494c4156 /data/dalvik-cache/system@framework@framework.jar@classes.dex
I/DEBUG ( 1316): 508059a0 45482044 /dev/ashmem/dalvik-heap (deleted)
I/DEBUG ( 1316): 508059a4 41205041 /dev/ashmem/dalvik-heap (deleted)
I/DEBUG ( 1316): 508059a8 45524444 /dev/ashmem/dalvik-heap (deleted)
I/DEBUG ( 1316): 508059ac 49205353 /data/dalvik-cache/system@framework@framework.jar@classes.dex
I/DEBUG ( 1316): 508059b0 6c64204e
I/DEBUG ( 1316): 508059b4 65657266
I/DEBUG ( 1316): 508059b8 64646120
I/DEBUG ( 1316): 508059bc 78303d72
I/DEBUG ( 1316): ........ ........
I/DEBUG ( 1316): #01 50805aa8 4003f615 /system/lib/libc.so (dlfree)
I/DEBUG ( 1316): 50805aac 40073b04
I/DEBUG ( 1316): 50805ab0 ffffffff
I/DEBUG ( 1316): 50805ab4 00000000
I/DEBUG ( 1316): 50805ab8 00000001
I/DEBUG ( 1316): 50805abc 00000007
I/DEBUG ( 1316): 50805ac0 50705ed0
I/DEBUG ( 1316): 50805ac4 40040e21 /system/lib/libc.so (free+12)
I/DEBUG ( 1316): #02 50805ac8 b4d247b3
I/DEBUG ( 1316): 50805acc 40429437 /system/lib/libhardware_legacy.so (phy_lookup+82)
I/DEBUG ( 1316):
I/DEBUG ( 1316): memory near r1:
I/DEBUG ( 1316): 50805938 40064043 5080598c 00000001 4006405f C@.@.Y.P...._@.@
I/DEBUG ( 1316): 50805948 2a4e71d8 400520d7 00000005 00000007 .qN*. .@........
I/DEBUG ( 1316): 50805958 50805954 00000001 40064043 00000005 TY.P....C@.@....
I/DEBUG ( 1316): 50805968 5080598c 0000003d 40073b04 2a4e71d0 .Y.P=....;.@.qN*
I/DEBUG ( 1316): 50805978 df0027ad 00000000 65346132 30643137 .'......2a4e71d0
I/DEBUG ( 1316):
I/DEBUG ( 1316): memory near r4:
I/DEBUG ( 1316): 40073ae4 00000000 00000000 00000000 00000000 ................
I/DEBUG ( 1316): 40073af4 00000000 00000000 00000000 00000000 ................
I/DEBUG ( 1316): 40073b04 b4d247b3 00000000 00000000 00000000 .G..............
I/DEBUG ( 1316): 40073b14 00000000 00000000 00000000 00000000 ................
I/DEBUG ( 1316): 40073b24 00000000 00000000 00000000 00000000 ................
I/DEBUG ( 1316):
I/DEBUG ( 1316): memory near r5:
I/DEBUG ( 1316): 2a4e71b0 00000000 00000000 00000000 3f800000 ...............?
I/DEBUG ( 1316): 2a4e71c0 00000010 00000031 40073554 40073554 ....1...T5.@T5.@
I/DEBUG ( 1316): 2a4e71d0 00000330 00000000 303a3931 35303a34 0.......19:04:05
I/DEBUG ( 1316): 2a4e71e0 00000000 00000011 00000000 00700001 ..............p.
I/DEBUG ( 1316): 2a4e71f0 00000030 0000001a 00000001 00000002 0...............
I/DEBUG ( 1316):
I/DEBUG ( 1316): memory near r6:
I/DEBUG ( 1316): 50805960 40064043 00000005 5080598c 0000003d C@.@.....Y.P=...
I/DEBUG ( 1316): 50805970 40073b04 2a4e71d0 df0027ad 00000000 .;.@.qN*.'......
I/DEBUG ( 1316): 50805980 65346132 30643137 00000000 20404040 2a4e71d0....@@@
I/DEBUG ( 1316): 50805990 524f4241 474e4954 4e49203a 494c4156 ABORTING: INVALI
I/DEBUG ( 1316): 508059a0 45482044 41205041 45524444 49205353 D HEAP ADDRESS I
I/DEBUG ( 1316):
I/DEBUG ( 1316): memory near r7:
I/DEBUG ( 1316): 4006403c 3d726464 6c007830 00636269 50414548 ddr=0x.libc.HEAP
I/DEBUG ( 1316): 4006404c 4d454d20 2059524f 52524f43 49545055 MEMORY CORRUPTI
I/DEBUG ( 1316): 4006405c 49004e4f 4c41564e 48204449 20504145 ON.INVALID HEAP
I/DEBUG ( 1316): 4006406c 52444441 00535345 2078616d 74737973 ADDRESS.max syst
I/DEBUG ( 1316): 4006407c 62206d65 73657479 25203d20 756c3031 em bytes = %10lu
I/DEBUG ( 1316):
I/DEBUG ( 1316): memory near r8:
