--------- beginning of /dev/log/main
I/DEBUG ( 1316): 50803998 4e49203a
I/DEBUG ( 1316): 5080399c 494c4156 /data/dalvik-cache/system@framework@framework.jar@classes.dex
I/DEBUG ( 1316): 508039a0 45482044 /dev/ashmem/dalvik-heap (deleted)
I/DEBUG ( 1316): 508039a4 41205041 /dev/ashmem/dalvik-heap (deleted)
I/DEBUG ( 1316): 508039a8 45524444 /dev/ashmem/dalvik-heap (deleted)
I/DEBUG ( 1316): 508039ac 49205353 /data/dalvik-cache/system@framework@framework.jar@classes.dex
I/DEBUG ( 1316): 508039b0 6c64204e
I/DEBUG ( 1316): 508039b4 65657266
I/DEBUG ( 1316): 508039b8 64646120
I/DEBUG ( 1316): 508039bc 78303d72
I/DEBUG ( 1316): ........ ........
I/DEBUG ( 1316): #01 50803aa8 4003f615 /system/lib/libc.so (dlfree)
I/DEBUG ( 1316): 50803aac 40073b04
I/DEBUG ( 1316): 50803ab0 ffffffff
I/DEBUG ( 1316): 50803ab4 00000000
I/DEBUG ( 1316): 50803ab8 00000001
I/DEBUG ( 1316): 50803abc 00000007
I/DEBUG ( 1316): 50803ac0 50703ed0
I/DEBUG ( 1316): 50803ac4 40040e21 /system/lib/libc.so (free+12)
I/DEBUG ( 1316): #02 50803ac8 cfcc1df6
I/DEBUG ( 1316): 50803acc 40429437 /system/lib/libhardware_legacy.so (phy_lookup+82)
I/DEBUG ( 1316):
I/DEBUG ( 1316): memory near r1:
I/DEBUG ( 1316): 50803938 40064043 5080398c 00000001 4006405f C@.@.9.P...._@.@
I/DEBUG ( 1316): 50803948 2a27ec10 400520d7 0000001c 00000007 ..'*. .@........
I/DEBUG ( 1316): 50803958 50803954 00000001 40064043 00000005 T9.P....C@.@....
I/DEBUG ( 1316): 50803968 5080398c 0000003d 40073b04 2a27ec08 .9.P=....;.@..'*
I/DEBUG ( 1316): 50803978 df0027ad 00000000 37326132 38306365 .'......2a27ec08
I/DEBUG ( 1316):
I/DEBUG ( 1316): memory near r4:
I/DEBUG ( 1316): 40073ae4 00000000 00000000 00000000 00000000 ................
I/DEBUG ( 1316): 40073af4 00000000 00000000 00000000 00000000 ................
I/DEBUG ( 1316): 40073b04 cfcc1df6 00000000 00000000 00000000 ................
I/DEBUG ( 1316): 40073b14 00000000 00000000 00000000 00000000 ................
I/DEBUG ( 1316): 40073b24 00000000 00000000 00000000 00000000 ................
I/DEBUG ( 1316):
I/DEBUG ( 1316): memory near r5:
I/DEBUG ( 1316): 2a27ebe8 00000000 00000000 00000000 00000000 ................
I/DEBUG ( 1316): 2a27ebf8 00000000 00000000 00000000 00000000 ................
I/DEBUG ( 1316): 2a27ec08 00000000 00000000 00000000 00000000 ................
I/DEBUG ( 1316): 2a27ec18 00000000 00000000 00000000 00000000 ................
I/DEBUG ( 1316): 2a27ec28 00000000 00000000 00000000 00000000 ................
I/DEBUG ( 1316):
I/DEBUG ( 1316): memory near r6:
I/DEBUG ( 1316): 50803960 40064043 00000005 5080398c 0000003d C@.@.....9.P=...
I/DEBUG ( 1316): 50803970 40073b04 2a27ec08 df0027ad 00000000 .;.@..'*.'......
I/DEBUG ( 1316): 50803980 37326132 38306365 00000000 20404040 2a27ec08....@@@
I/DEBUG ( 1316): 50803990 524f4241 474e4954 4e49203a 494c4156 ABORTING: INVALI
I/DEBUG ( 1316): 508039a0 45482044 41205041 45524444 49205353 D HEAP ADDRESS I
I/DEBUG ( 1316):
I/DEBUG ( 1316): memory near r7:
I/DEBUG ( 1316): 4006403c 3d726464 6c007830 00636269 50414548 ddr=0x.libc.HEAP
I/DEBUG ( 1316): 4006404c 4d454d20 2059524f 52524f43 49545055 MEMORY CORRUPTI
I/DEBUG ( 1316): 4006405c 49004e4f 4c41564e 48204449 20504145 ON.INVALID HEAP
I/DEBUG ( 1316): 4006406c 52444441 00535345 2078616d 74737973 ADDRESS.max syst
I/DEBUG ( 1316): 4006407c 62206d65 73657479 25203d20 756c3031 em bytes = %10lu
I/DEBUG ( 1316):
I/DEBUG ( 1316): memory near r8:
I/DEBUG ( 1316): 2a27ebf0 00000000 00000000 00000000 00000000 ................
I/DEBUG ( 1316): 2a27ec00 00000000 00000000 00000000 00000000 ................
I/DEBUG ( 1316): 2a27ec10 00000000 00000000 00000000 00000000 ................
I/DEBUG ( 1316): 2a27ec20 00000000 00000000 00000000 00000000 ................
I/DEBUG ( 1316): 2a27ec30 00000000 00000000 00000000 00000001 ................
I/DEBUG ( 1316):
I/DEBUG ( 1316): memory near r9:
I/DEBUG ( 1316): 50703eb0 411e2b68 40fe34c8 50703ee8 50703ee8 h+.A.4.@.>pP.>pP
I/DEBUG ( 1316): 50703ec0 48f1bd9c 47634e40 00000000 00000000 ...H@NcG........
I/DEBUG ( 1316): 50703ed0 00000001 50703f28 49161938 478e4a50 ....(?pP8..IPJ.G
I/DEBUG ( 1316): 50703ee0 48f1bd9c 00000000 478b2f90 40fe3280 ...H...../.G.2.@
I/DEBUG ( 1316): 50703ef0 00000000 00000000 00000001 00000001 ................
I/DEBUG ( 1316):
I/DEBUG ( 1316): memory near sl:
I/DEBUG ( 1316): 40073ae4 00000000 00000000 00000000 00000000 ................
I/DEBUG ( 1316): 40073af4 00000000 00000000 00000000 00000000 ................
I/DEBUG ( 1316): 40073b04 cfcc1df6 00000000 00000000 00000000 ................
I/DEBUG ( 1316): 40073b14 00000000 00000000 00000000 00000000 ................
I/DEBUG ( 1316): 40073b24 00000000 00000000 00000000 00000000 ................
I/DEBUG ( 1316):
I/DEBUG ( 1316): memory near fp:
I/DEBUG ( 1316): 50803c74 40174aad 50703f28 4074a0b4 50703ed0 .J.@(?pP..t@.>pP
I/DEBUG ( 1316): 50803c84 00000001 40ae27d8 00000008 00000000 .....'.@........
I/DEBUG ( 1316): 50803c94 407790d3 50703ed0 492da460 40174aa5 ..w@.>pP`.-I.J.@
I/DEBUG ( 1316): 50803ca4 2a271d70 24d00001 00000000 00000001 p.'*...$........
I/DEBUG ( 1316): 50803cb4 40073b04 40fe2a88 40fe2a88 2a2720cc .;.@.*.@.*.@. '*
I/DEBUG ( 1316):
I/DEBUG ( 1316): memory near sp:
I/DEBUG ( 1316): 50803960 40064043 00000005 5080398c 0000003d C@.@.....9.P=...
I/DEBUG ( 1316): 50803970 40073b04 2a27ec08 df0027ad 00000000 .;.@..'*.'......
I/DEBUG ( 1316): 50803980 37326132 38306365 00000000 20404040 2a27ec08....@@@
I/DEBUG ( 1316): 50803990 524f4241 474e4954 4e49203a 494c4156 ABORTING: INVALI
I/DEBUG ( 1316): 508039a0 45482044 41205041 45524444 49205353 D HEAP ADDRESS I
I/DEBUG ( 1316):
I/DEBUG ( 1316): code around pc:
I/DEBUG ( 1316): 4003d874 f00f4479 a803f8a7 f44f4669 f00f7280 yD......iFO..r..
I/DEBUG ( 1316): 4003d884 490df8a1 aa032007 f0144479 4b05fbf9 ...I. ..yD.....K
I/DEBUG ( 1316): 4003d894 9a43601d 428a6821 f003d001 b045fbaf .`C.!h.B......E.
I/DEBUG ( 1316): 4003d8a4 bf00bdf0 deadbaad 00030ca0 00026814 .............h..
I/DEBUG ( 1316): 4003d8b4 000267fd 000267c2 000267b3 4c19b538 .g...g...g..8..L
I/DEBUG ( 1316):
I/DEBUG ( 1316): code around lr:
I/DEBUG ( 1316): 4005204c 0001c7e2 00028a4c b5704b0a 240c447b ....L....Kp.{D.$
I/DEBUG ( 1316): 4005205c fb04460d 22033400 46296860 edc2f7e4 .F...4."`h)F....
I/DEBUG ( 1316): 4005206c 46061c43 f7ebd104 6800fbbf d0f22804 C..F.......h.(..
I/DEBUG ( 1316): 4005207c bd704630 0001c7a0 b088b570 4615460c 0Fp.....p....F.F
I/DEBUG ( 1316): 4005208c b9099001 447c4c12 46204912 f7e64479 .....L|D.I FyD..
I/DEBUG ( 1316):
I/DEBUG ( 1316): memory map around fault addr deadbaad:
I/DEBUG ( 1316): bedea000-bedfe000 [stack]
I/DEBUG ( 1316): (no map for address)
I/DEBUG ( 1316): (no map above)
I/ServiceManager( 1312): service 'alarm' died
I/ServiceManager( 1312): service 'cpuinfo' died
I/ServiceManager( 1312): service 'power' died
I/ServiceManager( 1312): service 'entropy' died
I/ServiceManager( 1312): service 'dbinfo' died
I/ServiceManager( 1312): service 'package' died
I/ServiceManager( 1312): service 'activity' died
I/ServiceManager( 1312): service 'meminfo' died
I/ServiceManager( 1312): service 'account' died
I/ServiceManager( 1312): service 'gfxinfo' died
I/ServiceManager( 1312): service 'hardware' died
I/ServiceManager( 1312): service 'scheduling_policy' died
I/ServiceManager( 1312): service 'batteryinfo' died
I/ServiceManager( 1312): service 'permission' died
I/ServiceManager( 1312): service 'usagestats' died
I/ServiceManager( 1312): service 'telephony.registry' died
I/ServiceManager( 1312): service 'sensorservice' died
I/ServiceManager( 1312): service 'statusbar' died
I/ServiceManager( 1312): service 'battery' died
I/ServiceManager( 1312): service 'content' died
I/ServiceManager( 1312): service 'lock_settings' died
I/ServiceManager( 1312): service 'device_policy' died
I/ServiceManager( 1312): service 'vibrator' died
I/ServiceManager( 1312): service 'mount' died
I/ServiceManager( 1312): service 'window' died
I/ServiceManager( 1312): service 'input' died
I/ServiceManager( 1312): service 'bluetooth' died
I/ServiceManager( 1312): service 'clipboard' died
I/ServiceManager( 1312): service 'bluetooth_a2dp' died
I/ServiceManager( 1312): service 'input_method' died
I/ServiceManager( 1312): service 'accessibility' died
I/ServiceManager( 1312): service 'netstats' died
I/ServiceManager( 1312): service 'network_management' died
I/ServiceManager( 1312): service 'textservices' died
I/ServiceManager( 1312): service 'netpolicy' died
I/ServiceManager( 1312): service 'wifip2p' died
I/ServiceManager( 1312): service 'wifi' died
I/ServiceManager( 1312): service 'servicediscovery' died
I/ServiceManager( 1312): service 'throttle' died
I/ServiceManager( 1312): service 'fm_receiver' died
I/ServiceManager( 1312): service 'fm_transmitter' died
I/ServiceManager( 1312): service 'updatelock' died
I/ServiceManager( 1312): service 'connectivity' died
E/installd( 1323): eof
E/installd( 1323): failed to read size
I/installd( 1323): closing connection
D/Zygote ( 5758): Process 5889 terminated by signal (11)
I/Zygote ( 5758): Exit zygote because system server (5889) has terminated
I/ServiceManager( 1312): service 'media.audio_flinger' died
I/ServiceManager( 1312): service 'media.player' died
I/ServiceManager( 1312): service 'media.camera' died
I/ServiceManager( 1312): service 'media.audio_policy' died
I/Netd ( 5973): Netd 1.0 starting
D/AndroidRuntime( 5972):
D/AndroidRuntime( 5972): >>>>>> AndroidRuntime START com.android.internal.os.ZygoteInit <<<<<<
D/AndroidRuntime( 5972): CheckJNI is OFF
D/dalvikvm( 5972): Trying to load lib libjavacore.so 0x0
D/dalvikvm( 5972): Added shared lib libjavacore.so 0x0
D/dalvikvm( 5972): Trying to load lib libnativehelper.so 0x0
D/dalvikvm( 5972): Added shared lib libnativehelper.so 0x0
I/mediaserver( 5974): ServiceManager: 0x2a008ce0
I/AudioFlinger( 5974): Using default 3000 mSec as standby time.
I/CameraService( 5974): CameraService started (pid=5974)
I/AudioPolicyManagerBase( 5974): loadAudioPolicyConfig() loaded /system/etc/audio_policy.conf
D/AudioHardwareMot( 5974): mixer fd = 9
D/AudioMgrIPC( 5974): Inside am_aipcm_init
D/AudioMgrIPC( 5974): am_aipcm_init: mux_txrx_fd = a
D/AudioMgrIPC( 5974): Read thread spawned
D/AudioPostProcessor( 5974): AudioPostProcessor()
D/AudioPostProcessor( 5974): Could not load beamformer parameters. Feature Disabled.
D/AudioPostProcessor( 5974): No debug parameters in /data; checking ro.product.locale.region
D/AudioPostProcessor( 5974): ro.product.locale.region value = US
D/AudioPostProcessor( 5974): /system/bin/ap_gain.bin file size is 50371
D/AudioPostProcessor( 5974): Read format version 0x608, content version 0x611 from /system/bin/ap_gain.bin
D/AudioPostProcessor( 5974): Successfully parsed parameters from /system/bin/ap_gain.bin
D/AudioMsgHandler( 5974): The new thread spawned successfully
D/AudioHardwareMot( 5974): This is not a Begonia; ignoring ro.audio_disable_primary_mic
I/AudioFlinger( 5974): loadHwModule() Loaded primary audio interface from LEGACY Audio HW HAL (audio) handle 1
D/AudioHardwareMot( 5974): AudioHardwareMot::openOutputStream enter
D/AudioHardwareMot( 5974): AudioStreamOutMot::set(0x2a009998, 2, 1, c 44100)
D/AudioHardwareMot( 5974): Output bufSize from kernel = 8192
I/AudioFlinger( 5974): HAL output buffer size 2048 frames, normal mix buffer size 2048 frames
D/AudioMsgHandler( 5974): server_fd = 12
D/AudioMgrIPC( 5974): am_aipcm_read_thread called
D/AudioMgrIPC( 5974): Setting Select ipc_fd
I/AudioMixer( 5974): found effect "Multichannel Downmix To Stereo" from The Android Open Source Project
D/AudioHardwareMot( 5974): Output bufSize from kernel = 8192
I/AudioFlinger( 5974): AudioFlinger's thread 0x2a00a798 ready to run
D/AudioHardwareMot( 5974): Output bufSize from kernel = 8192
W/AudioFlinger( 5974): Thread AudioOut_2 cannot connect to the power manager service
D/AudioHardwareMot( 5974): AudioStreamOutMot::standby called
D/AudioMgrIPC( 5974): am_aipcm_playback_mix_req() called with command = 2, mode = 1
D/AudioHardwareMot( 5974): Output bufSize from kernel = 8192
I/AudioFlinger( 5974): Using module 1 has the primary audio interface
D/AudioHardwareMot( 5974): setMode(NORMAL)
W/AudioFlinger( 5974): Thread AudioOut_2 cannot connect to the power manager service
D/AudioHardwareMot( 5974): AudioStreamOutMot::setParameters() routing=2
D/AudioHardwareMot( 5974): doRouting devs: stereo 0, mono 0, input 0. Chose speaker None (gain 0xb) mic None (gain 0x1c1c)
D/AudioHardwareMot( 5974): setVoiceVolume(0.000000) Setting in-call volume to 0 (available range is 0 to 7)
D/AudioMgrIPC( 5974): am_aipcm_set_volume_req() called with vol_level = 0, vol_type = 2
D/AudioMgrIPC( 5974): Message sent for message id 3
I/AudioFlinger( 5974): loadHwModule() Loaded a2dp audio interface from A2DP Audio HW HAL (audio) handle 3
D/AudioMgrIPC( 5974): ID 0x8000, Tag 0x8100: Ack received for message with id = 3
I/AudioPolicyService( 5974): Loaded audio policy from LEGACY Audio Policy HAL (audio_policy)
E/BandwidthController( 5973): runIptablesCmd(): failed /system/bin/iptables -N penalty_box res=256
E/BandwidthController( 5973): runIptablesCmd(): failed /system/bin/ip6tables -N penalty_box res=256
I/SamplingProfilerIntegration( 5972): Profiling disabled.
I/Zygote ( 5972): Preloading classes...
D/dalvikvm( 5972): GC_EXPLICIT freed 36K, 84% free 419K/2560K, paused 4ms+1ms, total 10ms
W/Zygote ( 5972): Class not found for preloading: android.animation.ValueAnimator$2
W/Zygote ( 5972): Class not found for preloading: android.animation.ValueAnimator$3
W/Zygote ( 5972): Class not found for preloading: android.animation.ValueAnimator$4
W/Zygote ( 5972): Class not found for preloading: android.animation.ValueAnimator$5
W/Zygote ( 5972): Class not found for preloading: android.content.res.Resources$1
W/Zygote ( 5972): Class not found for preloading: android.database.sqlite.SQLiteCompiledSql
W/Zygote ( 5972): Class not found for preloading: android.database.sqlite.SQLiteDatabase$DatabaseReentrantLock
D/TextLayoutCache( 5972): Using debug level = 0 - Debug Enabled = 0
E/Netd ( 5973): Unable to bind netlink socket: No such file or directory
E/Netd ( 5973): Unable to open quota2 logging socket
D/MDnsDS ( 5973): MDnsSdListener::Hander starting up
D/MDnsDS ( 5973): MDnsSdListener starting to monitor
D/MDnsDS ( 5973): Going to poll with pollCount 1
I/dalvikvm( 5972): threadid=1: recursive native library load attempt (/system/lib/libmedia_jni.so)
D/MtpDeviceJNI( 5972): register_android_mtp_MtpDevice
I/dalvikvm( 5972): threadid=1: recursive native library load attempt (/system/lib/libmedia_jni.so)
I/dalvikvm( 5972): threadid=1: recursive native library load attempt (/system/lib/libmedia_jni.so)
W/Zygote ( 5972): Class not found for preloading: android.media.IRemoteControlClientDispatcher
W/Zygote ( 5972): Class not found for preloading: android.media.IRemoteControlClientDispatcher$Stub
W/Zygote ( 5972): Class not found for preloading: android.os.Power
W/Zygote ( 5972): Class not found for preloading: android.text.TextDirectionHeuristics$CharCount
W/Zygote ( 5972): Class not found for preloading: android.text.method.WordIterator$1
W/Zygote ( 5972): Class not found for preloading: android.view.InputHandler
W/Zygote ( 5972): Class not found for preloading: android.view.InputQueue$FinishedCallback
W/Zygote ( 5972): Class not found for preloading: android.view.ViewRootImpl$3
I/dalvikvm( 5972): threadid=1: recursive native library load attempt (/system/lib/libwebcore.so)
D/dalvikvm( 5972): No JNI_OnLoad found in /system/lib/libchromium_net.so 0x0, skipping init
D/dalvikvm( 5972): GC_FOR_ALLOC freed 637K, 37% free 1625K/2560K, paused 23ms, total 24ms
W/Zygote ( 5972): Class not found for preloading: android.widget.EdgeGlow
W/Zygote ( 5972): Class not found for preloading: android.widget.TextView$Blink
W/Zygote ( 5972): Class not found for preloading: android.widget.TextView$EasyEditSpanController
W/Zygote ( 5972): Class not found for preloading: android.widget.TextView$InputContentType
W/Zygote ( 5972): Class not found for preloading: android.widget.TextView$InputMethodState
W/Zygote ( 5972): Class not found for preloading: android.widget.TextView$TextAlign
E/PhonePolicy( 5972): Could not preload class for phone policy: com.android.internal.policy.impl.PhoneWindow$ContextMenuCallback
W/Zygote ( 5972): Class not found for preloading: java.text.DecimalFormat$1
I/System ( 5972): Loaded time zone names for in 221ms (217ms in ICU)
I/System ( 5972): Loaded time zone names for en_US in 174ms (169ms in ICU)
I/System ( 5972): Loaded time zone names for de_DE in 180ms (176ms in ICU)
I/Zygote ( 5972): ...preloaded 2281 classes in 1791ms.
D/dalvikvm( 5972): GC_EXPLICIT freed 1055K, 33% free 2205K/3267K, paused 2ms+2ms, total 34ms
I/Zygote ( 5972): Preload resources disabled, skipped.
D/dalvikvm( 5972): GC_EXPLICIT freed 9K, 33% free 2196K/3267K, paused 2ms+2ms, total 26ms
D/dalvikvm( 5972): GC_EXPLICIT freed <1K, 33% free 2196K/3267K, paused 2ms+3ms, total 26ms
D/dalvikvm( 5972): GC_EXPLICIT freed <1K, 33% free 2196K/3267K, paused 2ms+2ms, total 24ms
I/dalvikvm( 5972): System server process 6105 has been created
I/Zygote ( 5972): Accepting command socket connections
I/sysproc ( 6105): Entered system_init()
I/sysproc ( 6105): ServiceManager: 0x2a107d58
D/SensorService( 6105): nuSensorService starting...
I/SensorService( 6105): KXTF9 3-axis Accelerometer
I/SensorService( 6105): AK8973 3-axis Orientation Sensor
I/SensorService( 6105): AK8973 3-axis Magnetic Field Sensor
I/SensorService( 6105): AK8973 Temperature Sensor
I/SensorService( 6105): ISL29030 Proximity Sensor
I/SensorService( 6105): ISL29030 Light Sensor
I/sysproc ( 6105): System server: starting Android runtime.
I/sysproc ( 6105): System server: starting Android services.
I/sysproc ( 6105): System server: entering thread pool.
D/SensorService( 6105): nuSensorService thread starting... --------- beginning of /dev/log/system
W/PackageParser( 6105): No actions in intent filter at /system/app/DeskClock.apk Binary XML file line #159
I/PackageManager( 6105): Package com.android.vending at /system/app/Phonesky.apk ignored: updated version 8016014 better than this 8015016
D/PackageManager( 6105): No files in app dir /vendor/app
I/installd( 1323): new connection
I/Installer( 6105): connecting...
W/PackageParser( 6105): Unknown element under : meta-data at /data/app/com.thomassafca.theme.motoblur.free-1.apk Binary XML file line #8
W/PackageParser( 6105): Unknown element under : uses-library at /data/app/jp.gr.java_conf.taketake.KyusokuHouden-1.apk Binary XML file line #7
D/dalvikvm( 6105): GC_CONCURRENT freed 2237K, 40% free 5108K/8455K, paused 5ms+27ms, total 148ms
W/PackageManager( 6105): Package com.shazam.android desires unavailable shared library com.lge.real3d; ignoring!
W/ResourceType( 6105): Failure getting entry for 0x7f0f0045 (t=14 e=69) in package 0 (error -75)
I/PackageManager( 6105): /data/app/com.android.vending-1.apk changed; collecting certs
D/dalvikvm( 6105): GC_FOR_ALLOC freed 990K, 41% free 5022K/8455K, paused 51ms, total 52ms
I/dalvikvm-heap( 6105): Grow heap (frag case) to 13.269MB for 129040-byte allocation
D/dalvikvm( 6105): GC_CONCURRENT freed 1116K, 37% free 6041K/9479K, paused 5ms+24ms, total 136ms
W/PackageManager( 6105): Application package com.android.vending already installed. Skipping duplicate.
D/dalvikvm( 6105): GC_CONCURRENT freed 1116K, 30% free 6654K/9479K, paused 4ms+17ms, total 75ms
D/dalvikvm( 6105): WAIT_FOR_CONCURRENT_GC blocked 53ms
D/dalvikvm( 6105): GC_EXPLICIT freed 1696K, 48% free 4958K/9479K, paused 3ms+3ms, total 73ms
D/PackageManager( 6105): generateServicesMap(android.accounts.AccountAuthenticator): 7 services unchanged
I/ActivityThread( 6105): Pub settings: com.android.providers.settings.SettingsProvider
D/SettingsProvider( 6105): cache for settings table 'secure' rows=77; fullycached=true
D/SettingsProvider( 6105): cache for settings table 'system' rows=161; fullycached=true
W/lights ( 6105): open_lights: unknown led id keyboard
W/lights ( 6105): open_lights: unknown led id bluetooth
W/lights ( 6105): open_lights: unknown led id wifi
I/PackageManager( 6105): Time to scan packages: 5.02 seconds
W/PackageManager( 6105): Unknown permission android.permission.ADD_SYSTEM_SERVICE in package com.android.phone
W/PackageManager( 6105): Unknown permission com.android.vending.billing.IBillingAccountService.BIND2 in package com.google.android.gsf.login
W/PackageManager( 6105): Unknown permission com.android.chrome.TOS_ACKED in package com.google.android.gsf.login
W/PackageManager( 6105): Not granting permission android.permission.SEND_DOWNLOAD_COMPLETED_INTENTS to package com.android.browser (protectionLevel=2 flags=0x9be45)
W/PackageManager( 6105): Not granting permission android.permission.READ_LOGS to package com.opera.browser (protectionLevel=50 flags=0x8be44)
W/PackageManager( 6105): Unknown permission com.opera.GET_BRANDING in package com.opera.browser
W/PackageManager( 6105): Unknown permission android.permission.INTERACT_ACROSS_USERS in package com.google.android.gms
W/PackageManager( 6105): Not granting permission com.google.android.c2dm.permission.RECEIVE to package com.google.android.apps.currents because it was previously installed without
W/PackageManager( 6105): Not granting permission com.google.android.providers.gsf.permission.READ_GSERVICES to package com.google.android.apps.currents because it was previously installed without
W/PackageManager( 6105): Unknown permission android.permission.READ_OWNER_DATA in package com.google.android.setupwizard
W/PackageManager( 6105): Unknown permission android.permission.WRITE_OWNER_DATA in package com.google.android.setupwizard
W/PackageManager( 6105): Not granting permission com.google.android.c2dm.permission.RECEIVE to package com.dropbox.android because it was previously installed without
W/PackageManager( 6105): Unknown permission com.facebook.orca.provider.ACCESS in package com.facebook.katana
W/PackageManager( 6105): Unknown permission com.sec.android.app.launcher.READ_SETTINGS in package com.facebook.katana
W/PackageManager( 6105): Unknown permission com.sec.android.app.twlauncher.READ_SETTINGS in package com.facebook.katana
W/PackageManager( 6105): Unknown permission com.htc.launcher.permission.READ_SETTINGS in package com.facebook.katana
W/PackageManager( 6105): Unknown permission com.google.android.voicesearch.SHORTCUTS_ACCESS in package com.google.android.googlequicksearchbox
W/PackageManager( 6105): Unknown permission com.google.android.apps.googlevoice.permission.AUTO_SEND in package com.google.android.googlequicksearchbox
W/PackageManager( 6105): Unknown permission com.google.android.gm.permission.AUTO_SEND in package com.google.android.googlequicksearchbox
W/PackageManager( 6105): Not granting permission android.permission.SET_PREFERRED_APPLICATIONS to package com.teslacoilsw.homesmack (protectionLevel=2 flags=0x8be44)
W/PackageManager( 6105): Unknown permission com.motorola.android.permission.FMRADIO in package com.motorola.android.fmradio
W/PackageManager( 6105): Not granting permission com.google.android.googleapps.permission.GOOGLE_AUTH to package com.google.android.apps.maps because it was previously installed without
W/PackageManager( 6105): Not granting permission com.google.android.googleapps.permission.GOOGLE_AUTH.local to package com.google.android.apps.maps because it was previously installed without
W/PackageManager( 6105): Unknown permission com.android.providers.im.permission.READ_ONLY in package com.google.android.apps.maps
W/PackageManager( 6105): Not granting permission com.google.android.providers.gsf.permission.READ_GSERVICES to package com.google.android.apps.maps because it was previously installed without
W/PackageManager( 6105): Not granting permission com.google.android.c2dm.permission.RECEIVE to package com.google.android.apps.maps because it was previously installed without
W/PackageManager( 6105): Not granting permission com.google.android.c2dm.permission.RECEIVE to package com.wunderkinder.wunderlistandroid because it was previously installed without
W/PackageManager( 6105): Not granting permission com.google.android.c2dm.permission.RECEIVE to package com.shazam.android because it was previously installed without
W/PackageManager( 6105): Unknown permission com.shazam.android.preloadinfo.provider.ACCESS_DATA in package com.shazam.android
W/PackageManager( 6105): Unknown permission com.google.android.gm.permission.READ_GMAIL in package com.google.android.talk
W/PackageManager( 6105): Not granting permission com.google.android.c2dm.permission.RECEIVE to package com.whatsapp because it was previously installed without
W/PackageManager( 6105): Unknown permission com.cyanogenmod.filemanager.permissions.READ_THEME in package com.cyanogenmod.filemanager
W/PackageManager( 6105): Unknown permission com.motorola.blur.contacts.permission.SOCIAL_CONTACT_READ in package com.motorola.android.motophoneportal.androidui
W/PackageManager( 6105): Unknown permission com.motorola.blur.contacts.permission.SOCIAL_CONTACT_WRITE in package com.motorola.android.motophoneportal.androidui
W/PackageManager( 6105): Unknown permission com.motorola.blur.setupprovider.Permissions.ACCESS_ACCOUNTS in package com.motorola.android.motophoneportal.androidui
W/PackageManager( 6105): Not granting permission android.permission.SEND_DOWNLOAD_COMPLETED_INTENTS to package com.android.vending (protectionLevel=2 flags=0xabec5)
W/PackageManager( 6105): Unknown permission android.permission.MANAGE_USERS in package com.android.vending
W/PackageManager( 6105): Unknown permission android.permission.INTERACT_ACROSS_USERS in package com.android.vending
W/PackageManager( 6105): Unknown permission android.permission.ACCESS_4G_RADIO_DISABLE in package com.android.systemui
W/PackageManager( 6105): Unknown permission android.permission.ACCESS_4G_STATE in package com.android.systemui
W/PackageManager( 6105): Unknown permission android.permission.CHANGE_4G_STATE in package com.android.systemui
W/PackageManager( 6105): Unknown permission android.permission.ACCESS_SUPERUSER in package com.estrongs.android.pop
W/PackageManager( 6105): Unknown permission .PERMISSION in package com.estrongs.android.pop
W/PackageManager( 6105): Not granting permission com.google.android.providers.gsf.permission.READ_GSERVICES to package com.google.android.youtube because it was previously installed without
W/PackageManager( 6105): Not granting permission com.google.android.googleapps.permission.GOOGLE_AUTH to package com.google.android.youtube because it was previously installed without
W/PackageManager( 6105): Not granting permission com.google.android.googleapps.permission.GOOGLE_AUTH.youtube to package com.google.android.youtube because it was previously installed without
W/PackageManager( 6105): Not granting permission com.google.android.googleapps.permission.GOOGLE_AUTH.YouTubeUser to package com.google.android.youtube because it was previously installed without
W/PackageManager( 6105): Unknown permission android.permission.ACCESS_SUPERUSER in package com.oasisfeng.greenify
W/PackageManager( 6105): Not granting permission android.permission.DEVICE_POWER to package com.android.deskclock (protectionLevel=2 flags=0x8be45)
W/PackageManager( 6105): Unknown permission android.permission.ACCESS_SUPERUSER in package com.bigeyes0x0.trickstermod
W/PackageManager( 6105): Unknown permission com.bigeyes0x0.trickstermod.CHECK_LICENSE in package com.bigeyes0x0.trickstermod
I/SystemServer( 6105): Account Manager
I/SystemServer( 6105): Content Manager
I/SystemServer( 6105): System Content Providers
I/SystemServer( 6105): Lights Service
I/SystemServer( 6105): Battery Service
I/SystemServer( 6105): Vibrator Service
I/libsuspend( 6105): Selected early suspend
D/AlarmManagerService( 6105): Kernel timezone updated to -120 minutes west of GMT
D/TIOMX_CORE( 5974): init count = 1
W/WVMExtractor( 5974): Failed to open libwvm.so
E/Trace ( 5974): error opening trace file: No such file or directory (2)
W/WVMExtractor( 5974): Failed to open libwvm.so
E/PowerManagerService( 6105): loading custom settings failed
E/PowerManagerService( 6105): java.lang.Exception: sanity check failed
E/PowerManagerService( 6105): at com.android.server.PowerManagerService.updateLightSettings(PowerManagerService.java:3348)
E/PowerManagerService( 6105): at com.android.server.PowerManagerService.access$1800(PowerManagerService.java:84)
E/PowerManagerService( 6105): at com.android.server.PowerManagerService$SettingsObserver.update(PowerManagerService.java:567)
E/PowerManagerService( 6105): at java.util.Observable.notifyObservers(Observable.java:138)
E/PowerManagerService( 6105): at java.util.Observable.notifyObservers(Observable.java:113)
E/PowerManagerService( 6105): at android.content.ContentQueryMap.requery(ContentQueryMap.java:145)
E/PowerManagerService( 6105): at android.content.ContentQueryMap.getValues(ContentQueryMap.java:125)
E/PowerManagerService( 6105): at com.android.server.PowerManagerService$SettingsObserver.getInt(PowerManagerService.java:541)
E/PowerManagerService( 6105): at com.android.server.PowerManagerService$SettingsObserver.update(PowerManagerService.java:555)
E/PowerManagerService( 6105): at com.android.server.PowerManagerService.initInThread(PowerManagerService.java:737)
E/PowerManagerService( 6105): at com.android.server.PowerManagerService$1.onLooperPrepared(PowerManagerService.java:642)
E/PowerManagerService( 6105): at android.os.HandlerThread.run(HandlerThread.java:59)
I/SystemServer( 6105): Alarm Manager
I/SystemServer( 6105): Init Watchdog
I/SystemServer( 6105): Window Manager
I/InputManager( 6105): Initializing input manager
W/StatusBarManager( 6105): warning: no STATUS_BAR_SERVICE
I/EventHub( 6105): New device: id=3, fd=112, path='/dev/input/event4', name='sholes-keypad', classes=0x81, configuration='/system/usr/idc/sholes-keypad.idc', keyLayout='/system/usr/keylayout/qtouch-touchscreen.kl', keyCharacterMap='/system/usr/keychars/qwerty.kcm', builtinKeyboard=true, usingSuspendBlockIoctl=false, usingClockIoctl=false
I/BluetoothProfileState( 6105): Message:Entering Stable State
E/filemap ( 6105): mmap(0,4096) failed: No such device
I/EventHub( 6105): New device: id=4, fd=113, path='/dev/input/event3', name='qtouch-touchscreen', classes=0x15, configuration='/system/usr/idc/qtouch-touchscreen.idc', keyLayout='/system/usr/keylayout/qtouch-touchscreen.kl', keyCharacterMap='/system/usr/keychars/qwerty.kcm', builtinKeyboard=false, usingSuspendBlockIoctl=false, usingClockIoctl=false
I/EventHub( 6105): New device: id=5, fd=117, path='/dev/input/event2', name='cpcap-key', classes=0x1, configuration='/system/usr/idc/cpcap-key.idc', keyLayout='/system/usr/keylayout/cpcap-key.kl', keyCharacterMap='/system/usr/keychars/cpcap-key.kcm', builtinKeyboard=false, usingSuspendBlockIoctl=false, usingClockIoctl=false
I/InputReader( 6105): Device added: id=-1, name='Virtual', sources=0x00000301
I/InputReader( 6105): Device added: id=5, name='cpcap-key', sources=0x00000101
I/InputReader( 6105): Touch device 'qtouch-touchscreen' could not query the properties of its associated display 0. The device will be inoperable until the display size becomes available.
I/InputReader( 6105): Device added: id=4, name='qtouch-touchscreen', sources=0x00001103
I/InputReader( 6105): Device added: id=0, name='sholes-keypad', sources=0x80000101
E/Trace ( 6105): error opening trace file: No such file or directory (2)
I/BluetoothProfileState( 6105): Message:Entering Stable State
I/BluetoothProfileState( 6105): Message:Entering Stable State
D/BluetoothA2dpService( 6105): has_special_extra_keys: com.amazon.mp3.metachanged
D/BluetoothA2dpService( 6105): key_name: com.amazon.mp3.metachanged_track
D/BluetoothA2dpService( 6105): com.amazon.mp3.metachanged_track: com.amazon.mp3.track
D/BluetoothA2dpService( 6105): key_name: com.amazon.mp3.metachanged_artist
D/BluetoothA2dpService( 6105): com.amazon.mp3.metachanged_artist: com.amazon.mp3.artist
D/BluetoothA2dpService( 6105): key_name: com.amazon.mp3.metachanged_album
D/BluetoothA2dpService( 6105): com.amazon.mp3.metachanged_album: com.amazon.mp3.album
D/BluetoothA2dpService( 6105): key_name: com.amazon.mp3.metachanged_id
D/BluetoothA2dpService( 6105): com.amazon.mp3.metachanged_id: com.amazon.mp3.id
D/BluetoothA2dpService( 6105): has_special_extra_keys: com.amazon.mp3.playstatechanged
D/BluetoothA2dpService( 6105): key_name: com.amazon.mp3.playstatechanged_track
D/BluetoothA2dpService( 6105): com.amazon.mp3.playstatechanged_track: com.amazon.mp3.track
D/BluetoothA2dpService( 6105): key_name: com.amazon.mp3.playstatechanged_artist
D/BluetoothA2dpService( 6105): com.amazon.mp3.playstatechanged_artist: com.amazon.mp3.artist
D/BluetoothA2dpService( 6105): key_name: com.amazon.mp3.playstatechanged_album
D/BluetoothA2dpService( 6105): com.amazon.mp3.playstatechanged_album: com.amazon.mp3.album
D/BluetoothA2dpService( 6105): key_name: com.amazon.mp3.playstatechanged_id
D/BluetoothA2dpService( 6105): com.amazon.mp3.playstatechanged_id: com.amazon.mp3.id
I/InputReader( 6105): Reconfiguring input devices. changes=0x00000004
I/InputReader( 6105): Device reconfigured: id=4, name='qtouch-touchscreen', surface size is now 480x854, mode is 1
I/PackageManager( 6105): Updating external media status from unmounted to mounted
E/CommandListener( 5973): Failed to open /proc/sys/net/ipv6/conf/wlan0/disable_ipv6: No such file or directory
E/WifiStateMachine( 6105): Failed to disable IPv6: java.lang.IllegalStateException: command '1 interface ipv6 wlan0 disable' failed with '400 1 Failed to change IPv6 state (No such file or directory)'
D/WifiWatchdogStateMachine( 6105): Disabling poor network avoidance for wi-fi only device
I/ ( 6105): registerAndroidFmRadioReceiver
I/ ( 6105): registerAndroidFmRadioTransmitter
I/FmReceiverService( 6105): FmReceiverService created
I/FmTransmitterService( 6105): FmTransmitterService created
W/CommandListener( 5973): Failed to retrieve HW addr for wlan0 (No such device)
D/CommandListener( 5973): Setting iface cfg
E/WifiStateMachine( 6105): Unable to change interface settings: java.lang.IllegalStateException: command '4 interface setcfg wlan0 0.0.0.0 0 down' failed with '400 4 Failed to set address (No such device)'
E/WifiHW ( 6105): unexpected - found -1 phys in /sys/class/ieee80211
F/libc ( 6105): @@@ ABORTING: INVALID HEAP ADDRESS IN dlfree addr=0x2a27e5c0
F/libc ( 6105): Fatal signal 11 (SIGSEGV) at 0xdeadbaad (code=1), thread 6161 (WifiStateMachin)
I/InputManager( 6105): Starting input manager
I/SystemServer( 6105): Bluetooth Service
I/SystemServer( 6105): Input Method Service
W/InputMethodManagerService( 6105): Couldn't create dir.: /data/system/inputmethod
I/SystemServer( 6105): Accessibility Manager
I/ActivityManager( 6105): Config changed: {1.0 0mcc0mnc de_DE sw320dp w320dp h544dp nrml long port ?uimode ?night finger -keyb/v/h -nav/h s.2 themeResource=null}
I/SystemServer( 6105): Mount Service
D/MountService( 6105): got storage path: /mnt/sdcard description: SD-Karte primary: true removable: true emulated: false mtpReserve: 0 allowMassStorage: true maxFileSize: 0
I/SystemServer( 6105): LockSettingsService
I/SystemServer( 6105): Device Policy
I/SystemServer( 6105): Status Bar
I/SystemServer( 6105): Clipboard Service
I/SystemServer( 6105): NetworkManagement Service
I/SystemServer( 6105): Text Service Manager Service
I/SystemServer( 6105): NetworkStats Service
I/SystemServer( 6105): NetworkPolicy Service
D/VoldCmdListener( 1313): volume list
I/MountService( 6105): Media already mounted on daemon connection
D/MountService( 6105): volume state changed for /mnt/sdcard (null -> mounted)
I/SystemServer( 6105): Wi-Fi P2pService
D/VoldCmdListener( 1313): asec list
I/SystemServer( 6105): Wi-Fi Service
D/VoldCmdListener( 1313): asec fspath com.quoord.tapatalkxda.activity-2
D/VoldCmdListener( 1313): asec path com.quoord.tapatalkxda.activity-2
D/VoldCmdListener( 1313): asec mount com.quoord.tapatalkxda.activity-2 {} 1000
E/Vold ( 1313): ASEC com.quoord.tapatalkxda.activity-2 already mounted
D/VoldCmdListener( 1313): asec path com.quoord.tapatalkxda.activity-2
D/VoldCmdListener( 1313): asec list
W/PackageParser( 6105): No actions in intent filter at /mnt/asec/com.quoord.tapatalkxda.activity-2/pkg.apk Binary XML file line #34
I/SystemServer( 6105): Connectivity Service
D/ConnectivityService( 6105): ConnectivityService starting up
W/PackageParser( 6105): No actions in intent filter at /mnt/asec/com.quoord.tapatalkxda.activity-2/pkg.apk Binary XML file line #80
W/PackageParser( 6105): No actions in intent filter at /mnt/asec/com.quoord.tapatalkxda.activity-2/pkg.apk Binary XML file line #98
W/PackageParser( 6105): No actions in intent filter at /mnt/asec/com.quoord.tapatalkxda.activity-2/pkg.apk Binary XML file line #116
W/PackageParser( 6105): No actions in intent filter at /mnt/asec/com.quoord.tapatalkxda.activity-2/pkg.apk Binary XML file line #129
W/PackageParser( 6105): No actions in intent filter at /mnt/asec/com.quoord.tapatalkxda.activity-2/pkg.apk Binary XML file line #142
W/PackageParser( 6105): No actions in intent filter at /mnt/asec/com.quoord.tapatalkxda.activity-2/pkg.apk Binary XML file line #154
W/PackageParser( 6105): No actions in intent filter at /mnt/asec/com.quoord.tapatalkxda.activity-2/pkg.apk Binary XML file line #181
W/PackageParser( 6105): No actions in intent filter at /mnt/asec/com.quoord.tapatalkxda.activity-2/pkg.apk Binary XML file line #191
W/PackageParser( 6105): No actions in intent filter at /mnt/asec/com.quoord.tapatalkxda.activity-2/pkg.apk Binary XML file line #201
E/MobileDataStateTracker( 6105): default: Ignoring feature request because could not acquire PhoneService
E/MobileDataStateTracker( 6105): default: Could not enable APN type "default"
W/PackageParser( 6105): No actions in intent filter at /mnt/asec/com.quoord.tapatalkxda.activity-2/pkg.apk Binary XML file line #218
W/PackageParser( 6105): No actions in intent filter at /mnt/asec/com.quoord.tapatalkxda.activity-2/pkg.apk Binary XML file line #228
W/PackageParser( 6105): No actions in intent filter at /mnt/asec/com.quoord.tapatalkxda.activity-2/pkg.apk Binary XML file line #238
W/PackageParser( 6105): No actions in intent filter at /mnt/asec/com.quoord.tapatalkxda.activity-2/pkg.apk Binary XML file line #248
W/PackageParser( 6105): No actions in intent filter at /mnt/asec/com.quoord.tapatalkxda.activity-2/pkg.apk Binary XML file line #258
W/PackageParser( 6105): No actions in intent filter at /mnt/asec/com.quoord.tapatalkxda.activity-2/pkg.apk Binary XML file line #268
W/PackageParser( 6105): No actions in intent filter at /mnt/asec/com.quoord.tapatalkxda.activity-2/pkg.apk Binary XML file line #278
W/PackageParser( 6105): No actions in intent filter at /mnt/asec/com.quoord.tapatalkxda.activity-2/pkg.apk Binary XML file line #288
W/PackageParser( 6105): No actions in intent filter at /mnt/asec/com.quoord.tapatalkxda.activity-2/pkg.apk Binary XML file line #298
W/PackageParser( 6105): No actions in intent filter at /mnt/asec/com.quoord.tapatalkxda.activity-2/pkg.apk Binary XML file line #315
W/PackageParser( 6105): No actions in intent filter at /mnt/asec/com.quoord.tapatalkxda.activity-2/pkg.apk Binary XML file line #328
W/PackageParser( 6105): No actions in intent filter at /mnt/asec/com.quoord.tapatalkxda.activity-2/pkg.apk Binary XML file line #336
W/PackageParser( 6105): No actions in intent filter at /mnt/asec/com.quoord.tapatalkxda.activity-2/pkg.apk Binary XML file line #344
W/PackageParser( 6105): No actions in intent filter at /mnt/asec/com.quoord.tapatalkxda.activity-2/pkg.apk Binary XML file line #353
W/PackageParser( 6105): No actions in intent filter at /mnt/asec/com.quoord.tapatalkxda.activity-2/pkg.apk Binary XML file line #387
W/PackageParser( 6105): No actions in intent filter at /mnt/asec/com.quoord.tapatalkxda.activity-2/pkg.apk Binary XML file line #401
I/PackageManager( 6105): Linking native library dir for /mnt/asec/com.quoord.tapatalkxda.activity-2/pkg.apk
I/WifiService( 6105): WifiService starting up with Wi-Fi enabled
D/WifiService( 6105): setWifiEnabled: true pid=6105, uid=1000
I/SystemServer( 6105): Network Service Discovery Service
D/NsdService( 6105): Network service discovery enabled true
I/SystemServer( 6105): Throttle Service
I/SystemServer( 6105): FM receiver Service
I/SystemServer( 6105): FM transmitter Service
I/SystemServer( 6105): UpdateLock Service
D/VoldCmdListener( 1313): asec fspath com.quoord.tapatalkxda.activity-2
D/VoldCmdListener( 1313): asec path com.quoord.tapatalkxda.activity-2
D/VoldCmdListener( 1313): asec fixperms com.quoord.tapatalkxda.activity-2 -1 null
W/PackageManager( 6105): Unknown permission android.permission.ADD_SYSTEM_SERVICE in package com.android.phone
W/PackageManager( 6105): Unknown permission com.android.vending.billing.IBillingAccountService.BIND2 in package com.google.android.gsf.login
W/PackageManager( 6105): Unknown permission com.android.chrome.TOS_ACKED in package com.google.android.gsf.login
W/PackageManager( 6105): Not granting permission android.permission.SEND_DOWNLOAD_COMPLETED_INTENTS to package com.android.browser (protectionLevel=2 flags=0x9be45)
W/PackageManager( 6105): Not granting permission android.permission.READ_LOGS to package com.opera.browser (protectionLevel=50 flags=0x8be44)
W/PackageManager( 6105): Unknown permission com.opera.GET_BRANDING in package com.opera.browser
W/PackageManager( 6105): Unknown permission android.permission.INTERACT_ACROSS_USERS in package com.google.android.gms
W/PackageManager( 6105): Not granting permission com.google.android.c2dm.permission.RECEIVE to package com.google.android.apps.currents because it was previously installed without
W/PackageManager( 6105): Not granting permission com.google.android.providers.gsf.permission.READ_GSERVICES to package com.google.android.apps.currents because it was previously installed without
W/PackageManager( 6105): Unknown permission android.permission.READ_OWNER_DATA in package com.google.android.setupwizard
W/PackageManager( 6105): Unknown permission android.permission.WRITE_OWNER_DATA in package com.google.android.setupwizard
W/PackageManager( 6105): Not granting permission com.google.android.c2dm.permission.RECEIVE to package com.dropbox.android because it was previously installed without
W/PackageManager( 6105): Unknown permission com.facebook.orca.provider.ACCESS in package com.facebook.katana
W/PackageManager( 6105): Unknown permission com.sec.android.app.launcher.READ_SETTINGS in package com.facebook.katana
W/PackageManager( 6105): Unknown permission com.sec.android.app.twlauncher.READ_SETTINGS in package com.facebook.katana
W/PackageManager( 6105): Unknown permission com.htc.launcher.permission.READ_SETTINGS in package com.facebook.katana
W/PackageManager( 6105): Unknown permission com.google.android.voicesearch.SHORTCUTS_ACCESS in package com.google.android.googlequicksearchbox
W/PackageManager( 6105): Unknown permission com.google.android.apps.googlevoice.permission.AUTO_SEND in package com.google.android.googlequicksearchbox
W/PackageManager( 6105): Unknown permission com.google.android.gm.permission.AUTO_SEND in package com.google.android.googlequicksearchbox
W/PackageManager( 6105): Not granting permission android.permission.SET_PREFERRED_APPLICATIONS to package com.teslacoilsw.homesmack (protectionLevel=2 flags=0x8be44)
W/PackageManager( 6105): Unknown permission com.motorola.android.permission.FMRADIO in package com.motorola.android.fmradio
W/PackageManager( 6105): Not granting permission com.google.android.googleapps.permission.GOOGLE_AUTH to package com.google.android.apps.maps because it was previously installed without
W/PackageManager( 6105): Not granting permission com.google.android.googleapps.permission.GOOGLE_AUTH.local to package com.google.android.apps.maps because it was previously installed without
W/PackageManager( 6105): Unknown permission com.android.providers.im.permission.READ_ONLY in package com.google.android.apps.maps
W/PackageManager( 6105): Not granting permission com.google.android.providers.gsf.permission.READ_GSERVICES to package com.google.android.apps.maps because it was previously installed without
W/PackageManager( 6105): Not granting permission com.google.android.c2dm.permission.RECEIVE to package com.google.android.apps.maps because it was previously installed without
W/PackageManager( 6105): Not granting permission com.google.android.c2dm.permission.RECEIVE to package com.wunderkinder.wunderlistandroid because it was previously installed without
W/PackageManager( 6105): Not granting permission com.google.android.c2dm.permission.RECEIVE to package com.shazam.android because it was previously installed without
W/PackageManager( 6105): Unknown permission com.shazam.android.preloadinfo.provider.ACCESS_DATA in package com.shazam.android
W/PackageManager( 6105): Unknown permission com.google.android.gm.permission.READ_GMAIL in package com.google.android.talk
W/PackageManager( 6105): Not granting permission com.google.android.c2dm.permission.RECEIVE to package com.whatsapp because it was previously installed without
W/PackageManager( 6105): Unknown permission com.cyanogenmod.filemanager.permissions.READ_THEME in package com.cyanogenmod.filemanager
W/PackageManager( 6105): Unknown permission com.motorola.blur.contacts.permission.SOCIAL_CONTACT_READ in package com.motorola.android.motophoneportal.androidui
W/PackageManager( 6105): Unknown permission com.motorola.blur.contacts.permission.SOCIAL_CONTACT_WRITE in package com.motorola.android.motophoneportal.androidui
W/PackageManager( 6105): Unknown permission com.motorola.blur.setupprovider.Permissions.ACCESS_ACCOUNTS in package com.motorola.android.motophoneportal.androidui
W/PackageManager( 6105): Not granting permission android.permission.SEND_DOWNLOAD_COMPLETED_INTENTS to package com.android.vending (protectionLevel=2 flags=0xabec5)
W/PackageManager( 6105): Unknown permission android.permission.MANAGE_USERS in package com.android.vending
W/PackageManager( 6105): Unknown permission android.permission.INTERACT_ACROSS_USERS in package com.android.vending
W/PackageManager( 6105): Unknown permission android.permission.ACCESS_4G_RADIO_DISABLE in package com.android.systemui
W/PackageManager( 6105): Unknown permission android.permission.ACCESS_4G_STATE in package com.android.systemui
W/PackageManager( 6105): Unknown permission android.permission.CHANGE_4G_STATE in package com.android.systemui
I/DEBUG ( 1316): *** *** *** *** *** *** *** *** *** *** *** *** *** *** *** ***
I/DEBUG ( 1316): Build fingerprint: 'MOTO/MB526_O2DE/umts_jordan:2.3.6/4.5.1-134_DFP-132/1317968148:user/release-keys'
I/DEBUG ( 1316): pid: 6105, tid: 6161, name: UNKNOWN >>> system_server <<<
I/DEBUG ( 1316): signal 11 (SIGSEGV), code 1 (SEGV_MAPERR), fault addr deadbaad
I/DEBUG ( 1316): r0 00000043 r1 50805958 r2 00000003 r3 deadbaad
I/DEBUG ( 1316): r4 40073b04 r5 2a27e5c0 r6 50805980 r7 4006405f
I/DEBUG ( 1316): r8 2a27e5c8 r9 50705ed0 sl 40073b04 fp 50805c94
I/DEBUG ( 1316): ip 00000000 sp 50805980 lr 4005206d pc 4003d894 cpsr 00000030
I/DEBUG ( 1316): d0 67756265643a6467 d1 6565692f73736165
I/DEBUG ( 1316): d2 0000000000000072 d3 0000000000000064
I/DEBUG ( 1316): d4 0000000000000000 d5 0000000000000000
I/DEBUG ( 1316): d6 0000000000000000 d7 009a3f8000000000
I/DEBUG ( 1316): d8 0000000000000000 d9 0000000000000000
I/DEBUG ( 1316): d10 0000000000000000 d11 0000000000000000
I/DEBUG ( 1316): d12 0000000000000000 d13 0000000000000000
I/DEBUG ( 1316): d14 0000000000000000 d15 0000000000000000
I/DEBUG ( 1316): d16 416347f010000000 d17 3fe0000000000000
I/DEBUG ( 1316): d18 0000000000000000 d19 0000000000000000
I/DEBUG ( 1316): d20 3fc554e7eb0eb47c d21 3e66376972bea4d0
I/DEBUG ( 1316): d22 3f4de16b9c24a98f d23 3fb0f4a31edab38b
I/DEBUG ( 1316): d24 3fede16b9c24a98f d25 3fe55559ee5e69f9
I/DEBUG ( 1316): d26 0000000000000000 d27 0000000000000000
I/DEBUG ( 1316): d28 0000000000000005 d29 0000000000000000
I/DEBUG ( 1316): d30 0000000000000000 d31 0000000000000000
I/DEBUG ( 1316): scr 60000010
I/DEBUG ( 1316):
I/DEBUG ( 1316): backtrace:
I/DEBUG ( 1316): #00 pc 00013894 /system/lib/libc.so
I/DEBUG ( 1316): #01 pc 00015c71 /system/lib/libc.so (dlfree+1628)
I/DEBUG ( 1316): #02 pc 00016e1f /system/lib/libc.so (free+10)
I/DEBUG ( 1316): #03 pc 00003433 /system/lib/libhardware_legacy.so (phy_lookup+78)
I/DEBUG ( 1316): #04 pc 000034dd /system/lib/libhardware_legacy.so
I/DEBUG ( 1316): #05 pc 000036fb /system/lib/libhardware_legacy.so (add_remove_p2p_interface+158)
I/DEBUG ( 1316): #06 pc 00003853 /system/lib/libhardware_legacy.so (wifi_start_supplicant+182)
I/DEBUG ( 1316): #07 pc 00060aa9 /system/lib/libandroid_runtime.so
I/DEBUG ( 1316): #08 pc 0001e0b0 /system/lib/libdvm.so (dvmPlatformInvoke+112)
I/DEBUG ( 1316): #09 pc 0004d0cf /system/lib/libdvm.so (dvmCallJNIMethod(unsigned int const*, JValue*, Method const*, Thread*)+390)
I/DEBUG ( 1316): #10 pc 000274e0 /system/lib/libdvm.so
I/DEBUG ( 1316): #11 pc 0002bdc4 /system/lib/libdvm.so (dvmInterpret(Thread*, Method const*, JValue*)+180)
I/DEBUG ( 1316): #12 pc 0005f831 /system/lib/libdvm.so (dvmCallMethodV(Thread*, Method const*, Object*, bool, JValue*, std::__va_list)+272)
I/DEBUG ( 1316): #13 pc 0005f85b /system/lib/libdvm.so (dvmCallMethod(Thread*, Method const*, Object*, JValue*, ...)+20)
I/DEBUG ( 1316): #14 pc 000543e7 /system/lib/libdvm.so
I/DEBUG ( 1316): #15 pc 00012cc4 /system/lib/libc.so (__thread_entry+48)
I/DEBUG ( 1316): #16 pc 0001242c /system/lib/libc.so (pthread_create+180)
I/DEBUG ( 1316):
I/DEBUG ( 1316): stack:
I/DEBUG ( 1316): 50805940 00000001
I/DEBUG ( 1316): 50805944 4006405f /system/lib/libc.so
I/DEBUG ( 1316): 50805948 2a27e5c8 [heap]
I/DEBUG ( 1316): 5080594c 400520d7 /system/lib/libc.so
I/DEBUG ( 1316): 50805950 00000027
I/DEBUG ( 1316): 50805954 00000007
I/DEBUG ( 1316): 50805958 50805954
I/DEBUG ( 1316): 5080595c 00000001
I/DEBUG ( 1316): 50805960 40064043 /system/lib/libc.so
I/DEBUG ( 1316): 50805964 00000005
I/DEBUG ( 1316): 50805968 5080598c
