I/DEBUG ( 1316): 2a4e71b8 00000000 3f800000 00000010 00000031 .......?....1...
I/DEBUG ( 1316): 2a4e71c8 40073554 40073554 00000330 00000000 T5.@T5.@0.......
I/DEBUG ( 1316): 2a4e71d8 303a3931 35303a34 00000000 00000011 19:04:05........
I/DEBUG ( 1316): 2a4e71e8 00000000 00700001 00000030 0000001a ......p.0.......
I/DEBUG ( 1316): 2a4e71f8 00000001 00000002 2a5603c0 00000000 ..........V*....
I/DEBUG ( 1316):
I/DEBUG ( 1316): memory near r9:
I/DEBUG ( 1316): 50705eb0 411e1e38 41038aa0 50705ee8 50705ee8 8..A...A.^pP.^pP
I/DEBUG ( 1316): 50705ec0 48f1bd9c 47634e40 00000000 00000000 ...H@NcG........
I/DEBUG ( 1316): 50705ed0 00000001 50705f28 49161938 478e4a50 ....(_pP8..IPJ.G
I/DEBUG ( 1316): 50705ee0 48f1bd9c 00000000 00000000 4104eb20 ...H........ ..A
I/DEBUG ( 1316): 50705ef0 50705f30 00000000 00000001 00000001 0_pP............
I/DEBUG ( 1316):
I/DEBUG ( 1316): memory near sl:
I/DEBUG ( 1316): 40073ae4 00000000 00000000 00000000 00000000 ................
I/DEBUG ( 1316): 40073af4 00000000 00000000 00000000 00000000 ................
I/DEBUG ( 1316): 40073b04 b4d247b3 00000000 00000000 00000000 .G..............
I/DEBUG ( 1316): 40073b14 00000000 00000000 00000000 00000000 ................
I/DEBUG ( 1316): 40073b24 00000000 00000000 00000000 00000000 ................
I/DEBUG ( 1316):
I/DEBUG ( 1316): memory near fp:
I/DEBUG ( 1316): 50805c74 40174aad 50705f28 4074a0b4 50705ed0 .J.@(_pP..t@.^pP
I/DEBUG ( 1316): 50805c84 00000001 40ae27d8 00000008 00000026 .....'.@....&...
I/DEBUG ( 1316): 50805c94 407790d3 50705ed0 492da460 40174aa5 ..w@.^pP`.-I.J.@
I/DEBUG ( 1316): 50805ca4 2a271600 29c00001 00000000 00000001 ..'*...)........
I/DEBUG ( 1316): 50805cb4 40073b04 00000001 2a2715f0 ffffbfff .;.@......'*....
I/DEBUG ( 1316):
I/DEBUG ( 1316): memory near sp:
I/DEBUG ( 1316): 50805960 40064043 00000005 5080598c 0000003d C@.@.....Y.P=...
I/DEBUG ( 1316): 50805970 40073b04 2a4e71d0 df0027ad 00000000 .;.@.qN*.'......
I/DEBUG ( 1316): 50805980 65346132 30643137 00000000 20404040 2a4e71d0....@@@
I/DEBUG ( 1316): 50805990 524f4241 474e4954 4e49203a 494c4156 ABORTING: INVALI
I/DEBUG ( 1316): 508059a0 45482044 41205041 45524444 49205353 D HEAP ADDRESS I
I/DEBUG ( 1316):
I/DEBUG ( 1316): code around pc:
I/DEBUG ( 1316): 4003d874 f00f4479 a803f8a7 f44f4669 f00f7280 yD......iFO..r..
I/DEBUG ( 1316): 4003d884 490df8a1 aa032007 f0144479 4b05fbf9 ...I. ..yD.....K
I/DEBUG ( 1316): 4003d894 9a43601d 428a6821 f003d001 b045fbaf .`C.!h.B......E.
I/DEBUG ( 1316): 4003d8a4 bf00bdf0 deadbaad 00030ca0 00026814 .............h..
I/DEBUG ( 1316): 4003d8b4 000267fd 000267c2 000267b3 4c19b538 .g...g...g..8..L
I/DEBUG ( 1316):
I/DEBUG ( 1316): code around lr:
I/DEBUG ( 1316): 4005204c 0001c7e2 00028a4c b5704b0a 240c447b ....L....Kp.{D.$
I/DEBUG ( 1316): 4005205c fb04460d 22033400 46296860 edc2f7e4 .F...4."`h)F....
I/DEBUG ( 1316): 4005206c 46061c43 f7ebd104 6800fbbf d0f22804 C..F.......h.(..
I/DEBUG ( 1316): 4005207c bd704630 0001c7a0 b088b570 4615460c 0Fp.....p....F.F
I/DEBUG ( 1316): 4005208c b9099001 447c4c12 46204912 f7e64479 .....L|D.I FyD..
I/DEBUG ( 1316):
I/DEBUG ( 1316): memory map around fault addr deadbaad:
I/DEBUG ( 1316): befe4000-beff8000 [stack]
I/DEBUG ( 1316): (no map for address)
I/DEBUG ( 1316): (no map above)
I/ServiceManager( 1312): service 'bluetooth' died
I/ServiceManager( 1312): service 'mount' died
I/ServiceManager( 1312): service 'battery' died
I/ServiceManager( 1312): service 'power' died
I/ServiceManager( 1312): service 'entropy' died
I/ServiceManager( 1312): service 'activity' died
I/ServiceManager( 1312): service 'package' died
I/ServiceManager( 1312): service 'cpuinfo' died
I/ServiceManager( 1312): service 'meminfo' died
I/ServiceManager( 1312): service 'batteryinfo' died
I/ServiceManager( 1312): service 'clipboard' died
I/ServiceManager( 1312): service 'content' died
I/ServiceManager( 1312): service 'dbinfo' died
I/ServiceManager( 1312): service 'usagestats' died
I/ServiceManager( 1312): service 'telephony.registry' died
I/ServiceManager( 1312): service 'scheduling_policy' died
I/ServiceManager( 1312): service 'sensorservice' died
I/ServiceManager( 1312): service 'account' died
I/ServiceManager( 1312): service 'gfxinfo' died
I/ServiceManager( 1312): service 'alarm' died
I/ServiceManager( 1312): service 'backup' died
I/ServiceManager( 1312): service 'lock_settings' died
I/ServiceManager( 1312): service 'device_policy' died
I/ServiceManager( 1312): service 'hardware' died
I/ServiceManager( 1312): service 'vibrator' died
I/ServiceManager( 1312): service 'window' died
I/ServiceManager( 1312): service 'input' died
I/ServiceManager( 1312): service 'statusbar' died
I/ServiceManager( 1312): service 'permission' died
I/ServiceManager( 1312): service 'bluetooth_a2dp' died
I/ServiceManager( 1312): service 'input_method' died
I/ServiceManager( 1312): service 'accessibility' died
I/ServiceManager( 1312): service 'network_management' died
I/ServiceManager( 1312): service 'netstats' died
I/ServiceManager( 1312): service 'textservices' died
I/ServiceManager( 1312): service 'netpolicy' died
I/ServiceManager( 1312): service 'wifip2p' died
I/ServiceManager( 1312): service 'wifi' died
I/ServiceManager( 1312): service 'servicediscovery' died
I/ServiceManager( 1312): service 'throttle' died
I/ServiceManager( 1312): service 'fm_receiver' died
I/ServiceManager( 1312): service 'fm_transmitter' died
I/ServiceManager( 1312): service 'updatelock' died
I/ServiceManager( 1312): service 'devicestoragemonitor' died
I/ServiceManager( 1312): service 'notification' died
I/ServiceManager( 1312): service 'location' died
I/ServiceManager( 1312): service 'profile' died
I/ServiceManager( 1312): service 'connectivity' died
I/ServiceManager( 1312): service 'appwidget' died
I/ServiceManager( 1312): service 'diskstats' died
I/ServiceManager( 1312): service 'samplingprofiler' died
I/ServiceManager( 1312): service 'commontime_management' died
I/ServiceManager( 1312): service 'LocationProxyService' died
I/ServiceManager( 1312): service 'assetredirection' died
I/ServiceManager( 1312): service 'country_detector' died
I/ServiceManager( 1312): service 'search' died
I/ServiceManager( 1312): service 'dropbox' died
I/ServiceManager( 1312): service 'wallpaper' died
I/ServiceManager( 1312): service 'audio' died
I/ServiceManager( 1312): service 'usb' died
I/ServiceManager( 1312): service 'serial' died
I/ServiceManager( 1312): service 'uimode' died
W/AudioFlinger( 6191): power manager service died !!!
W/Sensors ( 6607): sensorservice died [0x2a131298]
W/Sensors ( 6513): sensorservice died [0x2a0f3490]
E/BufferQueue( 1318): [StatusBar] queueBuffer: SurfaceTexture has been abandoned!
E/SurfaceTextureClient( 6417): queueBuffer: error queuing buffer to SurfaceTexture, -19
W/HardwareRenderer( 6417): EGL error: EGL_BAD_NATIVE_WINDOW
W/BufferQueue( 1318): [StatusBar] cancelBuffer: BufferQueue has been abandoned!
W/HardwareRenderer( 6417): Mountain View, we've had a problem here. Switching back to software rendering.
E/ActivityThread( 6607): Failed to find provider info for settings
W/dalvikvm( 6591): threadid=14: thread exiting with uncaught exception (group=0x40aa1300)
E/BufferQueue( 1318): [StatusBar] connect: BufferQueue has been abandoned!
D/libEGL ( 6786): loaded /system/lib/egl/libEGL_POWERVR_SGX530_125.so
D/libEGL ( 6786): loaded /system/lib/egl/libGLESv1_CM_POWERVR_SGX530_125.so
E/ViewRootImpl( 6417): Could not lock surface
E/ViewRootImpl( 6417): java.lang.IllegalArgumentException
E/ViewRootImpl( 6417): at android.view.Surface.lockCanvasNative(Native Method)
E/ViewRootImpl( 6417): at android.view.Surface.lockCanvas(Surface.java:88)
E/ViewRootImpl( 6417): at android.view.ViewRootImpl.drawSoftware(ViewRootImpl.java:2190)
E/ViewRootImpl( 6417): at android.view.ViewRootImpl.draw(ViewRootImpl.java:2153)
E/ViewRootImpl( 6417): at android.view.ViewRootImpl.performDraw(ViewRootImpl.java:2021)
E/ViewRootImpl( 6417): at android.view.ViewRootImpl.performTraversals(ViewRootImpl.java:1832)
E/ViewRootImpl( 6417): at android.view.ViewRootImpl.doTraversal(ViewRootImpl.java:1000)
E/ViewRootImpl( 6417): at android.view.ViewRootImpl$TraversalRunnable.run(ViewRootImpl.java:4214)
E/ViewRootImpl( 6417): at android.view.Choreographer$CallbackRecord.run(Choreographer.java:725)
E/ViewRootImpl( 6417): at android.view.Choreographer.doCallbacks(Choreographer.java:555)
E/ViewRootImpl( 6417): at android.view.Choreographer.doFrame(Choreographer.java:525)
E/ViewRootImpl( 6417): at android.view.Choreographer$FrameDisplayEventReceiver.run(Choreographer.java:711)
E/ViewRootImpl( 6417): at android.os.Handler.handleCallback(Handler.java:615)
E/ViewRootImpl( 6417): at android.os.Handler.dispatchMessage(Handler.java:92)
E/ViewRootImpl( 6417): at android.os.Looper.loop(Looper.java:137)
E/ViewRootImpl( 6417): at android.app.ActivityThread.main(ActivityThread.java:4966)
E/ViewRootImpl( 6417): at java.lang.reflect.Method.invokeNative(Native Method)
E/ViewRootImpl( 6417): at java.lang.reflect.Method.invoke(Method.java:511)
E/ViewRootImpl( 6417): at com.android.internal.os.ZygoteInit$MethodAndArgsCaller.run(ZygoteInit.java:791)
E/ViewRootImpl( 6417): at com.android.internal.os.ZygoteInit.main(ZygoteInit.java:558)
E/ViewRootImpl( 6417): at dalvik.system.NativeStart.main(Native Method)
D/libEGL ( 6786): loaded /system/lib/egl/libGLESv2_POWERVR_SGX530_125.so
D/AndroidRuntime( 6748): Shutting down VM
W/dalvikvm( 6748): threadid=1: thread exiting with uncaught exception (group=0x40aa1300)
E/AndroidRuntime( 6748): FATAL EXCEPTION: main
E/AndroidRuntime( 6748): java.lang.AssertionError: android.os.DeadObjectException
E/AndroidRuntime( 6748): at android.app.LoadedApk.initializeJavaContextClassLoader(LoadedApk.java:363)
E/AndroidRuntime( 6748): at android.app.LoadedApk.getClassLoader(LoadedApk.java:320)
E/AndroidRuntime( 6748): at android.app.LoadedApk.makeApplication(LoadedApk.java:493)
E/AndroidRuntime( 6748): at android.app.ActivityThread.handleBindApplication(ActivityThread.java:4344)
E/AndroidRuntime( 6748): at android.app.ActivityThread.access$1300(ActivityThread.java:144)
E/AndroidRuntime( 6748): at android.app.ActivityThread$H.handleMessage(ActivityThread.java:1270)
E/AndroidRuntime( 6748): at android.os.Handler.dispatchMessage(Handler.java:99)
E/AndroidRuntime( 6748): at android.os.Looper.loop(Looper.java:137)
E/AndroidRuntime( 6748): at android.app.ActivityThread.main(ActivityThread.java:4966)
E/AndroidRuntime( 6748): at java.lang.reflect.Method.invokeNative(Native Method)
E/AndroidRuntime( 6748): at java.lang.reflect.Method.invoke(Method.java:511)
E/AndroidRuntime( 6748): at com.android.internal.os.ZygoteInit$MethodAndArgsCaller.run(ZygoteInit.java:791)
E/AndroidRuntime( 6748): at com.android.internal.os.ZygoteInit.main(ZygoteInit.java:558)
E/AndroidRuntime( 6748): at dalvik.system.NativeStart.main(Native Method)
E/AndroidRuntime( 6748): Caused by: android.os.DeadObjectException
E/AndroidRuntime( 6748): at android.os.BinderProxy.transact(Native Method)
E/AndroidRuntime( 6748): at android.content.pm.IPackageManager$Stub$Proxy.getPackageInfo(IPackageManager.java:1351)
E/AndroidRuntime( 6748): at android.app.LoadedApk.initializeJavaContextClassLoader(LoadedApk.java:361)
E/AndroidRuntime( 6748): ... 13 more
I/Process ( 6748): Sending signal. PID: 6748 SIG: 9
E/AndroidRuntime( 6748): Error reporting crash
E/AndroidRuntime( 6748): android.os.DeadObjectException
E/AndroidRuntime( 6748): at android.os.BinderProxy.transact(Native Method)
E/AndroidRuntime( 6748): at android.app.ActivityManagerProxy.handleApplicationCrash(ActivityManagerNative.java:3118)
E/AndroidRuntime( 6748): at com.android.internal.os.RuntimeInit$UncaughtHandler.uncaughtException(RuntimeInit.java:76)
E/AndroidRuntime( 6748): at java.lang.ThreadGroup.uncaughtException(ThreadGroup.java:693)
E/AndroidRuntime( 6748): at java.lang.ThreadGroup.uncaughtException(ThreadGroup.java:690)
E/AndroidRuntime( 6748): at dalvik.system.NativeStart.main(Native Method)
E/Trace ( 6786): error opening trace file: No such file or directory (2)
W/dalvikvm( 6538): threadid=11: thread exiting with uncaught exception (group=0x40aa1300)
W/dalvikvm( 6607): threadid=24: thread exiting with uncaught exception (group=0x40aa1300)
E/installd( 1323): eof
E/installd( 1323): failed to read size
I/installd( 1323): closing connection
E/AndroidRuntime( 6607): FATAL EXCEPTION: NetworkLocationCallbackRunner
E/AndroidRuntime( 6607): java.lang.NullPointerException
E/AndroidRuntime( 6607): at android.provider.Settings$NameValueCache.getString(Settings.java:738)
E/AndroidRuntime( 6607): at android.provider.Settings$System.getString(Settings.java:850)
E/AndroidRuntime( 6607): at android.provider.Settings$System.getInt(Settings.java:899)
E/AndroidRuntime( 6607): at com.google.android.location.os.real.CallbackRunner.isAirplaneModeEnabled(CallbackRunner.java:651)
E/AndroidRuntime( 6607): at com.google.android.location.os.real.CallbackRunner.access$900(CallbackRunner.java:54)
E/AndroidRuntime( 6607): at com.google.android.location.os.real.CallbackRunner$MyRunnable.run(CallbackRunner.java:459)
E/AndroidRuntime( 6607): at java.lang.Thread.run(Thread.java:856)
I/Process ( 6607): Sending signal. PID: 6607 SIG: 9
E/AndroidRuntime( 6607): Error reporting crash
E/AndroidRuntime( 6607): android.os.DeadObjectException
E/AndroidRuntime( 6607): at android.os.BinderProxy.transact(Native Method)
E/AndroidRuntime( 6607): at android.app.ActivityManagerProxy.handleApplicationCrash(ActivityManagerNative.java:3118)
E/AndroidRuntime( 6607): at com.android.internal.os.RuntimeInit$UncaughtHandler.uncaughtException(RuntimeInit.java:76)
E/AndroidRuntime( 6607): at java.lang.ThreadGroup.uncaughtException(ThreadGroup.java:693)
E/AndroidRuntime( 6607): at java.lang.ThreadGroup.uncaughtException(ThreadGroup.java:690)
E/AndroidRuntime( 6591): FATAL EXCEPTION: ContactsProviderWorker
E/AndroidRuntime( 6591): java.lang.RuntimeException: android.os.DeadObjectException
E/AndroidRuntime( 6591): at android.accounts.AccountManager.getAccounts(AccountManager.java:378)
E/AndroidRuntime( 6591): at com.android.providers.contacts.ContactsProvider2.performBackgroundTask(ContactsProvider2.java:1548)
E/AndroidRuntime( 6591): at com.android.providers.contacts.ContactsProvider2$1.handleMessage(ContactsProvider2.java:1411)
E/AndroidRuntime( 6591): at android.os.Handler.dispatchMessage(Handler.java:99)
E/AndroidRuntime( 6591): at android.os.Looper.loop(Looper.java:137)
E/AndroidRuntime( 6591): at android.os.HandlerThread.run(HandlerThread.java:60)
E/AndroidRuntime( 6591): Caused by: android.os.DeadObjectException
E/AndroidRuntime( 6591): at android.os.BinderProxy.transact(Native Method)
E/AndroidRuntime( 6591): at android.accounts.IAccountManager$Stub$Proxy.getAccounts(IAccountManager.java:507)
E/AndroidRuntime( 6591): at android.accounts.AccountManager.getAccounts(AccountManager.java:375)
E/AndroidRuntime( 6591): ... 5 more
E/AndroidRuntime( 6538): FATAL EXCEPTION: launcher-loader
E/AndroidRuntime( 6538): java.lang.RuntimeException: Package manager has died
E/AndroidRuntime( 6538): at android.app.ApplicationPackageManager.getApplicationInfo(ApplicationPackageManager.java:207)
E/AndroidRuntime( 6538): at com.cyanogenmod.trebuchet.ApplicationInfo.(ApplicationInfo.java:80)
E/AndroidRuntime( 6538): at com.cyanogenmod.trebuchet.LauncherModel$LoaderTask.loadAllAppsByBatch(LauncherModel.java:1777)
E/AndroidRuntime( 6538): at com.cyanogenmod.trebuchet.LauncherModel$LoaderTask.loadAndBindAllApps(LauncherModel.java:1669)
E/AndroidRuntime( 6538): at com.cyanogenmod.trebuchet.LauncherModel$LoaderTask.run(LauncherModel.java:980)
E/AndroidRuntime( 6538): at android.os.Handler.handleCallback(Handler.java:615)
E/AndroidRuntime( 6538): at android.os.Handler.dispatchMessage(Handler.java:92)
E/AndroidRuntime( 6538): at android.os.Looper.loop(Looper.java:137)
E/AndroidRuntime( 6538): at android.os.HandlerThread.run(HandlerThread.java:60)
E/AndroidRuntime( 6538): Caused by: android.os.DeadObjectException
E/AndroidRuntime( 6538): at android.os.BinderProxy.transact(Native Method)
E/AndroidRuntime( 6538): at android.content.pm.IPackageManager$Stub$Proxy.getApplicationInfo(IPackageManager.java:1534)
E/AndroidRuntime( 6538): at android.app.ApplicationPackageManager.getApplicationInfo(ApplicationPackageManager.java:202)
E/AndroidRuntime( 6538): ... 8 more
I/Process ( 6591): Sending signal. PID: 6591 SIG: 9
E/AndroidRuntime( 6591): Error reporting crash
E/AndroidRuntime( 6591): android.os.DeadObjectException
E/AndroidRuntime( 6591): at android.os.BinderProxy.transact(Native Method)
E/AndroidRuntime( 6591): at android.app.ActivityManagerProxy.handleApplicationCrash(ActivityManagerNative.java:3118)
E/AndroidRuntime( 6591): at com.android.internal.os.RuntimeInit$UncaughtHandler.uncaughtException(RuntimeInit.java:76)
E/AndroidRuntime( 6591): at java.lang.ThreadGroup.uncaughtException(ThreadGroup.java:693)
E/AndroidRuntime( 6591): at java.lang.ThreadGroup.uncaughtException(ThreadGroup.java:690)
I/Process ( 6538): Sending signal. PID: 6538 SIG: 9
E/AndroidRuntime( 6538): Error reporting crash
E/AndroidRuntime( 6538): android.os.DeadObjectException
E/AndroidRuntime( 6538): at android.os.BinderProxy.transact(Native Method)
E/AndroidRuntime( 6538): at android.app.ActivityManagerProxy.handleApplicationCrash(ActivityManagerNative.java:3118)
E/AndroidRuntime( 6538): at com.android.internal.os.RuntimeInit$UncaughtHandler.uncaughtException(RuntimeInit.java:76)
E/AndroidRuntime( 6538): at java.lang.ThreadGroup.uncaughtException(ThreadGroup.java:693)
E/AndroidRuntime( 6538): at java.lang.ThreadGroup.uncaughtException(ThreadGroup.java:690)
E/InputEventReceiver( 6417): channel '410631b8 StatusBar (client)' ~ Publisher closed input channel or an error occurred. events=0x9
E/InputEventReceiver( 6417): channel '40ee8b10 com.android.systemui.ImageWallpaper (client)' ~ Publisher closed input channel or an error occurred. events=0x9
E/InputEventReceiver( 6417): channel '410afbb8 RecentsPanel (client)' ~ Publisher closed input channel or an error occurred. events=0x9
D/Zygote ( 6189): Process 6320 terminated by signal (11)
I/Zygote ( 6189): Exit zygote because system server (6320) has terminated
I/Netd ( 6790): Netd 1.0 starting
I/ServiceManager( 1312): service 'iphonesubinfo' died
I/ServiceManager( 1312): service 'phone' died
I/ServiceManager( 1312): service 'simphonebook' died
I/ServiceManager( 1312): service 'isms' died
I/ServiceManager( 1312): service 'sip' died
I/ServiceManager( 1312): service 'media.audio_flinger' died
I/ServiceManager( 1312): service 'media.player' died
I/ServiceManager( 1312): service 'media.camera' died
I/ServiceManager( 1312): service 'media.audio_policy' died
D/AndroidRuntime( 6789):
D/AndroidRuntime( 6789): >>>>>> AndroidRuntime START com.android.internal.os.ZygoteInit <<<<<<
D/AndroidRuntime( 6789): CheckJNI is OFF
D/dalvikvm( 6789): Trying to load lib libjavacore.so 0x0
D/dalvikvm( 6789): Added shared lib libjavacore.so 0x0
D/dalvikvm( 6789): Trying to load lib libnativehelper.so 0x0
D/dalvikvm( 6789): Added shared lib libnativehelper.so 0x0
I/mediaserver( 6814): ServiceManager: 0x2a008ce0
E/BandwidthController( 6790): runIptablesCmd(): failed /system/bin/iptables -N penalty_box res=256
I/AudioFlinger( 6814): Using default 3000 mSec as standby time.
I/CameraService( 6814): CameraService started (pid=6814)
E/BandwidthController( 6790): runIptablesCmd(): failed /system/bin/ip6tables -N penalty_box res=256
I/AudioPolicyManagerBase( 6814): loadAudioPolicyConfig() loaded /system/etc/audio_policy.conf
D/AudioHardwareMot( 6814): mixer fd = 9
D/AudioMgrIPC( 6814): Inside am_aipcm_init
D/AudioMgrIPC( 6814): am_aipcm_init: mux_txrx_fd = a
D/AudioMgrIPC( 6814): Read thread spawned
D/AudioPostProcessor( 6814): AudioPostProcessor()
D/AudioPostProcessor( 6814): Could not load beamformer parameters. Feature Disabled.
D/AudioPostProcessor( 6814): No debug parameters in /data; checking ro.product.locale.region
D/AudioPostProcessor( 6814): ro.product.locale.region value = US
D/AudioPostProcessor( 6814): /system/bin/ap_gain.bin file size is 50371
D/AudioPostProcessor( 6814): Read format version 0x608, content version 0x611 from /system/bin/ap_gain.bin
D/AudioPostProcessor( 6814): Successfully parsed parameters from /system/bin/ap_gain.bin
D/AudioMsgHandler( 6814): The new thread spawned successfully
D/AudioHardwareMot( 6814): This is not a Begonia; ignoring ro.audio_disable_primary_mic
I/AudioFlinger( 6814): loadHwModule() Loaded primary audio interface from LEGACY Audio HW HAL (audio) handle 1
D/AudioHardwareMot( 6814): AudioHardwareMot::openOutputStream enter
D/AudioHardwareMot( 6814): AudioStreamOutMot::set(0x2a009998, 2, 1, c 44100)
D/AudioHardwareMot( 6814): Output bufSize from kernel = 8192
I/AudioFlinger( 6814): HAL output buffer size 2048 frames, normal mix buffer size 2048 frames
I/AudioMixer( 6814): found effect "Multichannel Downmix To Stereo" from The Android Open Source Project
D/AudioMsgHandler( 6814): server_fd = 12
D/AudioMgrIPC( 6814): am_aipcm_read_thread called
D/AudioMgrIPC( 6814): Setting Select ipc_fd
D/AudioHardwareMot( 6814): Output bufSize from kernel = 8192
I/AudioFlinger( 6814): AudioFlinger's thread 0x2a00a798 ready to run
D/AudioHardwareMot( 6814): Output bufSize from kernel = 8192
W/AudioFlinger( 6814): Thread AudioOut_2 cannot connect to the power manager service
D/AudioHardwareMot( 6814): AudioStreamOutMot::standby called
D/AudioMgrIPC( 6814): am_aipcm_playback_mix_req() called with command = 2, mode = 1
D/AudioHardwareMot( 6814): Output bufSize from kernel = 8192
I/AudioFlinger( 6814): Using module 1 has the primary audio interface
D/AudioHardwareMot( 6814): setMode(NORMAL)
W/AudioFlinger( 6814): Thread AudioOut_2 cannot connect to the power manager service
D/AudioHardwareMot( 6814): AudioStreamOutMot::setParameters() routing=2
D/AudioHardwareMot( 6814): doRouting devs: stereo 0, mono 0, input 0. Chose speaker None (gain 0xb) mic None (gain 0x1c1c)
D/AudioHardwareMot( 6814): setVoiceVolume(0.000000) Setting in-call volume to 0 (available range is 0 to 7)
D/AudioMgrIPC( 6814): am_aipcm_set_volume_req() called with vol_level = 0, vol_type = 2
D/AudioMgrIPC( 6814): Message sent for message id 3
D/AudioMgrIPC( 6814): ID 0x8000, Tag 0x8100: Ack received for message with id = 3
I/AudioFlinger( 6814): loadHwModule() Loaded a2dp audio interface from A2DP Audio HW HAL (audio) handle 3
I/AudioPolicyService( 6814): Loaded audio policy from LEGACY Audio Policy HAL (audio_policy)
I/SamplingProfilerIntegration( 6789): Profiling disabled.
I/Zygote ( 6789): Preloading classes...
D/dalvikvm( 6789): GC_EXPLICIT freed 36K, 84% free 419K/2560K, paused 1ms+0ms, total 14ms
W/Zygote ( 6789): Class not found for preloading: android.animation.ValueAnimator$2
W/Zygote ( 6789): Class not found for preloading: android.animation.ValueAnimator$3
W/Zygote ( 6789): Class not found for preloading: android.animation.ValueAnimator$4
W/Zygote ( 6789): Class not found for preloading: android.animation.ValueAnimator$5
E/Netd ( 6790): Unable to bind netlink socket: No such file or directory
E/Netd ( 6790): Unable to open quota2 logging socket
D/MDnsDS ( 6790): MDnsSdListener::Hander starting up
D/MDnsDS ( 6790): MDnsSdListener starting to monitor
D/MDnsDS ( 6790): Going to poll with pollCount 1
W/Zygote ( 6789): Class not found for preloading: android.content.res.Resources$1
W/Zygote ( 6789): Class not found for preloading: android.database.sqlite.SQLiteCompiledSql
W/Zygote ( 6789): Class not found for preloading: android.database.sqlite.SQLiteDatabase$DatabaseReentrantLock
D/TextLayoutCache( 6789): Using debug level = 0 - Debug Enabled = 0
I/dalvikvm( 6789): threadid=1: recursive native library load attempt (/system/lib/libmedia_jni.so)
D/MtpDeviceJNI( 6789): register_android_mtp_MtpDevice
I/dalvikvm( 6789): threadid=1: recursive native library load attempt (/system/lib/libmedia_jni.so)
I/dalvikvm( 6789): threadid=1: recursive native library load attempt (/system/lib/libmedia_jni.so)
W/Zygote ( 6789): Class not found for preloading: android.media.IRemoteControlClientDispatcher
W/Zygote ( 6789): Class not found for preloading: android.media.IRemoteControlClientDispatcher$Stub
W/Zygote ( 6789): Class not found for preloading: android.os.Power
W/Zygote ( 6789): Class not found for preloading: android.text.TextDirectionHeuristics$CharCount
W/Zygote ( 6789): Class not found for preloading: android.text.method.WordIterator$1
W/Zygote ( 6789): Class not found for preloading: android.view.InputHandler
W/Zygote ( 6789): Class not found for preloading: android.view.InputQueue$FinishedCallback
W/Zygote ( 6789): Class not found for preloading: android.view.ViewRootImpl$3
I/dalvikvm( 6789): threadid=1: recursive native library load attempt (/system/lib/libwebcore.so)
D/dalvikvm( 6789): No JNI_OnLoad found in /system/lib/libchromium_net.so 0x0, skipping init
D/dalvikvm( 6789): GC_FOR_ALLOC freed 637K, 37% free 1625K/2560K, paused 35ms, total 44ms
W/Zygote ( 6789): Class not found for preloading: android.widget.EdgeGlow
W/Zygote ( 6789): Class not found for preloading: android.widget.TextView$Blink
W/Zygote ( 6789): Class not found for preloading: android.widget.TextView$EasyEditSpanController
W/Zygote ( 6789): Class not found for preloading: android.widget.TextView$InputContentType
W/Zygote ( 6789): Class not found for preloading: android.widget.TextView$InputMethodState
W/Zygote ( 6789): Class not found for preloading: android.widget.TextView$TextAlign
E/PhonePolicy( 6789): Could not preload class for phone policy: com.android.internal.policy.impl.PhoneWindow$ContextMenuCallback